{"id":10082,"date":"2023-10-02T11:47:18","date_gmt":"2023-10-02T08:47:18","guid":{"rendered":"https:\/\/muraste.ee\/vana\/?page_id=10082"},"modified":"2023-10-02T11:47:23","modified_gmt":"2023-10-02T08:47:23","slug":"nadal-40-3","status":"publish","type":"page","link":"https:\/\/muraste.ee\/vana\/?page_id=10082","title":{"rendered":"N\u00e4dal 40"},"content":{"rendered":"\n<p><img decoding=\"async\" loading=\"lazy\" width=\"624\" height=\"416\" src=\"https:\/\/muraste.ee\/vana\/wp-content\/uploads\/2023\/10\/colorful-2609978_1280-624x416.jpg\" alt=\"\" srcset=\"https:\/\/muraste.ee\/vana\/wp-content\/uploads\/2023\/10\/colorful-2609978_1280-624x416.jpg 624w, https:\/\/muraste.ee\/vana\/wp-content\/uploads\/2023\/10\/colorful-2609978_1280-300x200.jpg 300w, https:\/\/muraste.ee\/vana\/wp-content\/uploads\/2023\/10\/colorful-2609978_1280-1024x682.jpg 1024w, https:\/\/muraste.ee\/vana\/wp-content\/uploads\/2023\/10\/colorful-2609978_1280-768x512.jpg 768w, https:\/\/muraste.ee\/vana\/wp-content\/uploads\/2023\/10\/colorful-2609978_1280.jpg 1280w\"><\/p>\n\n\n\n<h1 class=\"wp-block-heading\">N\u00e4dal 40<\/h1>\n\n\n\n<p>Tere, armas Muraste! Oktoober on langevate lehtede kuu ja \u00f5htud j\u00e4\u00e4vad aina l\u00fchemaks. Pimedatel s\u00fcgis\u00f5htutel on Muraste k\u00fclaseltsis pakkuda tore huumori etendus. Valmista oma k\u00f5hulihased ette, sest naer on garanteeritud! Liitu meiega huumorik\u00fcllasel \u00f5htul, kus iga naerupahvak toob p\u00e4eva l\u00f5ppu rohkem s\u00e4ra. Tee koos meiega nalja!<\/p>\n\n\n\n<p><strong>Osta piletid eelm\u00fc\u00fcgist: 15.00 eur Kohapeal 20.00 eur.<\/strong><\/p>\n\n\n\n<figure class=\"wp-block-embed\"><div class=\"wp-block-embed__wrapper\">\nhttps:\/\/pilet.pro\/toode\/huumoriohta\/?fbclid=IwAR1MoWfvr9HlJudYbybg6vtYi3QhruKoVYVOaxAPiFW0bSljAvR0BvnYCkM\n<\/div><\/figure>\n\n\n\n<figure class=\"wp-block-image\"><a href=\"https:\/\/muraste.ee\/vana\/wp-content\/uploads\/2023\/09\/Huumur.jpg\"><img decoding=\"async\" loading=\"lazy\" width=\"724\" height=\"1024\" src=\"https:\/\/muraste.ee\/vana\/wp-content\/uploads\/2023\/09\/Huumur-724x1024.jpg\" alt=\"\" class=\"wp-image-10000\" srcset=\"https:\/\/muraste.ee\/vana\/wp-content\/uploads\/2023\/09\/Huumur-724x1024.jpg 724w, https:\/\/muraste.ee\/vana\/wp-content\/uploads\/2023\/09\/Huumur-212x300.jpg 212w, https:\/\/muraste.ee\/vana\/wp-content\/uploads\/2023\/09\/Huumur-768x1086.jpg 768w, https:\/\/muraste.ee\/vana\/wp-content\/uploads\/2023\/09\/Huumur-1086x1536.jpg 1086w, https:\/\/muraste.ee\/vana\/wp-content\/uploads\/2023\/09\/Huumur-1448x2048.jpg 1448w, https:\/\/muraste.ee\/vana\/wp-content\/uploads\/2023\/09\/Huumur-624x883.jpg 624w, https:\/\/muraste.ee\/vana\/wp-content\/uploads\/2023\/09\/Huumur.jpg 1587w\" sizes=\"(max-width: 724px) 100vw, 724px\" \/><\/a><\/figure>\n\n\n\n<p><strong>HUUMURI\u00d5HTA \u2013 ans. \u201cMinu isa oli ausus ise\u201d ja Rohke Debelakk<\/strong><\/p>\n\n\n\n<p>Huumor on parim ravim s\u00fcgiskaamose vastu.<br>Porikuu Huumuri\u00f5htal astuvad \u00fcles Eesti tuntud naljamahed Gaute Kivistik ja Margo Mitt.<br>Porikuu libauudiseid loeb Rohke Debelakk ja muusikalisi vahapalasid esitab vokaalansambel \u201cMinu isa oli ausus ise\u201d. Humoorikaid v\u00e4itlusi esitavad Eesti naljamehed Gaute Kivistik ja Margo Mitt<br><strong>Avaud on puhvet.<br>Pilet eelm\u00fc\u00fcgist 15.00 eu<\/strong>r :&nbsp;<a rel=\"noreferrer noopener\" href=\"https:\/\/pilet.pro\/toode\/huumoriohta\/?fbclid=IwAR10vS1jNIsMr9QWhOAjRkHfR4W7rC58CWBU_4x8geY0NHjGE-gFj8oz4ns\" target=\"_blank\">https:\/\/pilet.pro\/toode\/huumoriohta\/<\/a><br><strong>Kohapeal 20.00 eur sularahas.<\/strong><br>Vaata kogu Porikuu festivali kava:&nbsp;<a rel=\"noreferrer noopener\" href=\"https:\/\/www.porikuu.ee\/?fbclid=IwAR3r9gDzQlVhg0nQJukdq58RnE9rKCKhvTmPQD6iv8kUqn8RMrB_SGoJIsM\" target=\"_blank\">https:\/\/www.porikuu.ee\/<\/a><\/p>\n\n\n\n<p><strong>\u00d5PITOAD OKTOOBRIS<\/strong><\/p>\n\n\n\n<figure class=\"wp-block-image\"><a href=\"https:\/\/muraste.ee\/vana\/wp-content\/uploads\/2023\/09\/Suured-paberlilled.jpg\"><img decoding=\"async\" loading=\"lazy\" width=\"1024\" height=\"724\" src=\"https:\/\/muraste.ee\/vana\/wp-content\/uploads\/2023\/09\/Suured-paberlilled-1024x724.jpg\" alt=\"\" class=\"wp-image-10033\" srcset=\"https:\/\/muraste.ee\/vana\/wp-content\/uploads\/2023\/09\/Suured-paberlilled-1024x724.jpg 1024w, https:\/\/muraste.ee\/vana\/wp-content\/uploads\/2023\/09\/Suured-paberlilled-300x212.jpg 300w, https:\/\/muraste.ee\/vana\/wp-content\/uploads\/2023\/09\/Suured-paberlilled-768x543.jpg 768w, https:\/\/muraste.ee\/vana\/wp-content\/uploads\/2023\/09\/Suured-paberlilled-1536x1086.jpg 1536w, https:\/\/muraste.ee\/vana\/wp-content\/uploads\/2023\/09\/Suured-paberlilled-2048x1448.jpg 2048w, https:\/\/muraste.ee\/vana\/wp-content\/uploads\/2023\/09\/Suured-paberlilled-624x441.jpg 624w\" sizes=\"(max-width: 1024px) 100vw, 1024px\" \/><\/a><\/figure>\n\n\n\n<p><strong>SUURED PABERLILLED<\/strong><\/p>\n\n\n\n<p><br>osalustasu: 30.00 eur, hinna sisse kuuluvad materjalid.<br><strong>Vajalik on eelnev registreerimine: muraste@muraste.ee<\/strong><\/p>\n\n\n\n<p>Paberlillede tegemine ei ole raske ja ei vaja palju eeldusi, kuid ilma juhendamiseta keerukamad lilled h\u00e4sti v\u00e4lja ei tule. \u00dcrituste, s\u00fcnnip\u00e4evade, pulmade korraldamisel, isegi kodude kaunistamiseks kasutatakse t\u00e4nap\u00e4eval tihti just suuri paberlilli. Suurte kaunite lilledega saab teha pomp\u00f6\u00f6sseid kimpe ja kaunistada suuri pindu, moodustada kodustel pidudel kena fotonurk v\u00f5i hoopis kaunistada lastetuba.<\/p>\n\n\n\n<p><strong>\u00d5pituba toimub kohtade t\u00e4itumisel.<\/strong><\/p>\n\n\n\n<figure class=\"wp-block-image\"><a href=\"https:\/\/muraste.ee\/vana\/wp-content\/uploads\/2023\/09\/aiahoolduse-aastaring.jpg\"><img decoding=\"async\" loading=\"lazy\" width=\"724\" height=\"1024\" src=\"https:\/\/muraste.ee\/vana\/wp-content\/uploads\/2023\/09\/aiahoolduse-aastaring-724x1024.jpg\" alt=\"\" class=\"wp-image-10034\" srcset=\"https:\/\/muraste.ee\/vana\/wp-content\/uploads\/2023\/09\/aiahoolduse-aastaring-724x1024.jpg 724w, https:\/\/muraste.ee\/vana\/wp-content\/uploads\/2023\/09\/aiahoolduse-aastaring-212x300.jpg 212w, https:\/\/muraste.ee\/vana\/wp-content\/uploads\/2023\/09\/aiahoolduse-aastaring-768x1086.jpg 768w, https:\/\/muraste.ee\/vana\/wp-content\/uploads\/2023\/09\/aiahoolduse-aastaring-1086x1536.jpg 1086w, https:\/\/muraste.ee\/vana\/wp-content\/uploads\/2023\/09\/aiahoolduse-aastaring-1448x2048.jpg 1448w, https:\/\/muraste.ee\/vana\/wp-content\/uploads\/2023\/09\/aiahoolduse-aastaring-624x883.jpg 624w, https:\/\/muraste.ee\/vana\/wp-content\/uploads\/2023\/09\/aiahoolduse-aastaring.jpg 1587w\" sizes=\"(max-width: 724px) 100vw, 724px\" \/><\/a><\/figure>\n\n\n\n<p><strong>AIAHOOLDUSE AASTARING<\/strong><\/p>\n\n\n\n<p><strong>osaluspanus: 25.00 eur<\/strong><\/p>\n\n\n\n<p><strong>Vajalik eelregisreerimine: muraste@muraste.ee<\/strong><br><strong>\u00d5pituba toimub kohtade t\u00e4itumisel.<\/strong><\/p>\n\n\n\n<p>Mis tegevusi ja millal teha \u2013 talv, kevad, suvi, s\u00fcgis.<\/p>\n\n\n\n<p>Istutamine \u2013 puud-p\u00f5\u00f5sad, p\u00fcsililled, sibullilled. Millal on parim aeg ja mida istutamisel silmas pidada.<\/p>\n\n\n\n<p>V\u00e4etamine \u2013 mineraalsed ja looduslikud v\u00e4etised. Millal ja kuidas v\u00e4etada.<\/p>\n\n\n\n<p>Puude ja p\u00f5\u00f5saste l\u00f5ikamine&nbsp; \u2013 Millal ja kuidas l\u00f5igata. Hooldusl\u00f5ikus, ja noorendusl\u00f5ikus.&nbsp;<\/p>\n\n\n\n<p>Hekkide hooldus \u2013 kuidas hooldada lehtpuu- ja elupuude hekke.&nbsp;<\/p>\n\n\n\n<p>P\u00fcsikute hooldus \u2013 istutamine, jagamine, mida talveks mitte maha l\u00f5igata.&nbsp;<\/p>\n\n\n\n<p>Muru hooldus \u2013 \u00f5hutamine, v\u00e4etamine, niitmine.<\/p>\n\n\n\n<p>Kompostimine \u2013 kolme auna meetod, kompostimine \u00fches kastis, chop-and-drop meetod.&nbsp;<\/p>\n\n\n\n<p>Mult\u0161imine \u2013 peamised mult\u0161id ja kuidas ning kus neid kasutada.<\/p>\n\n\n\n<p>Aiahooldus permakultuuri p\u00f5him\u00f5tetel.<\/p>\n\n\n\n<p>Hoolduse peamised vead.&nbsp;<\/p>\n\n\n\n<figure class=\"wp-block-image\"><a href=\"https:\/\/muraste.ee\/vana\/wp-content\/uploads\/2023\/10\/Vigased-pruudid.jpg\"><img decoding=\"async\" loading=\"lazy\" width=\"724\" height=\"1024\" src=\"https:\/\/muraste.ee\/vana\/wp-content\/uploads\/2023\/10\/Vigased-pruudid-724x1024.jpg\" alt=\"\" class=\"wp-image-10078\" srcset=\"https:\/\/muraste.ee\/vana\/wp-content\/uploads\/2023\/10\/Vigased-pruudid-724x1024.jpg 724w, https:\/\/muraste.ee\/vana\/wp-content\/uploads\/2023\/10\/Vigased-pruudid-212x300.jpg 212w, https:\/\/muraste.ee\/vana\/wp-content\/uploads\/2023\/10\/Vigased-pruudid-768x1086.jpg 768w, https:\/\/muraste.ee\/vana\/wp-content\/uploads\/2023\/10\/Vigased-pruudid-1086x1536.jpg 1086w, https:\/\/muraste.ee\/vana\/wp-content\/uploads\/2023\/10\/Vigased-pruudid-1448x2048.jpg 1448w, https:\/\/muraste.ee\/vana\/wp-content\/uploads\/2023\/10\/Vigased-pruudid-624x883.jpg 624w, https:\/\/muraste.ee\/vana\/wp-content\/uploads\/2023\/10\/Vigased-pruudid.jpg 1587w\" sizes=\"(max-width: 724px) 100vw, 724px\" \/><\/a><\/figure>\n\n\n\n<p>Pilet: 6.00\/5.00 eur<br><strong>MULGID TULEVAD!<\/strong><\/p>\n\n\n\n<p>Ei tea siin ilmas keegi hullemat juurikat kui \u00fcks sajandivahetuse aegne Eesti taluperemees. Ja kui see juhtub veel mulk olema, siis on asi ikka p\u00e4ris hull. Naisterahva pisarad ja arukas jutt on temale nagu hane selga vesi. S\u00e4\u00e4rane mees on ka Mulgimaalt L\u00e4\u00e4nemaale elama sattunud Mart. Ei kuula ta kedagi ja talitab ikka nii, nagu tema isa teda omal ajal \u00f5petas. Isegi oma laste elu\u00f5nne on Mart \u00e4ra otsustanud, nii et t\u00fctred Miina ja Leena ainult mulkidest vennapoegadele k\u00f5lbavad. Ei aita siin noorikute ohked ega kaebed, kuigi nende s\u00fcdamed l\u00f6\u00f6vad salamisi hoopiski L\u00e4\u00e4nemaa noormeeste Joosepi ja Juhaniga \u00fches r\u00fctmis. Aga kuna armastusel on juba kord imelik j\u00f5ud, mis isegi kana mesipuusse lennutab kui tarvis, ei kavatse noored sellise saatusega leppida. Kus s\u00f5nad ja veenmine ei aita, tuleb appi v\u00f5tta kavalus. Esialgne lihtne plaan mulkidest v\u00e4imehi ninapidi vedada muutub s\u00fcndmuste arenedes \u00fcha p\u00f6\u00f6rasemaks, kuni Joosep ja Juhan leiavad end l\u00f5puks naiseriietes kaugeid kosilasi t\u00f5rjumas.<\/p>\n\n\n\n<p>Eduard Vilde vigased pruudid \u00e4rkavad taaskord ellu, t\u00f5estades \u00fchelt poolt rahvakirjaniku annet kergeks meelelahutuseks, teisalt aga tuntud klassiku uue aja kuulutust, milles noorem p\u00f5lvkond otsustavalt vanemale vastu hakkab ja ise oma elu\u00f5nne \u00fcle otsustada soovib.<\/p>\n\n\n\n<p>Kategooria: M\u00e4ngufilm | \u017danr: Kom\u00f6\u00f6dia<\/p>\n\n\n\n<p>Re\u017eiss\u00f6\u00f6r: Ergo Kuld<br>Treiler:&nbsp;<a href=\"https:\/\/www.youtube.com\/watch?v=7I88XR8ZWl8&amp;fbclid=IwAR3Hqo8WzUVKVhmf2qUVLfy5GteXtcLZKLOEPt5mK2fVFojN3AJ2nlXksAM\" rel=\"noreferrer noopener\" target=\"_blank\">https:\/\/www.youtube.com\/watch?v=7I88XR8ZWl8<\/a>&nbsp;<\/p>\n\n\n\n<p><strong>T\u00c4HELEPANU MURASTE!<\/strong><\/p>\n\n\n\n<p><strong>Paneme kokku MURASTE oma AJURAGINA V\u00d5ISTKONNA!<\/strong>&nbsp;Kutsu s\u00f5pru ja naabreid kaasa!<\/p>\n\n\n\n<p>Kellel on soov ajusid ragistada, pane end kirja.<\/p>\n\n\n\n<p>V\u00f5istkonnad on 4-liikmelised.<\/p>\n\n\n\n<p>Moodustame Muraste v\u00f5istkonna!<\/p>\n\n\n\n<p><strong>Kirja saab panna SIIN:<\/strong><\/p>\n\n\n\n<figure class=\"wp-block-embed\"><div class=\"wp-block-embed__wrapper\">\nhttps:\/\/docs.google.com\/\u2026\/1FAIpQLScau7emRjZVYV\u2026\/viewform\n<\/div><\/figure>\n\n\n\n<figure class=\"wp-block-image\"><a href=\"https:\/\/muraste.ee\/vana\/wp-content\/uploads\/2023\/09\/Porikuu-Ajuragin-JPG.jpg\"><img decoding=\"async\" loading=\"lazy\" width=\"1024\" height=\"724\" src=\"https:\/\/muraste.ee\/vana\/wp-content\/uploads\/2023\/09\/Porikuu-Ajuragin-JPG-1024x724.jpg\" alt=\"\" class=\"wp-image-10053\" srcset=\"https:\/\/muraste.ee\/vana\/wp-content\/uploads\/2023\/09\/Porikuu-Ajuragin-JPG-1024x724.jpg 1024w, https:\/\/muraste.ee\/vana\/wp-content\/uploads\/2023\/09\/Porikuu-Ajuragin-JPG-300x212.jpg 300w, https:\/\/muraste.ee\/vana\/wp-content\/uploads\/2023\/09\/Porikuu-Ajuragin-JPG-768x543.jpg 768w, https:\/\/muraste.ee\/vana\/wp-content\/uploads\/2023\/09\/Porikuu-Ajuragin-JPG-1536x1086.jpg 1536w, https:\/\/muraste.ee\/vana\/wp-content\/uploads\/2023\/09\/Porikuu-Ajuragin-JPG-2048x1448.jpg 2048w, https:\/\/muraste.ee\/vana\/wp-content\/uploads\/2023\/09\/Porikuu-Ajuragin-JPG-624x441.jpg 624w\" sizes=\"(max-width: 1024px) 100vw, 1024px\" \/><\/a><\/figure>\n\n\n\n<figure class=\"wp-block-image\"><a href=\"https:\/\/muraste.ee\/vana\/wp-content\/uploads\/2023\/09\/Korstnapuhkija.jpg\"><img decoding=\"async\" loading=\"lazy\" width=\"724\" height=\"1024\" src=\"https:\/\/muraste.ee\/vana\/wp-content\/uploads\/2023\/09\/Korstnapuhkija-724x1024.jpg\" alt=\"\" class=\"wp-image-9989\" srcset=\"https:\/\/muraste.ee\/vana\/wp-content\/uploads\/2023\/09\/Korstnapuhkija-724x1024.jpg 724w, https:\/\/muraste.ee\/vana\/wp-content\/uploads\/2023\/09\/Korstnapuhkija-212x300.jpg 212w, https:\/\/muraste.ee\/vana\/wp-content\/uploads\/2023\/09\/Korstnapuhkija-768x1086.jpg 768w, https:\/\/muraste.ee\/vana\/wp-content\/uploads\/2023\/09\/Korstnapuhkija-1086x1536.jpg 1086w, https:\/\/muraste.ee\/vana\/wp-content\/uploads\/2023\/09\/Korstnapuhkija-1448x2048.jpg 1448w, https:\/\/muraste.ee\/vana\/wp-content\/uploads\/2023\/09\/Korstnapuhkija-624x883.jpg 624w, https:\/\/muraste.ee\/vana\/wp-content\/uploads\/2023\/09\/Korstnapuhkija.jpg 1587w\" sizes=\"(max-width: 724px) 100vw, 724px\" \/><\/a><\/figure>\n\n\n\n<figure class=\"wp-block-image\"><a href=\"https:\/\/muraste.ee\/vana\/wp-content\/uploads\/2023\/10\/Capture.png\"><img decoding=\"async\" loading=\"lazy\" width=\"577\" height=\"592\" src=\"https:\/\/muraste.ee\/vana\/wp-content\/uploads\/2023\/10\/Capture.png\" alt=\"\" class=\"wp-image-10077\" srcset=\"https:\/\/muraste.ee\/vana\/wp-content\/uploads\/2023\/10\/Capture.png 577w, https:\/\/muraste.ee\/vana\/wp-content\/uploads\/2023\/10\/Capture-292x300.png 292w\" sizes=\"(max-width: 577px) 100vw, 577px\" \/><\/a><\/figure>\n","protected":false},"excerpt":{"rendered":"<p>N\u00e4dal 40 Tere, armas Muraste! Oktoober on langevate lehtede kuu ja \u00f5htud j\u00e4\u00e4vad aina l\u00fchemaks. Pimedatel s\u00fcgis\u00f5htutel on Muraste k\u00fclaseltsis pakkuda tore huumori etendus. Valmista oma k\u00f5hulihased ette, sest naer on garanteeritud! Liitu meiega huumorik\u00fcllasel \u00f5htul, kus iga naerupahvak toob p\u00e4eva l\u00f5ppu rohkem s\u00e4ra. Tee koos meiega nalja! Osta piletid eelm\u00fc\u00fcgist: 15.00 eur Kohapeal 20.00<a class=\"moretag\" href=\"https:\/\/muraste.ee\/vana\/?page_id=10082\"><br \/>&#8230;Loe edasi<\/a><\/p>\n","protected":false},"author":2,"featured_media":0,"parent":0,"menu_order":0,"comment_status":"closed","ping_status":"closed","template":"nadalakava.php","meta":{"_bbp_topic_count":0,"_bbp_reply_count":0,"_bbp_total_topic_count":0,"_bbp_total_reply_count":0,"_bbp_voice_count":0,"_bbp_anonymous_reply_count":0,"_bbp_topic_count_hidden":0,"_bbp_reply_count_hidden":0,"_bbp_forum_subforum_count":0,"_mc_calendar":[]},"_links":{"self":[{"href":"https:\/\/muraste.ee\/vana\/index.php?rest_route=\/wp\/v2\/pages\/10082"}],"collection":[{"href":"https:\/\/muraste.ee\/vana\/index.php?rest_route=\/wp\/v2\/pages"}],"about":[{"href":"https:\/\/muraste.ee\/vana\/index.php?rest_route=\/wp\/v2\/types\/page"}],"author":[{"embeddable":true,"href":"https:\/\/muraste.ee\/vana\/index.php?rest_route=\/wp\/v2\/users\/2"}],"replies":[{"embeddable":true,"href":"https:\/\/muraste.ee\/vana\/index.php?rest_route=%2Fwp%2Fv2%2Fcomments&post=10082"}],"version-history":[{"count":1,"href":"https:\/\/muraste.ee\/vana\/index.php?rest_route=\/wp\/v2\/pages\/10082\/revisions"}],"predecessor-version":[{"id":10084,"href":"https:\/\/muraste.ee\/vana\/index.php?rest_route=\/wp\/v2\/pages\/10082\/revisions\/10084"}],"wp:attachment":[{"href":"https:\/\/muraste.ee\/vana\/index.php?rest_route=%2Fwp%2Fv2%2Fmedia&parent=10082"}],"curies":[{"name":"wp","href":"https:\/\/api.w.org\/{rel}","templated":true}]}}