{"id":10252,"date":"2023-12-04T11:09:14","date_gmt":"2023-12-04T09:09:14","guid":{"rendered":"https:\/\/muraste.ee\/vana\/?page_id=10252"},"modified":"2023-12-04T11:09:14","modified_gmt":"2023-12-04T09:09:14","slug":"nadal-49-4","status":"publish","type":"page","link":"https:\/\/muraste.ee\/vana\/?page_id=10252","title":{"rendered":"N\u00e4dal 49"},"content":{"rendered":"\n<p><img decoding=\"async\" loading=\"lazy\" width=\"624\" height=\"416\" srcset=\"https:\/\/muraste.ee\/vana\/wp-content\/uploads\/2023\/12\/mug-hot-coffee-woolen-knitting-windowsill-against-snow-landscape-from-outside-624x416.jpg 624w, https:\/\/muraste.ee\/vana\/wp-content\/uploads\/2023\/12\/mug-hot-coffee-woolen-knitting-windowsill-against-snow-landscape-from-outside-300x200.jpg 300w, https:\/\/muraste.ee\/vana\/wp-content\/uploads\/2023\/12\/mug-hot-coffee-woolen-knitting-windowsill-against-snow-landscape-from-outside-1024x683.jpg 1024w, https:\/\/muraste.ee\/vana\/wp-content\/uploads\/2023\/12\/mug-hot-coffee-woolen-knitting-windowsill-against-snow-landscape-from-outside-768x512.jpg 768w, https:\/\/muraste.ee\/vana\/wp-content\/uploads\/2023\/12\/mug-hot-coffee-woolen-knitting-windowsill-against-snow-landscape-from-outside-1536x1024.jpg 1536w, https:\/\/muraste.ee\/vana\/wp-content\/uploads\/2023\/12\/mug-hot-coffee-woolen-knitting-windowsill-against-snow-landscape-from-outside-2048x1365.jpg 2048w\" src=\"https:\/\/muraste.ee\/vana\/wp-content\/uploads\/2023\/12\/mug-hot-coffee-woolen-knitting-windowsill-against-snow-landscape-from-outside-624x416.jpg\" alt=\"\"><\/p>\n\n\n\n<p>Tere, armas Muraste! T\u00f5eliselt kaunis talv kaunistab j\u00f5ulukuu \u00fcritusi. \u00dclev j\u00f5ulu meeleolu on v\u00f5tnud v\u00f5imust meie \u00fcle. P\u00fchap\u00e4eval oli Muraste Looduskooli \u00f5uel v\u00e4ga armas j\u00f5ulu\u00fcritus, mida rahastas Harku Valla Lastekaitse \u00dching. Tegime l\u00f5ket, grillisime viinereid ja vahukomme, sumpasime lumises metsas. Sai ratsutada hobuse ja poniga. J\u00f5uluvana istus suures j\u00f5ulutelgis ja kuulas laste laule ja luuletusi. V\u00e4ga armas \u00fcritus oli.<video controls=\"\" src=\"https:\/\/muraste.ee\/vana\/wp-content\/uploads\/2023\/12\/fotoplay20231203160342-1.mp4\"><\/video><\/p>\n\n\n\n<p><strong>VEEL PAAR VABA KOHTA!!!<\/strong><\/p>\n\n\n\n<figure class=\"wp-block-image\"><a href=\"https:\/\/muraste.ee\/vana\/wp-content\/uploads\/2023\/11\/KRINGEL.jpg\"><img decoding=\"async\" loading=\"lazy\" width=\"1024\" height=\"724\" src=\"https:\/\/muraste.ee\/vana\/wp-content\/uploads\/2023\/11\/KRINGEL-1024x724.jpg\" alt=\"\" class=\"wp-image-10216\" srcset=\"https:\/\/muraste.ee\/vana\/wp-content\/uploads\/2023\/11\/KRINGEL-1024x724.jpg 1024w, https:\/\/muraste.ee\/vana\/wp-content\/uploads\/2023\/11\/KRINGEL-300x212.jpg 300w, https:\/\/muraste.ee\/vana\/wp-content\/uploads\/2023\/11\/KRINGEL-768x543.jpg 768w, https:\/\/muraste.ee\/vana\/wp-content\/uploads\/2023\/11\/KRINGEL-1536x1086.jpg 1536w, https:\/\/muraste.ee\/vana\/wp-content\/uploads\/2023\/11\/KRINGEL-2048x1448.jpg 2048w, https:\/\/muraste.ee\/vana\/wp-content\/uploads\/2023\/11\/KRINGEL-624x441.jpg 624w\" sizes=\"(max-width: 1024px) 100vw, 1024px\" \/><\/a><\/figure>\n\n\n\n<p>Eelmisel aastal oli just see \u00f5pituba k\u00fcpsetajate lemmik ja tegime seda kohe mitu korda.<br>V\u00f5tke kaasa oma lapsed, see on v\u00e4ga p\u00f5nev \u00f5pituba ka neile!<\/p>\n\n\n\n<p>Koolitusel \u00f5ppime selgeks m\u00f5nusa kringlitaigna tegemise, et tulevikus saaks k\u00f5ik kodused peolauad oma tehtud kringliga kaunistada.<br>Lisaks taignale on plaanis l\u00e4bi proovida ka kolm erinevat t\u00e4idist. J\u00f5ulule kohaselt ei puudu kringliteost kaneel, martsipan, j\u00f5hvikad, apelsiin jms. Kindlasti teeme ka \u00fche m\u00f5nusa mahlase soolase kringli.<\/p>\n\n\n\n<figure class=\"wp-block-image\"><a href=\"https:\/\/muraste.ee\/vana\/wp-content\/uploads\/2023\/11\/VOITLUS.jpg\"><img decoding=\"async\" loading=\"lazy\" width=\"724\" height=\"1024\" src=\"https:\/\/muraste.ee\/vana\/wp-content\/uploads\/2023\/11\/VOITLUS-724x1024.jpg\" alt=\"\" class=\"wp-image-10205\" srcset=\"https:\/\/muraste.ee\/vana\/wp-content\/uploads\/2023\/11\/VOITLUS-724x1024.jpg 724w, https:\/\/muraste.ee\/vana\/wp-content\/uploads\/2023\/11\/VOITLUS-212x300.jpg 212w, https:\/\/muraste.ee\/vana\/wp-content\/uploads\/2023\/11\/VOITLUS-768x1086.jpg 768w, https:\/\/muraste.ee\/vana\/wp-content\/uploads\/2023\/11\/VOITLUS-1086x1536.jpg 1086w, https:\/\/muraste.ee\/vana\/wp-content\/uploads\/2023\/11\/VOITLUS-1448x2048.jpg 1448w, https:\/\/muraste.ee\/vana\/wp-content\/uploads\/2023\/11\/VOITLUS-624x883.jpg 624w, https:\/\/muraste.ee\/vana\/wp-content\/uploads\/2023\/11\/VOITLUS.jpg 1587w\" sizes=\"(max-width: 724px) 100vw, 724px\" \/><\/a><\/figure>\n\n\n\n<p><strong>KINO\u00d5HTU: UUS EESTI KOM\u00d6\u00d6DIA<\/strong><\/p>\n\n\n\n<p><strong>Rockn roll \u2013 pealuud ja mustad r\u00fc\u00fcd.Munga protot\u00fc\u00fcp on t\u00f5esti Petseri kloostri mungast, kes 70-ndatel kihutas 150-ga punase zapakaga Petserimaal. Tema l\u00f5pp oli kurb, ta sai surma liiklus\u00f5nnetuses.<\/strong><\/p>\n\n\n\n<p>Kung fu kom\u00f6\u00f6dia \u201cN\u00e4htamatu v\u00f5itlus\u201d tegevus toimub 1970ndate N\u00f5ukogude Liidus. Filmi peategelane on noor huligaan Rafael, kes satub Hiina piiril aega teenides kung fu \u00e4ssade r\u00fcnnaku alla. Tema armee saab k\u00fcll haledalt kolki, kuid vastaste superstiilne v\u00f5itluskunst vaimustab noort m\u00e4ssajat. Koju naastes leiab Rafael tee kloostrisse, kus kohtub \u00f5igeusu munkadega, kes hiinlastest veelgi vingemat v\u00f5itlust peavad. Munkade v\u00f5itlus on aga n\u00e4htamatu \u2013 v\u00f5idab see, kes on alandlikum. Algab huligaani koomiline teekond k\u00f5ikv\u00f5imsa alandlikkuseni, mis on t\u00e4is kiusatusi, usku, armastust ja r\u00f5\u00f5mu.<\/p>\n\n\n\n<figure class=\"wp-block-image\"><a href=\"https:\/\/muraste.ee\/vana\/wp-content\/uploads\/2023\/12\/Joululaat34799.jpg\"><img decoding=\"async\" loading=\"lazy\" width=\"724\" height=\"1024\" src=\"https:\/\/muraste.ee\/vana\/wp-content\/uploads\/2023\/12\/Joululaat34799-724x1024.jpg\" alt=\"\" class=\"wp-image-10246\" srcset=\"https:\/\/muraste.ee\/vana\/wp-content\/uploads\/2023\/12\/Joululaat34799-724x1024.jpg 724w, https:\/\/muraste.ee\/vana\/wp-content\/uploads\/2023\/12\/Joululaat34799-212x300.jpg 212w, https:\/\/muraste.ee\/vana\/wp-content\/uploads\/2023\/12\/Joululaat34799-768x1086.jpg 768w, https:\/\/muraste.ee\/vana\/wp-content\/uploads\/2023\/12\/Joululaat34799-1086x1536.jpg 1086w, https:\/\/muraste.ee\/vana\/wp-content\/uploads\/2023\/12\/Joululaat34799-1448x2048.jpg 1448w, https:\/\/muraste.ee\/vana\/wp-content\/uploads\/2023\/12\/Joululaat34799-624x883.jpg 624w, https:\/\/muraste.ee\/vana\/wp-content\/uploads\/2023\/12\/Joululaat34799.jpg 1587w\" sizes=\"(max-width: 724px) 100vw, 724px\" \/><\/a><\/figure>\n\n\n\n<p><strong>MURASTE KOOLI J\u00d5ULULAAT<\/strong><\/p>\n\n\n\n<p>Sealt leiab palju p\u00f5nevat ja saab nautida toredaid esinemisi.<br><strong>K\u00d5IK ON OODATUD<\/strong>!<\/p>\n\n\n\n<figure class=\"wp-block-image\"><a href=\"https:\/\/muraste.ee\/vana\/wp-content\/uploads\/2023\/11\/Joulud_pensionarid_6.12.2334763-page-001.jpg\"><img decoding=\"async\" loading=\"lazy\" width=\"802\" height=\"1024\" src=\"https:\/\/muraste.ee\/vana\/wp-content\/uploads\/2023\/11\/Joulud_pensionarid_6.12.2334763-page-001-802x1024.jpg\" alt=\"\" class=\"wp-image-10224\" srcset=\"https:\/\/muraste.ee\/vana\/wp-content\/uploads\/2023\/11\/Joulud_pensionarid_6.12.2334763-page-001-802x1024.jpg 802w, https:\/\/muraste.ee\/vana\/wp-content\/uploads\/2023\/11\/Joulud_pensionarid_6.12.2334763-page-001-235x300.jpg 235w, https:\/\/muraste.ee\/vana\/wp-content\/uploads\/2023\/11\/Joulud_pensionarid_6.12.2334763-page-001-768x981.jpg 768w, https:\/\/muraste.ee\/vana\/wp-content\/uploads\/2023\/11\/Joulud_pensionarid_6.12.2334763-page-001-624x797.jpg 624w, https:\/\/muraste.ee\/vana\/wp-content\/uploads\/2023\/11\/Joulud_pensionarid_6.12.2334763-page-001.jpg 874w\" sizes=\"(max-width: 802px) 100vw, 802px\" \/><\/a><\/figure>\n\n\n\n<figure class=\"wp-block-image\"><a href=\"https:\/\/muraste.ee\/vana\/wp-content\/uploads\/2023\/11\/Joulud_mudilased34762-page-001.jpg\"><img decoding=\"async\" loading=\"lazy\" width=\"802\" height=\"1024\" src=\"https:\/\/muraste.ee\/vana\/wp-content\/uploads\/2023\/11\/Joulud_mudilased34762-page-001-802x1024.jpg\" alt=\"\" class=\"wp-image-10225\" srcset=\"https:\/\/muraste.ee\/vana\/wp-content\/uploads\/2023\/11\/Joulud_mudilased34762-page-001-802x1024.jpg 802w, https:\/\/muraste.ee\/vana\/wp-content\/uploads\/2023\/11\/Joulud_mudilased34762-page-001-235x300.jpg 235w, https:\/\/muraste.ee\/vana\/wp-content\/uploads\/2023\/11\/Joulud_mudilased34762-page-001-768x981.jpg 768w, https:\/\/muraste.ee\/vana\/wp-content\/uploads\/2023\/11\/Joulud_mudilased34762-page-001-624x797.jpg 624w, https:\/\/muraste.ee\/vana\/wp-content\/uploads\/2023\/11\/Joulud_mudilased34762-page-001.jpg 874w\" sizes=\"(max-width: 802px) 100vw, 802px\" \/><\/a><\/figure>\n\n\n\n<figure class=\"wp-block-image\"><a href=\"https:\/\/muraste.ee\/vana\/wp-content\/uploads\/2023\/11\/Nimetu-kujundus-2.jpg\"><img decoding=\"async\" loading=\"lazy\" width=\"940\" height=\"788\" src=\"https:\/\/muraste.ee\/vana\/wp-content\/uploads\/2023\/11\/Nimetu-kujundus-2.jpg\" alt=\"\" class=\"wp-image-10241\" srcset=\"https:\/\/muraste.ee\/vana\/wp-content\/uploads\/2023\/11\/Nimetu-kujundus-2.jpg 940w, https:\/\/muraste.ee\/vana\/wp-content\/uploads\/2023\/11\/Nimetu-kujundus-2-300x251.jpg 300w, https:\/\/muraste.ee\/vana\/wp-content\/uploads\/2023\/11\/Nimetu-kujundus-2-768x644.jpg 768w, https:\/\/muraste.ee\/vana\/wp-content\/uploads\/2023\/11\/Nimetu-kujundus-2-624x523.jpg 624w\" sizes=\"(max-width: 940px) 100vw, 940px\" \/><\/a><\/figure>\n\n\n\n<p><strong>SUUR AASTAVAHETUSPIDU<br>HUMALA TALLIS<\/strong><\/p>\n\n\n\n<p>Naabrid kutsuvad Muraste s\u00f5pruskondi suurele peole!<br><strong>Piletid eelm\u00fc\u00fcgist soodsalt kuni 30. novembrini<\/strong><\/p>\n\n\n\n<p><a href=\"https:\/\/pilet.pro\/toode\/suur-aastavahetusepidu-humala-tallis-2023-2024\/\">Suur aastavahetusepidu Humala tallis 2023\/2024 \u2013 Pilet.PRO<\/a><\/p>\n\n\n\n<figure class=\"wp-block-image\"><a href=\"https:\/\/muraste.ee\/vana\/wp-content\/uploads\/2023\/11\/HEEGELDAMINE-scaled.jpg\"><img decoding=\"async\" loading=\"lazy\" width=\"724\" height=\"1024\" src=\"https:\/\/muraste.ee\/vana\/wp-content\/uploads\/2023\/11\/HEEGELDAMINE-724x1024.jpg\" alt=\"\" class=\"wp-image-10204\" srcset=\"https:\/\/muraste.ee\/vana\/wp-content\/uploads\/2023\/11\/HEEGELDAMINE-724x1024.jpg 724w, https:\/\/muraste.ee\/vana\/wp-content\/uploads\/2023\/11\/HEEGELDAMINE-212x300.jpg 212w, https:\/\/muraste.ee\/vana\/wp-content\/uploads\/2023\/11\/HEEGELDAMINE-768x1086.jpg 768w, https:\/\/muraste.ee\/vana\/wp-content\/uploads\/2023\/11\/HEEGELDAMINE-1086x1536.jpg 1086w, https:\/\/muraste.ee\/vana\/wp-content\/uploads\/2023\/11\/HEEGELDAMINE-1449x2048.jpg 1449w, https:\/\/muraste.ee\/vana\/wp-content\/uploads\/2023\/11\/HEEGELDAMINE-624x882.jpg 624w, https:\/\/muraste.ee\/vana\/wp-content\/uploads\/2023\/11\/HEEGELDAMINE-scaled.jpg 1811w\" sizes=\"(max-width: 724px) 100vw, 724px\" \/><\/a><\/figure>\n\n\n\n<figure class=\"wp-block-image\"><a href=\"https:\/\/muraste.ee\/vana\/wp-content\/uploads\/2023\/11\/TARKADE.jpg\"><img decoding=\"async\" loading=\"lazy\" width=\"1024\" height=\"724\" src=\"https:\/\/muraste.ee\/vana\/wp-content\/uploads\/2023\/11\/TARKADE-1024x724.jpg\" alt=\"\" class=\"wp-image-10167\" srcset=\"https:\/\/muraste.ee\/vana\/wp-content\/uploads\/2023\/11\/TARKADE-1024x724.jpg 1024w, https:\/\/muraste.ee\/vana\/wp-content\/uploads\/2023\/11\/TARKADE-300x212.jpg 300w, https:\/\/muraste.ee\/vana\/wp-content\/uploads\/2023\/11\/TARKADE-768x543.jpg 768w, https:\/\/muraste.ee\/vana\/wp-content\/uploads\/2023\/11\/TARKADE-1536x1086.jpg 1536w, https:\/\/muraste.ee\/vana\/wp-content\/uploads\/2023\/11\/TARKADE-2048x1448.jpg 2048w, https:\/\/muraste.ee\/vana\/wp-content\/uploads\/2023\/11\/TARKADE-624x441.jpg 624w\" sizes=\"(max-width: 1024px) 100vw, 1024px\" \/><\/a><\/figure>\n","protected":false},"excerpt":{"rendered":"<p>Tere, armas Muraste! T\u00f5eliselt kaunis talv kaunistab j\u00f5ulukuu \u00fcritusi. \u00dclev j\u00f5ulu meeleolu on v\u00f5tnud v\u00f5imust meie \u00fcle. P\u00fchap\u00e4eval oli Muraste Looduskooli \u00f5uel v\u00e4ga armas j\u00f5ulu\u00fcritus, mida rahastas Harku Valla Lastekaitse \u00dching. Tegime l\u00f5ket, grillisime viinereid ja vahukomme, sumpasime lumises metsas. Sai ratsutada hobuse ja poniga. J\u00f5uluvana istus suures j\u00f5ulutelgis ja kuulas laste laule ja luuletusi.<a class=\"moretag\" href=\"https:\/\/muraste.ee\/vana\/?page_id=10252\"><br \/>&#8230;Loe edasi<\/a><\/p>\n","protected":false},"author":2,"featured_media":0,"parent":0,"menu_order":0,"comment_status":"closed","ping_status":"closed","template":"nadalakava.php","meta":{"_bbp_topic_count":0,"_bbp_reply_count":0,"_bbp_total_topic_count":0,"_bbp_total_reply_count":0,"_bbp_voice_count":0,"_bbp_anonymous_reply_count":0,"_bbp_topic_count_hidden":0,"_bbp_reply_count_hidden":0,"_bbp_forum_subforum_count":0,"_mc_calendar":[]},"_links":{"self":[{"href":"https:\/\/muraste.ee\/vana\/index.php?rest_route=\/wp\/v2\/pages\/10252"}],"collection":[{"href":"https:\/\/muraste.ee\/vana\/index.php?rest_route=\/wp\/v2\/pages"}],"about":[{"href":"https:\/\/muraste.ee\/vana\/index.php?rest_route=\/wp\/v2\/types\/page"}],"author":[{"embeddable":true,"href":"https:\/\/muraste.ee\/vana\/index.php?rest_route=\/wp\/v2\/users\/2"}],"replies":[{"embeddable":true,"href":"https:\/\/muraste.ee\/vana\/index.php?rest_route=%2Fwp%2Fv2%2Fcomments&post=10252"}],"version-history":[{"count":1,"href":"https:\/\/muraste.ee\/vana\/index.php?rest_route=\/wp\/v2\/pages\/10252\/revisions"}],"predecessor-version":[{"id":10254,"href":"https:\/\/muraste.ee\/vana\/index.php?rest_route=\/wp\/v2\/pages\/10252\/revisions\/10254"}],"wp:attachment":[{"href":"https:\/\/muraste.ee\/vana\/index.php?rest_route=%2Fwp%2Fv2%2Fmedia&parent=10252"}],"curies":[{"name":"wp","href":"https:\/\/api.w.org\/{rel}","templated":true}]}}