{"id":116,"date":"2015-11-23T20:15:46","date_gmt":"2015-11-23T18:15:46","guid":{"rendered":"https:\/\/muraste.ee\/vana\/?page_id=116"},"modified":"2016-03-20T18:08:37","modified_gmt":"2016-03-20T16:08:37","slug":"sobrad","status":"publish","type":"page","link":"https:\/\/muraste.ee\/vana\/?page_id=116","title":{"rendered":"S\u00f5brad"},"content":{"rendered":"<p>&nbsp;<\/p>\n<h1><a href=\"http:\/\/www.harku.ee\/uldinfo\" target=\"_blank\">Harku vald<\/a><a href=\"http:\/\/www.harku.ee\/uldinfo\" target=\"_blank\"><img decoding=\"async\" loading=\"lazy\" class=\"wp-image-1068 aligncenter\" src=\"https:\/\/muraste.ee\/vana\/wp-content\/uploads\/2016\/03\/harku-logo.jpg\" alt=\"harku logo\" width=\"255\" height=\"156\" \/><\/a><\/h1>\n<h1 style=\"text-align: justify;\"><strong><a href=\"http:\/\/murastekool.edu.ee\/avaleht\" target=\"_blank\">Muraste kool<\/a><\/strong><\/h1>\n<p><a href=\"http:\/\/murastekool.edu.ee\/avaleht\" target=\"_blank\"><img decoding=\"async\" class=\"aligncenter\" src=\"https:\/\/muraste.ee\/vana\/wp-content\/uploads\/2015\/11\/murastekool.png\" alt=\"murastekool\" height=\"56\" \/><\/a><\/p>\n<h1><a href=\"http:\/\/kysk.ee\/\" target=\"_blank\">Kodaniku\u00fchiskonna Sihtkapital<\/a><a href=\"https:\/\/muraste.ee\/vana\/wp-content\/uploads\/2015\/11\/KYSK-Sisemin_logo_KodYhisk_toetuseks-Vektor-page-01.jpg\"><img decoding=\"async\" loading=\"lazy\" class=\"size-full wp-image-1088 aligncenter\" src=\"https:\/\/muraste.ee\/vana\/wp-content\/uploads\/2015\/11\/KYSK-Sisemin_logo_KodYhisk_toetuseks-Vektor-page-01.jpg\" alt=\"KYSK-Sisemin_logo_KodYhisk_toetuseks-Vektor-page-0\" width=\"693\" height=\"177\" srcset=\"https:\/\/muraste.ee\/vana\/wp-content\/uploads\/2015\/11\/KYSK-Sisemin_logo_KodYhisk_toetuseks-Vektor-page-01.jpg 693w, https:\/\/muraste.ee\/vana\/wp-content\/uploads\/2015\/11\/KYSK-Sisemin_logo_KodYhisk_toetuseks-Vektor-page-01-300x77.jpg 300w, https:\/\/muraste.ee\/vana\/wp-content\/uploads\/2015\/11\/KYSK-Sisemin_logo_KodYhisk_toetuseks-Vektor-page-01-624x159.jpg 624w\" sizes=\"(max-width: 693px) 100vw, 693px\" \/><\/a><\/h1>\n<h3>\u00a0S\u00f5brad l\u00e4hedalt ja kaugemalt<\/h3>\n<p><a href=\"http:\/\/www.vaanakulakoda.ee\/\" target=\"_blank\">V\u00e4\u00e4na K\u00fclaselts<\/a> | <a href=\"http:\/\/www.alasniiduselts.ee\/\" target=\"_blank\">Alasniidu selts<\/a> | <a href=\"http:\/\/www.kodusuurupi.eu\/\" target=\"_blank\">Kasev\u00e4lja selts <\/a>| <a href=\"http:\/\/suurupi.ee\/\" target=\"_blank\">Suurupi selts<\/a> | <a href=\"http:\/\/www.laevaselts.ee\/\" target=\"_blank\">Rannam\u00f5isa laevaselts<\/a> | <a href=\"https:\/\/www.facebook.com\/vjkulaselts\" target=\"_blank\">V\u00e4\u00e4na-J\u00f5esuu selts<\/a> | <a href=\"http:\/\/www.kumna.ee\/\" target=\"_blank\">Kumna k\u00fcla selts <\/a>| <a href=\"http:\/\/www.metsanurme.eu\/\" target=\"_blank\">Metsanurme selts<\/a> | <a href=\"http:\/\/www.parnamaekula.ee\/\">P\u00e4rnam\u00e4e k\u00fclaselts<\/a> | <a href=\"http:\/\/www.kolgakyla.ee\/mty.htm\" target=\"_blank\">Kolgak\u00fcla selts<\/a> | <a href=\"http:\/\/www.kautjalapatika.ee\/\" target=\"_blank\">Patika k\u00fcla\u00a0|<\/a>| <a href=\"http:\/\/www.xn--adraklaselts-hlb.ee\/\" target=\"_blank\">Adra k\u00fclaselts<\/a>\u00a0|<\/p>\n<h1>Toetajad<\/h1>\n<p><a href=\"http:\/\/maiasmokk.ee\/\" target=\"_blank\"><img decoding=\"async\" src=\"https:\/\/muraste.ee\/vana\/wp-content\/uploads\/2015\/11\/maiasmokk.png\" alt=\"maiasmokk\" height=\"100\" \/><\/a><a href=\"http:\/\/www.tallink.ee\/\" target=\"_blank\"><img decoding=\"async\" src=\"https:\/\/muraste.ee\/vana\/wp-content\/uploads\/2015\/11\/tallink-300x58.png\" alt=\"tallink\" height=\"70\" \/><\/a><a href=\"http:\/\/strantum.ee\/categories\/info\/\" target=\"_blank\"><img decoding=\"async\" src=\"https:\/\/muraste.ee\/vana\/wp-content\/uploads\/2015\/11\/tabasalu.png\" alt=\"tabasalu\" height=\"75\" \/><\/a><a href=\"http:\/\/www.tarplan.ee\/\" target=\"_blank\"><img decoding=\"async\" src=\"https:\/\/muraste.ee\/vana\/wp-content\/uploads\/2015\/11\/tarplan-300x171.png\" alt=\"tarplan\" height=\"100\" \/><\/a><a href=\"http:\/\/www.santamariaworld.com\/ee\/\" target=\"_blank\"><img decoding=\"async\" src=\"https:\/\/muraste.ee\/vana\/wp-content\/uploads\/2015\/11\/santamaria.png\" alt=\"santamaria\" height=\"72\" \/><\/a><\/p>\n<h1 style=\"text-align: center;\">T\u00e4name k\u00f5iki toredaid inimesi, kes k\u00fclaseltsi tegemistele kaasa aitavad.<\/h1>\n<h1 style=\"text-align: center;\">Koos teame rohkem,<br \/>\nkoos teeme rohkem,<br \/>\nkoos muudame k\u00fcla paremaks.<\/h1>\n","protected":false},"excerpt":{"rendered":"<p>&nbsp; Harku vald Muraste kool Kodaniku\u00fchiskonna Sihtkapital \u00a0S\u00f5brad l\u00e4hedalt ja kaugemalt V\u00e4\u00e4na K\u00fclaselts | Alasniidu selts | Kasev\u00e4lja selts | Suurupi selts | Rannam\u00f5isa laevaselts | V\u00e4\u00e4na-J\u00f5esuu selts | Kumna k\u00fcla selts | Metsanurme selts | P\u00e4rnam\u00e4e k\u00fclaselts | Kolgak\u00fcla selts | Patika k\u00fcla\u00a0|| Adra k\u00fclaselts\u00a0| Toetajad T\u00e4name k\u00f5iki toredaid inimesi, kes k\u00fclaseltsi tegemistele kaasa<a class=\"moretag\" href=\"https:\/\/muraste.ee\/vana\/?page_id=116\"><br \/>&#8230;Loe edasi<\/a><\/p>\n","protected":false},"author":1,"featured_media":0,"parent":0,"menu_order":0,"comment_status":"closed","ping_status":"closed","template":"page-templates\/full-width.php","meta":{"_bbp_topic_count":0,"_bbp_reply_count":0,"_bbp_total_topic_count":0,"_bbp_total_reply_count":0,"_bbp_voice_count":0,"_bbp_anonymous_reply_count":0,"_bbp_topic_count_hidden":0,"_bbp_reply_count_hidden":0,"_bbp_forum_subforum_count":0,"_mc_calendar":[]},"_links":{"self":[{"href":"https:\/\/muraste.ee\/vana\/index.php?rest_route=\/wp\/v2\/pages\/116"}],"collection":[{"href":"https:\/\/muraste.ee\/vana\/index.php?rest_route=\/wp\/v2\/pages"}],"about":[{"href":"https:\/\/muraste.ee\/vana\/index.php?rest_route=\/wp\/v2\/types\/page"}],"author":[{"embeddable":true,"href":"https:\/\/muraste.ee\/vana\/index.php?rest_route=\/wp\/v2\/users\/1"}],"replies":[{"embeddable":true,"href":"https:\/\/muraste.ee\/vana\/index.php?rest_route=%2Fwp%2Fv2%2Fcomments&post=116"}],"version-history":[{"count":29,"href":"https:\/\/muraste.ee\/vana\/index.php?rest_route=\/wp\/v2\/pages\/116\/revisions"}],"predecessor-version":[{"id":1129,"href":"https:\/\/muraste.ee\/vana\/index.php?rest_route=\/wp\/v2\/pages\/116\/revisions\/1129"}],"wp:attachment":[{"href":"https:\/\/muraste.ee\/vana\/index.php?rest_route=%2Fwp%2Fv2%2Fmedia&parent=116"}],"curies":[{"name":"wp","href":"https:\/\/api.w.org\/{rel}","templated":true}]}}