{"id":1206,"date":"2016-04-04T15:59:31","date_gmt":"2016-04-04T12:59:31","guid":{"rendered":"https:\/\/muraste.ee\/vana\/?page_id=1206"},"modified":"2016-04-04T16:03:33","modified_gmt":"2016-04-04T13:03:33","slug":"nadal-12","status":"publish","type":"page","link":"https:\/\/muraste.ee\/vana\/?page_id=1206","title":{"rendered":"N\u00e4dal 12"},"content":{"rendered":"<p><strong>N\u00c4DAL12 MURASTES<\/strong> ehk tegevused Muraste koolimajas, kogukonnakeskuses, spordihoones,<br \/>\n(SP spordisaal, KO kogukonnakeskuse ruum, AT aatrium, KL klassiruum)<\/p>\n<p><strong>Esmasp\u00e4ev 21. m\u00e4rts &#8211; rahvusvaheline luulep\u00e4ev.<\/strong><br \/>\nkl 16.45 KO, V\u00e4ikekannel algajatele (lapsed). (Maria Vessmann 5058495)<br \/>\nkl 17.30 KO, V\u00e4ikekandleansambel LiULi (Maria Vessmann 5058495)<br \/>\nkl 19.00 KO V\u00e4ikekannel algajatele (Maria Vessmann 5058495, \u00fcle n\u00e4dala), uued huvilised oodatud!<br \/>\nkl 19 AT, Naiskoor &#8220;Meretule&#8221;. J\u00e4tkuvalt v\u00f5imalus liituda toreda laulurahvaga: kui k\u00f5hkled, tule kindlasti!<br \/>\nkl 20 SP, Zumba<\/p>\n<p><strong>Teisip\u00e4ev 22. m\u00e4rts<\/strong><br \/>\nkl 18 KL, Inglise keele kursus uuesti alustajatele.<br \/>\nkl 18.30-19.45 AT, UUS! 22.m\u00e4rts &#8211; 10.mai &#8211; Seltskonnatantsu j\u00e4tkukursus. Vt lisatud kuulutust!<br \/>\nkl 18.30-19.45 AT, UUS! 17.mai- 14.juuni &#8211; Seltskonnatantsu algajate intensiivkursus, Vt listatud kuulutust!<br \/>\nkl 19.45 AT, Seltskonnatantsude harjutustund -v\u00f5imalus \u00f5pitut kinnistada ja toredas seltskonnas jalga keerutada. Osalus 5 \u20ac\/in<br \/>\nkl 19 SP, V\u00f5rkpall mehed\/naised.<\/p>\n<p><strong>Kolmap\u00e4ev 23. m\u00e4rts<\/strong><br \/>\nkl 18.45 AT, Kundalini jooga<br \/>\nkl 18.30 KO, K\u00fclaseltsi juhatuse koosolek<br \/>\nkl 19 SP, Korvpall meestele (ruumi jagub ikka uutele m\u00e4ngijatele!)<\/p>\n<p><strong>Neljap\u00e4ev 24. m\u00e4rts<\/strong><br \/>\nkl 18.30 SP, Korvpall naistele! (ruumi jagub ikka uutele m\u00e4ngijatele!)<br \/>\nkl 20 SP, Zumba<\/p>\n<p><strong>P\u00fchap\u00e4ev, 27. m\u00e4rts<\/strong><br \/>\nkl 16.30 AT, Ladina-Ameerika seltskonnatantsud (salsa, bachata, cha-cha jne). Juhendab Pirje Laagus. Info 56614471, Pirje Laagus)<\/p>\n","protected":false},"excerpt":{"rendered":"<p>N\u00c4DAL12 MURASTES ehk tegevused Muraste koolimajas, kogukonnakeskuses, spordihoones, (SP spordisaal, KO kogukonnakeskuse ruum, AT aatrium, KL klassiruum) Esmasp\u00e4ev 21. m\u00e4rts &#8211; rahvusvaheline luulep\u00e4ev. kl 16.45 KO, V\u00e4ikekannel algajatele (lapsed). (Maria Vessmann 5058495) kl 17.30 KO, V\u00e4ikekandleansambel LiULi (Maria Vessmann 5058495) kl 19.00 KO V\u00e4ikekannel algajatele (Maria Vessmann 5058495, \u00fcle n\u00e4dala), uued huvilised oodatud! kl 19<a class=\"moretag\" href=\"https:\/\/muraste.ee\/vana\/?page_id=1206\"><br \/>&#8230;Loe edasi<\/a><\/p>\n","protected":false},"author":2,"featured_media":0,"parent":0,"menu_order":0,"comment_status":"closed","ping_status":"closed","template":"nadalakava.php","meta":{"_bbp_topic_count":0,"_bbp_reply_count":0,"_bbp_total_topic_count":0,"_bbp_total_reply_count":0,"_bbp_voice_count":0,"_bbp_anonymous_reply_count":0,"_bbp_topic_count_hidden":0,"_bbp_reply_count_hidden":0,"_bbp_forum_subforum_count":0,"_mc_calendar":[]},"_links":{"self":[{"href":"https:\/\/muraste.ee\/vana\/index.php?rest_route=\/wp\/v2\/pages\/1206"}],"collection":[{"href":"https:\/\/muraste.ee\/vana\/index.php?rest_route=\/wp\/v2\/pages"}],"about":[{"href":"https:\/\/muraste.ee\/vana\/index.php?rest_route=\/wp\/v2\/types\/page"}],"author":[{"embeddable":true,"href":"https:\/\/muraste.ee\/vana\/index.php?rest_route=\/wp\/v2\/users\/2"}],"replies":[{"embeddable":true,"href":"https:\/\/muraste.ee\/vana\/index.php?rest_route=%2Fwp%2Fv2%2Fcomments&post=1206"}],"version-history":[{"count":2,"href":"https:\/\/muraste.ee\/vana\/index.php?rest_route=\/wp\/v2\/pages\/1206\/revisions"}],"predecessor-version":[{"id":1211,"href":"https:\/\/muraste.ee\/vana\/index.php?rest_route=\/wp\/v2\/pages\/1206\/revisions\/1211"}],"wp:attachment":[{"href":"https:\/\/muraste.ee\/vana\/index.php?rest_route=%2Fwp%2Fv2%2Fmedia&parent=1206"}],"curies":[{"name":"wp","href":"https:\/\/api.w.org\/{rel}","templated":true}]}}