{"id":1223,"date":"2016-04-04T19:09:40","date_gmt":"2016-04-04T16:09:40","guid":{"rendered":"https:\/\/muraste.ee\/vana\/?page_id=1223"},"modified":"2016-08-16T14:05:13","modified_gmt":"2016-08-16T11:05:13","slug":"nadal-10","status":"publish","type":"page","link":"https:\/\/muraste.ee\/vana\/?page_id=1223","title":{"rendered":"N\u00e4dal 10"},"content":{"rendered":"<p><u><strong>Esmasp\u00e4ev 7. m\u00e4rts<\/strong><\/u><br \/>\nkl 14-17 SP, Judoklubi AITADO<br \/>\nkl 17-18 SP, K\u00e4sipalliklubi HC Tallinn (tel 5510440)<br \/>\nkl 16.30 KL, Beebikool (Kristi Baumann, 5658959) &#8211; uued p\u00f5nnid on ikka oodatud!<br \/>\nkl 16-17.30 KO, Klaveritunnid lastele, juhendab Katrin J\u00e4rvlepp (<a href=\"mailto:katrinjarvlepp362@gmail.com\" target=\"_blank\">katrinjarvlepp362@gmail.com<\/a>) (grupp komplekteeritud).<br \/>\nkl 16.30 KO, V\u00e4ikekannel algajatele (lapsed, \u00fcle n\u00e4dala).\u00a0(Maria Vessmann 5058495)<br \/>\nkl 17.30 KO, V\u00e4ikekandleansambel\u00a0LiULi (Maria Vessmann 5058495) LiULi (\u00fcle n\u00e4dala. lapsed))<br \/>\nkl 19.00 KO V\u00e4ikekannel\u00a0algajatele (Maria Vessmann 5058495, \u00fcle n\u00e4dala), uued huvilised oodatud!<br \/>\nkl 19 AT, Naiskoor &#8220;Meretule&#8221;. J\u00e4tkuvalt v\u00f5imalus liituda toreda laulurahvaga: kui k\u00f5hkled, tule kindlasti!<br \/>\nkl 20 SP, Zumba<\/p>\n<p><u><strong>Teisip\u00e4ev 8. m\u00e4rts &#8211; naistep\u00e4ev!<\/strong><\/u><br \/>\nkl 14.00-15.30 SP, Tabasalu Palliklubi (tel 5136060)<br \/>\nKl 16-17 SP, Harju Jalgpallikool<br \/>\nKl 18-19 SP, Sulgpall (klubi liikmed)<br \/>\nkl 14.30 KO, Fa Stuudio (fl\u00f6\u00f6diring lastele)<br \/>\nkl 16.30-17.30 AT, <strong>UUS!<\/strong> Alates 15. m\u00e4rtsist \u00a0Revalia tanstsukooli v\u00f5istlustantsuring lastele. Juhendab Helen Klandorf-Sadam (vt kuulutust)<br \/>\nkl 18 KL, Inglise keele vestlusring, juhendab James Gill. K\u00f5ik uued osalejad-keelehuvilised on oodatud!<br \/>\nkl 18 KL, \u00a0Inglise keele kursus\u00a0uuesti alustajatele (grupp on komplekteeritud).<br \/>\nkl 18.30-19.45 AT, Seltskonnatantsu algajate kursus<br \/>\nkl 18.30-19.45 AT, <strong>UUS! <\/strong>\u00a022.m\u00e4rts &#8211; <span class=\"il\">10<\/span>.mai &#8211; Seltskonnatantsu j\u00e4tkukursus. Vt lisatud kuulutust!<br \/>\nkl 18.30-19.45 AT, <strong>UUS! <\/strong>\u00a017.mai- 14.juuni &#8211;\u00a0\u00a0Seltskonnatantsu algajate intensiivkursus, Vt listatud kuulutust!<br \/>\nkl 19.45 AT, Seltskonnatantsude harjutustund -v\u00f5imalus \u00f5pitut kinnistada ja toredas seltskonnas jalga keerutada. Osalus 5 \u20ac\/in<br \/>\nkl 19 SP, V\u00f5rkpall mehed\/naised.<br \/>\n<span style=\"color: #0000ff;\"><strong>\u00a0<\/strong><\/span><br \/>\n<u><strong>Kolmap\u00e4ev 9. m\u00e4rts\u00a0<\/strong><\/u><br \/>\nkl 14-17 SP, Judoklubi AITADO<br \/>\nKl 17-18 SP, K\u00e4sipalliklubi HC Tallinn (tel 5510440)<br \/>\nkl 18 KL, Kunstip\u00f5hine diaadit\u00f6\u00f6. Juhendaja: \u00d5nne Aas-Udam. Grupp on komplekteeritud (t\u00e4psem info: <a href=\"mailto:helve.keel@harku.ee\" target=\"_blank\">helve.keel@harku.ee<\/a>)<br \/>\nkl 18.45 AT, Kundalini jooga<br \/>\nkl 18.30 KO, K\u00fclaseltsi juhatuse koosolek<br \/>\nkl 19 SP, Korvpall meestele (ruumi jagub ikka uutele m\u00e4ngijatele!)<\/p>\n<p><strong><u>Neljap\u00e4ev <span class=\"il\">10<\/span>. m\u00e4rts<\/u><\/strong><br \/>\nkl 13.35-14.15 SP,\u00a0Seenioride tervisev\u00f5imlemine (kogunemine 15 min enne treeningu algust). Osalus 3\u20ac. Juhendab Anne Kaar, NB! V\u00f5imalik aja muutus! Osalejad, t\u00e4psustame aja ja anname sellest teada FB vahendusel. K\u00fcsi lisa 5253128<br \/>\nkl.14.15-15.30 SP, Tabasalu Palliklubi (tel 5136060)<br \/>\nkl 16-17 SP, Harju Jalgpallikool<br \/>\nkl 16.30-17.30 AT, <strong>UUS! <\/strong>Alates 15. m\u00e4rtsist Revalia tantsukooli v\u00f5istlustantsuring lastele. Juhendab Helen Klandorf-Sadam (vt kuulutust).<br \/>\nkl 17- 18.30 SP, Tabasalu Jalgpalliklubi<br \/>\nkl 18.30 SP, Korvpall naistele! (ruumi jagub ikka uutele m\u00e4ngijatele!)<br \/>\nkl 20 SP, Zumba<br \/>\nkl 19 AT.\u00a0Parim v\u00f5imalus teha endale, abikaasale, armsamale, s\u00f5brale, vanematele kena kingitus on tulla \u00fcheskoos <strong>NELJAP\u00c4EVAL, <span class=\"il\">10<\/span>. M\u00c4RTSIL KELL 19<\/strong> Muraste koolimajja kaunile akustilisele kontserdile. \u00a0<strong>KOIT TOOME ja JORMA PUUSAAG<\/strong>toovad teieni kaheosalise kontserdi s\u00fcdamest s\u00fcdamesse mineva paremikuga <strong>Koit Toome ja Jaak Joala<\/strong> repertuaarist. (VT plakatit).<br \/>\nKoolimaja avatakse kontserdiks juba kell 18 \u2013 t\u00f6\u00f6tab KOHVIK, kus saab nautida omak\u00fcla ettev\u00f5tjate h\u00f5rke suupisteid (Rannikupeod, Seller).<br \/>\nPILETID Muraste kogukonnakeskuses (Lee tee 9, Muraste, Harku vald; E-N <span class=\"il\">10<\/span>-20, R <span class=\"il\">10<\/span>-16) eelm\u00fc\u00fcgis 12\u20ac; kontserdip\u00e4eval 15\u20ac.<br \/>\nNB! Lisav\u00f5imalus osta pilet ilma eelnevalt kohale tulemata;<br \/>\n1) kanna piletiraha Muraste k\u00fclaselts MT\u00dc kontole EE221010220201766227 (kindlasti just sellele sihtotstarbega tehtud erikontole!!!).<br \/>\n2) Maksekorraldusele kirjuta: kontsert, mitu piletit ja nimi ning seej\u00e4rel tee selle kohta v\u00e4ike teavitus <a href=\"mailto:kogukonnakeskus@muraste.ee\" target=\"_blank\">kogukonnakeskus@muraste.ee<\/a>.<br \/>\n3) Niimoodi ostetud piletid saab mugavalt k\u00e4tte enne kontserdi algust koolimaja peasissek\u00e4igu juures oleva piletim\u00fc\u00fcgilaua juures (piletitele on m\u00e4rgitud siis sinu nimi). Muidugi v\u00f5id piletitele Muraste kogukonnakeskusesse j\u00e4rele tulla ka varem!<br \/>\nInfo ja broneerimine <a href=\"mailto:kogukonnakeskus@muraste.ee\" target=\"_blank\">kogukonnakeskus@muraste.ee<\/a>, 5253128<\/p>\n<p><u><strong>Reede, 11.\u00a0m\u00e4rts<\/strong><\/u><br \/>\nKl 14.30-15.30 SP, K\u00e4sipalliklubi HC Tallinn (tel 5510440)<br \/>\nkl 12.50-13.15 KL, V\u00e4ikekandle ring lastele. Juhendab Katrin J\u00e4rvlepp (lisainfo<a href=\"mailto:katrinjarvlepp362@gmail.com\" target=\"_blank\">katrinjarvlepp362@gmail.com<\/a>)<br \/>\nkl 13.15-14.45 KL, Klaveritunnid lastele. Juhendab Katrin J\u00e4rvlepp (lisainfo<a href=\"mailto:katrinjarvlepp362@gmail.com\" target=\"_blank\">katrinjarvlepp362@gmail.com<\/a>)<\/p>\n<p><strong><u>P\u00fchap\u00e4ev, 6.\u00a0m\u00e4rts<\/u><\/strong><br \/>\nkl 11 KO, L\u00e4\u00e4ne-Harju koerakasvatajate klubi kasvatajate t\u00e4iendkoolitus (info\u00a0<a href=\"mailto:info@lhkkk.eu\" target=\"_blank\">info@lhkkk.eu<\/a>\u00a0)<br \/>\nkl 16.30 AT, Ladina-Ameerika seltskonnatantsud (salsa, bachata, cha-cha jne).\u00a0Juhendab Pirje Laagus. <strong>UUS!<\/strong> Alates 13. m\u00e4rtsist\u00a0\u00a0alustab uus<strong>algajate<\/strong>\u00a0Ladina\u00a0soolo- ja paaristantsu\u00a0kursus! Vajalik eelregistreerumine hiljemalt<span class=\"il\">10<\/span>. m\u00e4rtsiks. Tunnid hakkavad toimuma p\u00fchap\u00e4eviti kl 15.00-16.00, soovi korral ka n\u00e4dala sees.\u00a0Info ja registreerumine 56614471, Pirje Laagus)<\/p>\n","protected":false},"excerpt":{"rendered":"<p>Esmasp\u00e4ev 7. m\u00e4rts kl 14-17 SP, Judoklubi AITADO kl 17-18 SP, K\u00e4sipalliklubi HC Tallinn (tel 5510440) kl 16.30 KL, Beebikool (Kristi Baumann, 5658959) &#8211; uued p\u00f5nnid on ikka oodatud! kl 16-17.30 KO, Klaveritunnid lastele, juhendab Katrin J\u00e4rvlepp (katrinjarvlepp362@gmail.com) (grupp komplekteeritud). kl 16.30 KO, V\u00e4ikekannel algajatele (lapsed, \u00fcle n\u00e4dala).\u00a0(Maria Vessmann 5058495) kl 17.30 KO, V\u00e4ikekandleansambel\u00a0LiULi (Maria<a class=\"moretag\" href=\"https:\/\/muraste.ee\/vana\/?page_id=1223\"><br \/>&#8230;Loe edasi<\/a><\/p>\n","protected":false},"author":2,"featured_media":0,"parent":0,"menu_order":0,"comment_status":"closed","ping_status":"closed","template":"nadalakava.php","meta":{"_bbp_topic_count":0,"_bbp_reply_count":0,"_bbp_total_topic_count":0,"_bbp_total_reply_count":0,"_bbp_voice_count":0,"_bbp_anonymous_reply_count":0,"_bbp_topic_count_hidden":0,"_bbp_reply_count_hidden":0,"_bbp_forum_subforum_count":0,"_mc_calendar":[]},"_links":{"self":[{"href":"https:\/\/muraste.ee\/vana\/index.php?rest_route=\/wp\/v2\/pages\/1223"}],"collection":[{"href":"https:\/\/muraste.ee\/vana\/index.php?rest_route=\/wp\/v2\/pages"}],"about":[{"href":"https:\/\/muraste.ee\/vana\/index.php?rest_route=\/wp\/v2\/types\/page"}],"author":[{"embeddable":true,"href":"https:\/\/muraste.ee\/vana\/index.php?rest_route=\/wp\/v2\/users\/2"}],"replies":[{"embeddable":true,"href":"https:\/\/muraste.ee\/vana\/index.php?rest_route=%2Fwp%2Fv2%2Fcomments&post=1223"}],"version-history":[{"count":3,"href":"https:\/\/muraste.ee\/vana\/index.php?rest_route=\/wp\/v2\/pages\/1223\/revisions"}],"predecessor-version":[{"id":2187,"href":"https:\/\/muraste.ee\/vana\/index.php?rest_route=\/wp\/v2\/pages\/1223\/revisions\/2187"}],"wp:attachment":[{"href":"https:\/\/muraste.ee\/vana\/index.php?rest_route=%2Fwp%2Fv2%2Fmedia&parent=1223"}],"curies":[{"name":"wp","href":"https:\/\/api.w.org\/{rel}","templated":true}]}}