{"id":129,"date":"2015-11-23T20:36:30","date_gmt":"2015-11-23T18:36:30","guid":{"rendered":"https:\/\/muraste.ee\/vana\/?page_id=129"},"modified":"2023-01-23T18:37:15","modified_gmt":"2023-01-23T16:37:15","slug":"reklaamiteenuste-kord-ja-hinnakiri","status":"publish","type":"page","link":"https:\/\/muraste.ee\/vana\/?page_id=129","title":{"rendered":"Reklaamiteenuste kord ja hinnakiri"},"content":{"rendered":"<p><strong>Muraste k\u00fclaseltsi teabe avaldamise kord<\/strong><\/p>\n<p>Kinnitatud\u00a0Muraste k\u00fclaseltsi juhatuse\u00a015. oktoobri 2014. a otsusega<\/p>\n<p style=\"text-align: justify;\">\u00a7 1. Korra eesm\u00e4rk<br \/>\nKord m\u00e4\u00e4ratleb info vahenduseks m\u00f5eldud teabekanalid, teabe liigid ja teabe avaldamise protsessid ning toob v\u00e4lja erandid korra rakendamisel.<\/p>\n<p style=\"text-align: justify;\">\u00a7 2. Pakutavad teabekanalid<br \/>\n(1) Muraste k\u00fclaseltsi teabekanalid on k\u00fclaseltsi e-posti loend, sotsiaalmeedia Facebook Muraste k\u00fclaseltsi seinaleht ja muraste.ee veebileht. Teabekanalite vahendusel j\u00f5utakse v\u00e4hemalt 500 Muraste pereni. Koos Facebooki seina ja kodulehek\u00fcljega levib teave 2000-3000 inimeseni. K\u00fclaseltsi teabekanalitega liitujate arv kasvab iga kuuga.<\/p>\n<p style=\"text-align: justify;\"><img decoding=\"async\" loading=\"lazy\" class=\"alignright\" src=\"http:\/\/previews.123rf.com\/images\/funniefarm5\/funniefarm51208\/funniefarm5120800075\/14733114-Cork-bulletin-board-with-notes--Stock-Photo-postit.jpg\" alt=\"\" width=\"244\" height=\"182\" \/><\/p>\n<p style=\"text-align: justify;\">(2) Tasuta avaldab Muraste k\u00fclaselts teavet:<br \/>\n1) k\u00fclaseltsi kohta;<br \/>\n2) k\u00fclaseltsi poolt korraldatavate \u00fcrituste kohta;<br \/>\n3) riigi-, kohaliku omavalitsuse ning muude MT\u00dc-de poolt tasuta pakutavate teenuste ja kaupade kohta;<br \/>\n4) avalikkust puudutava teabe kohta;<br \/>\n5) heategevuse kohta (vabatahtlik abi, kinkimine).<br \/>\n(3) Tasu eest avaldab Muraste k\u00fclaselts teavet, mis ei liigitu k\u00e4esoleva paragrahvi l\u00f5ike 2 punktide 1-5 alla.<\/p>\n<p style=\"text-align: justify;\">\u00a7 3. Tasu m\u00e4\u00e4rad<br \/>\n(1) Teabekanalites avaldatav \u00fchekordne teabe avaldamine maksab <strong>10 \u20ac<\/strong>. Nimetatud tasu kannab teabe omanik Muraste k\u00fclaseltsi arvelduskontole EE707700771008624144.<br \/>\n(2) \u00dchekodne avaldamine on teate \u00fchekordne edastamine k\u00fclaselti e-posti aadressaatidele ja kuvamine 30 kalendrip\u00e4eva jooksul muraste.ee ja facebook.com\/MurasteKylaselts kodulehel.<\/p>\n<p style=\"text-align: justify;\">\u00a7 4. N\u00f5uded teabele<br \/>\n(1) Avaldatav teave peab vastama j\u00e4rgmistele n\u00f5uetele:<br \/>\n1) kogu teabe tekstiline ja kujunduslik sisu peab olema avaldamisk\u00f5lbulik ja l\u00f5puni viimistletud;<br \/>\n2) olema koosk\u00f5las reklaamiseaduse ning heade tavadega;<br \/>\n3) teabega fail ei tohiks \u00fcletada 1 MB;<br \/>\n4) teabega fail peab olema JPEG-formaadis.<br \/>\n(2) K\u00fclaselts ei vastuta avaldatava teabe sisu eest.<\/p>\n<p style=\"text-align: justify;\">\u00a7 5. Teabe avaldamise protsess<br \/>\n(1) Paragrahvi 4 n\u00f5uetele vastav teave saadetakse teabe omaniku poolt Muraste k\u00fclaseltsi e-posti aadressile kogukonnakeskus@muraste.ee.<br \/>\n(2) K\u00fclaselts koosk\u00f5lastab vajadusel teabe koos teabe omanikuga.<br \/>\n(3) Koosk\u00f5lastuse saanud teabe avaldamiseks tasub teabe omanik paragrahvis 3 toodud tasu.<br \/>\n(4) Teave avaldatakse k\u00fclaseltsi poolt kolme t\u00f6\u00f6 p\u00e4eva jooksul alates tasu laekumisest. Kiireloomulise teabe korral on v\u00f5imalik protsessi kokkuleppel kiirendada.<br \/>\n(5) Teave kuulub avaldamisele \u00fchekordselt paragrahvi 2 l\u00f5ikes 1 toodud teabekanalites.<br \/>\n(6) Soovi korral on v\u00f5imalik tasu eest osta teabe avaldamist mitu korda.<br \/>\n(7) M\u00f5juva kaebuse korral on k\u00fclaseltsil \u00f5igus teave eemaldada teabekanalitest viivitamata.<\/p>\n<p style=\"text-align: justify;\">\u00a7 6. Erandid<br \/>\n(1) K\u00fclaseltsi juhatuse otsuse alusel on \u00f5igus loobuda paragrahvi 3 l\u00f5ikes 1 s\u00e4testatud tasust ning avaldada teave tasuta.<br \/>\n(2) Eris\u00e4ttena on kokkuleppel k\u00fclaseltsi juhatusega v\u00f5imalik tasuda teabe avaldamise eest esemelise v\u00f5i rahalise annetusega Muraste Heatoe Fondi. Annetatava toote v\u00f5i teenuse hind ei v\u00f5i olla v\u00e4iksem, kui k\u00e4esolevas korras kehtestatud tasu m\u00e4\u00e4r.<\/p>\n<p style=\"text-align: justify;\">\u00a7 7. Korra j\u00f5ustumine<br \/>\nK\u00e4esolev kord j\u00f5ustub selle kinnitamisega Muraste k\u00fclaseltsi juhatuse poolt.<\/p>\n","protected":false},"excerpt":{"rendered":"<p>Muraste k\u00fclaseltsi teabe avaldamise kord Kinnitatud\u00a0Muraste k\u00fclaseltsi juhatuse\u00a015. oktoobri 2014. a otsusega \u00a7 1. Korra eesm\u00e4rk Kord m\u00e4\u00e4ratleb info vahenduseks m\u00f5eldud teabekanalid, teabe liigid ja teabe avaldamise protsessid ning toob v\u00e4lja erandid korra rakendamisel. \u00a7 2. Pakutavad teabekanalid (1) Muraste k\u00fclaseltsi teabekanalid on k\u00fclaseltsi e-posti loend, sotsiaalmeedia Facebook Muraste k\u00fclaseltsi seinaleht ja muraste.ee veebileht. Teabekanalite<a class=\"moretag\" href=\"https:\/\/muraste.ee\/vana\/?page_id=129\"><br \/>&#8230;Loe edasi<\/a><\/p>\n","protected":false},"author":1,"featured_media":0,"parent":0,"menu_order":0,"comment_status":"closed","ping_status":"closed","template":"page-templates\/full-width.php","meta":{"_bbp_topic_count":0,"_bbp_reply_count":0,"_bbp_total_topic_count":0,"_bbp_total_reply_count":0,"_bbp_voice_count":0,"_bbp_anonymous_reply_count":0,"_bbp_topic_count_hidden":0,"_bbp_reply_count_hidden":0,"_bbp_forum_subforum_count":0,"_mc_calendar":[]},"_links":{"self":[{"href":"https:\/\/muraste.ee\/vana\/index.php?rest_route=\/wp\/v2\/pages\/129"}],"collection":[{"href":"https:\/\/muraste.ee\/vana\/index.php?rest_route=\/wp\/v2\/pages"}],"about":[{"href":"https:\/\/muraste.ee\/vana\/index.php?rest_route=\/wp\/v2\/types\/page"}],"author":[{"embeddable":true,"href":"https:\/\/muraste.ee\/vana\/index.php?rest_route=\/wp\/v2\/users\/1"}],"replies":[{"embeddable":true,"href":"https:\/\/muraste.ee\/vana\/index.php?rest_route=%2Fwp%2Fv2%2Fcomments&post=129"}],"version-history":[{"count":8,"href":"https:\/\/muraste.ee\/vana\/index.php?rest_route=\/wp\/v2\/pages\/129\/revisions"}],"predecessor-version":[{"id":9499,"href":"https:\/\/muraste.ee\/vana\/index.php?rest_route=\/wp\/v2\/pages\/129\/revisions\/9499"}],"wp:attachment":[{"href":"https:\/\/muraste.ee\/vana\/index.php?rest_route=%2Fwp%2Fv2%2Fmedia&parent=129"}],"curies":[{"name":"wp","href":"https:\/\/api.w.org\/{rel}","templated":true}]}}