{"id":1418,"date":"2016-04-13T14:51:10","date_gmt":"2016-04-13T11:51:10","guid":{"rendered":"https:\/\/muraste.ee\/vana\/?page_id=1418"},"modified":"2016-08-16T14:07:34","modified_gmt":"2016-08-16T11:07:34","slug":"nadal-15","status":"publish","type":"page","link":"https:\/\/muraste.ee\/vana\/?page_id=1418","title":{"rendered":"N\u00e4dal 15"},"content":{"rendered":"<div id=\"main\" class=\"wrapper\">\n<div id=\"primary\" class=\"site-content\">\n<div id=\"content\">\n<article id=\"post-945\" class=\"post-945 page type-page status-publish hentry\">\n<div class=\"entry-content\">\n<p><strong>N\u00c4DAL 15\u00a0MURASTES<br \/>\n<\/strong>11.-17. aprill 2016<strong><br \/>\nehk tegevused Muraste koolimajas, kogukonnakeskuses, spordihoones,<br \/>\n<\/strong>(SP spordisaal, KO kogukonnakeskuse ruum, AT aatrium, KL klassiruum)<\/p>\n<p><strong>Esmasp\u00e4ev, 11. aprill<\/strong><br \/>\nkl 14-17 SP, Judoklubi AITADO<br \/>\nkl 17-18 SP, K\u00e4sipalliklubi HC Tallinn (tel 5510440)<br \/>\nkl 16.30 KL, Beebikool (Kristi Baumann, 5658959) \u2013 uued p\u00f5nnid on ikka oodatud!<img decoding=\"async\" loading=\"lazy\" class=\"alignright\" src=\"https:\/\/scontent-arn2-1.xx.fbcdn.net\/hphotos-xtp1\/v\/t1.0-9\/12928169_936936863071672_7297229904979180902_n.jpg?oh=6e3af9d84173ff3679ae4348fa9940eb&amp;oe=577A8F75\" alt=\"\" width=\"253\" height=\"535\" \/><br \/>\nkl 16-17.30 KO(KL, Klaveritunnid lastele, juhendab Katrin J\u00e4rvlepp (katrinjarvlepp362@gmail.com) (grupp komplekteeritud).<br \/>\nkl 16.45 KO, V\u00e4ikekannel algajatele (lapsed). (Maria Vessmann 5058495)<br \/>\nkl 17.30 KO, V\u00e4ikekandleansambel LiULi (Maria Vessmann 5058495)<br \/>\nkl 19.00 KO V\u00e4ikekannel algajatele (Maria Vessmann 5058495, \u00fcle n\u00e4dala), uued huvilised oodatud!<br \/>\nkl 19 AT, Naiskoor \u201cMeretule\u201d. J\u00e4tkuvalt v\u00f5imalus liituda toreda laulurahvaga: kui k\u00f5hkled, tule kindlasti!<br \/>\nkl 20 Zumba!<\/p>\n<p><strong>Teisip\u00e4ev 12. aprill<\/strong><br \/>\nkl 14.00-15.30 SP, Tabasalu Palliklubi (tel 5136060)<br \/>\nkl 16-17 SP, Harju Jalgpallikool<br \/>\nkl 14.30 KO, Fa Stuudio (fl\u00f6\u00f6diring lastele)<br \/>\nkl 18 KL, Inglise keele vestlusring, juhendab James Gill. K\u00f5ik uued osalejad \u2013 keelehuvilised on oodatud!<br \/>\nkl 18 KL, Inglise keele kursus uuesti alustajatele (NB! paaril huvilisel on veel v\u00f5imalus liituda \u00e4sja alustanud grupiga!).<br \/>\nkl 18.30-19.45 AT, UUS! 22.m\u00e4rts \u2013 10.mai \u2013 Seltskonnatantsu j\u00e4tkukursus. Vt lisatud kuulutust!<img decoding=\"async\" loading=\"lazy\" class=\"alignright\" src=\"https:\/\/scontent-arn2-1.xx.fbcdn.net\/hphotos-xtl1\/t31.0-8\/s960x960\/12901207_936934483071910_8928187224989866715_o.jpg\" alt=\"\" width=\"263\" height=\"340\" \/><br \/>\nkl 18.30-19.45 AT, UUS! 17.mai- 14.juuni \u2013 Seltskonnatantsu algajate intensiivkursus, Vt listatud kuulutust!<br \/>\nkl 18.30 <strong>K\u00e4sit\u00f6\u00f6tuba:<\/strong> Heegeldame koos \u00dcllega. Vihjeks: Vabaheegeldamine (freedom crochet) t\u00e4hendab seda, et heegeldatakse ilma mustrita, lubatud on k\u00f5ik v\u00f5tted igasugustes kombinatsioonides ning kasutatakse erinevaid l\u00f5ngu. \u00a0Teeme koos!<br \/>\nkl 19.45 AT, Seltskonnatantsude harjutustund -v\u00f5imalus \u00f5pitut kinnistada ja toredas seltskonnas jalga keerutada. Osalus 5 \u20ac\/in<br \/>\nkl 19 SP, V\u00f5rkpall mehed\/naised.<\/p>\n<p><strong>Kolmap\u00e4ev 13. aprill<\/strong><br \/>\nkl 14-17 SP, Judoklubi AITADO<br \/>\nKl 17-18 SP, K\u00e4sipalliklubi HC Tallinn (tel 5510440)<br \/>\nkl 18.45 AT, Kundalini jooga<br \/>\nkl 18.30 KO, K\u00fclaseltsi juhatuse koosolek<br \/>\nkl 19 SP, Korvpall meestele (NB! ruumi jagub ikka uutele m\u00e4ngijatele!)<\/p>\n<p><strong>Neljap\u00e4ev 14. aprill<\/strong><br \/>\nkl.14.15-15.30 SP, Tabasalu Palliklubi (tel 5136060)<br \/>\nkl 16-17 SP, Harju Jalgpallikool<br \/>\nkl 17- 18.30 SP, Tabasalu Jalgpalliklubi<br \/>\nkl 18.30 SP, Korvpall naistele! (NB! Uue m\u00e4ngijad on v\u00e4ga oodatud!)<br \/>\nkl 18 KO, ATH-laste vanemate tugigrupp. K\u00f5ik huvilised on oodatud! (info: \u00d5nne Aas-Udam)<br \/>\nkl 19 KL, Suvealguse lennuka perep\u00e4eva korraldustoimkonna koosolek<br \/>\nkl 20 SP, Zumba<\/p>\n<p><strong>Reede, 15. aprill<br \/>\n<\/strong>kl 14.30-15.30 SP, K\u00e4sipalliklubi HC Tallinn (tel 5510440)<br \/>\nkl 12.50-13.15 KL, V\u00e4ikekandle ring lastele. Juhendab Katrin J\u00e4rvlepp (lisainfo katrinjarvlepp362@gmail.com)<br \/>\nkl 13.15-14.45 KL, Klaveritunnid lastele. Juhendab Katrin J\u00e4rvlepp (lisainfo katrinjarvlepp362@gmail.com)<strong><a href=\"https:\/\/muraste.ee\/vana\/wp-content\/uploads\/2016\/03\/seenoior.jpg\" rel=\"attachment wp-att-1357\"><img decoding=\"async\" loading=\"lazy\" class=\" wp-image-1357 alignright\" src=\"https:\/\/muraste.ee\/vana\/wp-content\/uploads\/2016\/03\/seenoior-300x200.jpg\" sizes=\"(max-width: 297px) 100vw, 297px\" srcset=\"https:\/\/muraste.ee\/vana\/wp-content\/uploads\/2016\/03\/seenoior-300x200.jpg 300w, https:\/\/muraste.ee\/vana\/wp-content\/uploads\/2016\/03\/seenoior-768x512.jpg 768w, https:\/\/muraste.ee\/vana\/wp-content\/uploads\/2016\/03\/seenoior-1024x682.jpg 1024w, https:\/\/muraste.ee\/vana\/wp-content\/uploads\/2016\/03\/seenoior-624x416.jpg 624w, https:\/\/muraste.ee\/vana\/wp-content\/uploads\/2016\/03\/seenoior.jpg 1300w\" alt=\"seenoior\" width=\"297\" height=\"198\" \/><\/a><\/strong><br \/>\nkl 15.30 SP, <strong>Seenioride v\u00f5imlemine<\/strong>. Juhendab Anne Kaar. Soojade ilmade saabumisega on meie kandi rahvale loodud t\u00e4iendav v\u00f5imalus energiast pakatava treeneri juhendamisel v\u00f5imelda end kevadesse! Ega\u00b4s peagi olema seenior \u2013 v\u00f5imlemine\/liigutamine sobib k\u00f5igile! Saagem osa m\u00f5nusast liikumisest!<br \/>\n(J\u00e4rgmine v\u00f5imlemistund 22. aprillil)<\/p>\n<p><strong>P\u00fchap\u00e4ev, 17\u00a0. aprill<\/strong><br \/>\nkl 16.30 AT, Ladina-Ameerika seltskonnatantsud\u00a0(salsa, bachata, cha-cha jne). Osalejad, andke eelnevalt kindlasti juhendajale teada osalemisest! \u00a0Juhendab Pirje Laagus. Info 56614471.<\/p>\n<p><strong>Tulekul:<img decoding=\"async\" loading=\"lazy\" class=\"alignright\" src=\"https:\/\/scontent-arn2-1.xx.fbcdn.net\/hphotos-xpf1\/v\/t1.0-9\/12986994_966019416847234_5668490919921654421_n.jpg?oh=436fe3799741a5f45670f5bf277e1c23&amp;oe=57B7E8FC\" alt=\"\" width=\"271\" height=\"392\" \/><br \/>\n<\/strong>18. aprill kell 19 liikumisklubi <em>Lihtsalt Liikuma<\/em>! \u201cRatas ja kepik\u00f5nd! (start \u00a0ja fini\u0161<br \/>\nkogukonnakeskuse juures)<a href=\"https:\/\/muraste.ee\/vana\/?p=1138\" target=\"_blank\"><br \/>\n<\/a>21. aprillil kell 20 filmi\u00f5htu \u201cP\u00e4evad, mis ajasid segadusse\u201d (Muraste koolimajas)<br \/>\n23. aprillil kell 11 <a href=\"https:\/\/muraste.ee\/vana\/?p=1394\" target=\"_blank\">Harjumaa meistriv\u00f5istlused vene kabes<\/a><br \/>\n24. aprillil kell 10 <a href=\"https:\/\/muraste.ee\/vana\/?p=1400\" target=\"_blank\">Muraste piirivalvekoolis sisehalli meistriv\u00f5istlused vigurlennus<\/a><br \/>\n7. mail <a href=\"https:\/\/muraste.ee\/vana\/?p=1138\" target=\"_blank\">Teeme \u00c4ra! talgup\u00e4ev Murastes<\/a>!<br \/>\n12. mail kell 19 Muraste k\u00fclaseltsi \u00fcldkoosolek.<br \/>\n28. mail kell 12 Muraste lennukas perep\u00e4ev.<br \/>\n11. juunil kell 15 Harku valla k\u00fclade p\u00e4evad V\u00e4\u00e4na-J\u00f5esuus (Korraldajateks Suurupi Selts ja V\u00e4\u00e4na-J\u00f5esuu k\u00fclaselts)<\/p>\n<p><strong>Omakandi teenused:<\/strong><\/p>\n<ul>\n<li>Kogukonnakeskuses avatud <strong>massaa\u017eikamber<\/strong>(klass<a href=\"https:\/\/muraste.ee\/vana\/wp-content\/uploads\/2016\/04\/Flaier-A65-99x210mm_UULA_trykki-page-0.jpg\" rel=\"attachment wp-att-1236\"><img decoding=\"async\" loading=\"lazy\" class=\"wp-image-1236 alignright\" src=\"https:\/\/muraste.ee\/vana\/wp-content\/uploads\/2016\/04\/Flaier-A65-99x210mm_UULA_trykki-page-0-146x300.jpg\" sizes=\"(max-width: 192px) 100vw, 192px\" srcset=\"https:\/\/muraste.ee\/vana\/wp-content\/uploads\/2016\/04\/Flaier-A65-99x210mm_UULA_trykki-page-0-498x1024.jpg 498w, https:\/\/muraste.ee\/vana\/wp-content\/uploads\/2016\/04\/Flaier-A65-99x210mm_UULA_trykki-page-0-624x1284.jpg 624w, https:\/\/muraste.ee\/vana\/wp-content\/uploads\/2016\/04\/Flaier-A65-99x210mm_UULA_trykki-page-0.jpg 1240w\" alt=\"Flaier A65 99x210mm_UULA_trykki-page-0\" width=\"192\" height=\"395\" \/><\/a>ikaline \u00fcldmassaa\u017e). Info ja registreerumine: Aile Kaljola, tel 56456432, e-post kaljolaaile@gmail.com;<\/li>\n<li>Kui kevadine <a href=\"http:\/\/www.oksad.ee\/\" target=\"_blank\"><strong>oksal\u00f5ikus<\/strong> <\/a>teeb muret\u2026 siis muretsemiseks\u00a0pole p\u00f5hjust! Naaberk\u00fcla ettev\u00f5tja tuleb app koos v\u00f5imsa oksapurustajaga! K\u00fcsi lisa: tel 56 960 320, e-post info@oksad.ee; \u00a0<a class=\"_553k\" href=\"http:\/\/www.oksad.ee\/\" target=\"_blank\" rel=\"nofollow\">www.oksad.ee<\/a>;<\/li>\n<li>Mainekalt konkursilt v\u00f5idu toonud <a href=\"http:\/\/uula.ee\/\" target=\"_blank\">n\u00e4omaalingute<\/a> tegija Ursula Otsing on k\u00f5igi laste ja lapsemeelsete teenistuses!. K\u00fcsi lisa:\u00a0tel: 55 31216; e-post:<a title=\"Link: mailto:ursula.otsing@gmail.com\" href=\"mailto:ursula.otsing@gmail.com\">ursula.otsing@gmail.com<\/a>; www.uula.ee.<\/li>\n<\/ul>\n<p><strong>H\u00f5iked:<\/strong><\/p>\n<ul>\n<li>Koostamisel on <strong>\u201cMeie Muraste\u201d omak\u00fcla\/kandi ettev\u00f5tjate- erinumber<\/strong>! Oodatud reklaamid, oma ettev\u00f5tte tegemisi tutvustavad artiklid jne hiljemalt 20. aprilliks! Ettev\u00f5tjad, olge aktiivsed ja n\u00e4htavad.<\/li>\n<li><a href=\"https:\/\/muraste.ee\/vana\/?p=1138\" target=\"_blank\">Osale\u00a0<\/a><a href=\"https:\/\/muraste.ee\/vana\/?p=1169\" target=\"_blank\">Muraste kooli logokonkusril<\/a>! Konkursi t\u00e4htaeg on 4. juuni<\/li>\n<li>Ootame vabatahtlikke! Muraste k\u00fclaseltsi juhatus kutsub abilisi kogukonnale suunatud erinevate tegevuste ettevalmistamiseks ja l\u00e4biviimiseks. Ole hea, astu sulle sobival ajal kogukonnakeskusest l\u00e4bi kas oma ideega v\u00f5i leia meie tegevus- ja ideedekavast omale meelep\u00e4rane \u00fcritus, mille kordaminekule saad olla toeks. Koos teeme rohkem ja paremini! Palun, k\u00f5ik abik\u00e4ed on teretulnud! Suur t\u00e4nu k\u00f5igile, kes on juba oma soovidest ja v\u00f5imalustest teada andnud! (Nt tulekul: Muraste lennukas perep\u00e4ev 28.mai; jaanituli 23. juuni jne)<\/li>\n<li>Valmistume jaanip\u00e4evaks! Ehk oled just Sina see, kes on valmis ulatama abik\u00e4e ja olema \u00fcks jaanip\u00e4eva <a href=\"https:\/\/muraste.ee\/vana\/?p=1336\" target=\"_blank\">meeskonna liige v\u00f5i suisa eestvedaja<\/a>!<\/li>\n<\/ul>\n<p><strong>Teadmiseks:<\/strong> Muraste igan\u00e4dalase e-infokirjaga liitumiseks saada sellekohane teade muraste@muraste.ee<\/p>\n<p><strong>T\u00e4psustused ja info:<\/strong> kogukonnakeskus@muraste.ee; 5253128 (Aule Kikas) v\u00f5i flaieritel olevatel kontaktidel.<\/p>\n<p>Kogukonnakeskus avatud E-N 10-18, R 10-16; \u00f5htustel aegadel ja n\u00e4dalavahetustel vt ajaplaani<\/p>\n<\/div>\n<\/article>\n<\/div>\n<\/div>\n<\/div>\n","protected":false},"excerpt":{"rendered":"<p>N\u00c4DAL 15\u00a0MURASTES 11.-17. aprill 2016 ehk tegevused Muraste koolimajas, kogukonnakeskuses, spordihoones, (SP spordisaal, KO kogukonnakeskuse ruum, AT aatrium, KL klassiruum) Esmasp\u00e4ev, 11. aprill kl 14-17 SP, Judoklubi AITADO kl 17-18 SP, K\u00e4sipalliklubi HC Tallinn (tel 5510440) kl 16.30 KL, Beebikool (Kristi Baumann, 5658959) \u2013 uued p\u00f5nnid on ikka oodatud! kl 16-17.30 KO(KL, Klaveritunnid lastele, juhendab<a class=\"moretag\" href=\"https:\/\/muraste.ee\/vana\/?page_id=1418\"><br \/>&#8230;Loe edasi<\/a><\/p>\n","protected":false},"author":2,"featured_media":0,"parent":0,"menu_order":0,"comment_status":"closed","ping_status":"closed","template":"nadalakava.php","meta":{"_bbp_topic_count":0,"_bbp_reply_count":0,"_bbp_total_topic_count":0,"_bbp_total_reply_count":0,"_bbp_voice_count":0,"_bbp_anonymous_reply_count":0,"_bbp_topic_count_hidden":0,"_bbp_reply_count_hidden":0,"_bbp_forum_subforum_count":0,"_mc_calendar":[]},"_links":{"self":[{"href":"https:\/\/muraste.ee\/vana\/index.php?rest_route=\/wp\/v2\/pages\/1418"}],"collection":[{"href":"https:\/\/muraste.ee\/vana\/index.php?rest_route=\/wp\/v2\/pages"}],"about":[{"href":"https:\/\/muraste.ee\/vana\/index.php?rest_route=\/wp\/v2\/types\/page"}],"author":[{"embeddable":true,"href":"https:\/\/muraste.ee\/vana\/index.php?rest_route=\/wp\/v2\/users\/2"}],"replies":[{"embeddable":true,"href":"https:\/\/muraste.ee\/vana\/index.php?rest_route=%2Fwp%2Fv2%2Fcomments&post=1418"}],"version-history":[{"count":3,"href":"https:\/\/muraste.ee\/vana\/index.php?rest_route=\/wp\/v2\/pages\/1418\/revisions"}],"predecessor-version":[{"id":2190,"href":"https:\/\/muraste.ee\/vana\/index.php?rest_route=\/wp\/v2\/pages\/1418\/revisions\/2190"}],"wp:attachment":[{"href":"https:\/\/muraste.ee\/vana\/index.php?rest_route=%2Fwp%2Fv2%2Fmedia&parent=1418"}],"curies":[{"name":"wp","href":"https:\/\/api.w.org\/{rel}","templated":true}]}}