{"id":151,"date":"2015-11-23T20:39:24","date_gmt":"2015-11-23T18:39:24","guid":{"rendered":"https:\/\/muraste.ee\/vana\/?page_id=151"},"modified":"2017-03-15T12:15:52","modified_gmt":"2017-03-15T10:15:52","slug":"toopakkumised","status":"publish","type":"page","link":"https:\/\/muraste.ee\/vana\/?page_id=151","title":{"rendered":"KOMMUUN ehk kogukondlik abik\u00e4si"},"content":{"rendered":"<p><span id=\"fbPhotoSnowliftCaption\" class=\"fbPhotosPhotoCaption\" tabindex=\"0\" data-ft=\"{&quot;tn&quot;:&quot;K&quot;}\"><span class=\"hasCaption\"><a href=\"https:\/\/muraste.ee\/vana\/wp-content\/uploads\/2015\/11\/kommuun.jpg\" rel=\"attachment wp-att-3545\"><img decoding=\"async\" loading=\"lazy\" class=\"size-medium wp-image-3545 alignleft\" src=\"https:\/\/muraste.ee\/vana\/wp-content\/uploads\/2015\/11\/kommuun-300x225.jpg\" alt=\"kommuun\" width=\"300\" height=\"225\" srcset=\"https:\/\/muraste.ee\/vana\/wp-content\/uploads\/2015\/11\/kommuun-300x225.jpg 300w, https:\/\/muraste.ee\/vana\/wp-content\/uploads\/2015\/11\/kommuun-768x576.jpg 768w, https:\/\/muraste.ee\/vana\/wp-content\/uploads\/2015\/11\/kommuun-624x468.jpg 624w, https:\/\/muraste.ee\/vana\/wp-content\/uploads\/2015\/11\/kommuun.jpg 960w\" sizes=\"(max-width: 300px) 100vw, 300px\" \/><\/a>Naabrid Andri, Veikko, Andres ja Rainer \u00a0 Suurupi k\u00fclast otsustasid asutada <a href=\"https:\/\/www.kommuun.eu\/\"><strong>Kommuuni<\/strong> <\/a>kuna j\u00e4id kohalike abiliste leidmisega pidevalt h\u00e4tta. Kust leida lapsehoidja? Keda palgata appi puid laduma? Kas meie kandis leidub m\u00f5ni usaldusv\u00e4\u00e4rne ja soodne torumees, r\u00e4tsep v\u00f5i elektrik?<\/span><\/span><\/p>\n<p>\u201eTahame tugevdada kohalikke kogukondi ja n\u00e4idata inimestele, et nende naabril v\u00f5i sama valla elanikul v\u00f5ib olla oskusi, millest kohalikel varemalt aimugi polnud,\u201d m\u00f5tiskleb Kommuuni visioonil Rainer.<\/p>\n<p><span style=\"color: #000000;\">Nii s\u00fcndis<span style=\"color: #3366ff;\"><strong> <a style=\"color: #3366ff;\" href=\"https:\/\/www.kommuun.eu\/\">KOMMUUN<\/a><\/strong><\/span><\/span><a href=\"https:\/\/muraste.ee\/vana\/wp-content\/uploads\/2015\/11\/kommunlogo.png\" rel=\"attachment wp-att-3544\"><img decoding=\"async\" loading=\"lazy\" class=\"size-thumbnail wp-image-3544 alignright\" src=\"https:\/\/muraste.ee\/vana\/wp-content\/uploads\/2015\/11\/kommunlogo-150x150.png\" alt=\"kommunlogo\" width=\"150\" height=\"150\" srcset=\"https:\/\/muraste.ee\/vana\/wp-content\/uploads\/2015\/11\/kommunlogo-150x150.png 150w, https:\/\/muraste.ee\/vana\/wp-content\/uploads\/2015\/11\/kommunlogo.png 221w\" sizes=\"(max-width: 150px) 100vw, 150px\" \/><\/a><\/p>\n<p><span style=\"color: #3366ff;\"><a style=\"color: #3366ff;\" href=\"https:\/\/www.kommuun.eu\/\"><strong>Kommuun<\/strong> <\/a><\/span>aitab leida abik\u00e4si kodusteks t\u00f6\u00f6deks, olgu see ehitus, aia eest hoolitsemine, pereliikmete heaolu v\u00f5i midagi muud. Siit leiab erinevaid teenuseid nii professionaalidelt kui tublidelt t\u00f6\u00f6meestelt sinu naabruses. K\u00f5ik selleks, et sinu elu oleks lihtsam ja kodu korras.\u00a0Vali kategooria milles vajad abik\u00e4si ning vaata, kes sinu ligiduses vastavat teenust pakub.<\/p>\n<h1 style=\"text-align: center;\"><span style=\"color: #0000ff;\"><strong>SISENE<\/strong> <a style=\"color: #0000ff;\" href=\"https:\/\/www.kommuun.eu\" target=\"_blank\">KOMMUUNI !<\/a><\/span><\/h1>\n<h4 class=\"h4 section-detailed__title\"><span style=\"color: #3366ff;\">Miks hakata teenusepakkujaks?<\/span><\/h4>\n<p><span style=\"color: #3366ff;\"><strong>Leia uusi kliente:<\/strong>\u00a0<\/span><em><a href=\"https:\/\/www.kommuun.eu\/\">Kommuun<\/a> toob sinu jaoks kokku potentsiaalsed kliendid. Luues <a href=\"https:\/\/www.kommuun.eu\/\">Kommuuni <\/a>oma profiili, oled n\u00e4htav suurele hulgale inimestele, kes otsivad just seda mida sina pakud.<\/em><\/p>\n<p><strong><span style=\"color: #3366ff;\">Teeni lisaraha:\u00a0<\/span><\/strong><em><a href=\"https:\/\/www.kommuun.eu\/\">Kommuun<\/a> v\u00f5imaldab sul teenida lisaraha endale sobival ajal ja kohas. T\u00e4ida oma teenusepakkuja profiil, kus m\u00e4rgi milles saad abiks olla ning <a href=\"https:\/\/www.kommuun.eu\/\">Kommuun<\/a> teeb enda poolt k\u00f5ik, et sinu kuulutus \u00f5igete inimesteni viia. Kas oled osav torut\u00f6\u00f6des v\u00f5i r\u00e4tsepana? V\u00f5i saad ehk muud moodi abiks olla, n\u00e4iteks lumekoristuses v\u00f5i aidata koolij\u00fctsi abi\u00f5petajana?<\/em><\/p>\n<p style=\"text-align: center;\"><strong><span style=\"color: #3366ff;\">Kommuun Services O\u00dc<\/span><\/strong><br \/>\nmeie@kommuun.eu<br \/>\nPihelga tee 10<br \/>\nSuurupi k\u00fcla<br \/>\nHarjumaa 76907<br \/>\nEesti<\/p>\n<h2 style=\"text-align: center;\"><span style=\"color: #3366ff;\"><a href=\"http:\/\/www.kommuun.eu\">www.kommuun.eu<\/a>\u00a0<\/span><br \/>\n<span style=\"color: #3366ff;\"><a href=\"http:\/\/www.facebook.com\/Kommuun\/\">www.facebook.com\/Kommuun\/<\/a>\u00a0<\/span><\/h2>\n<p style=\"text-align: center;\"><a href=\"https:\/\/muraste.ee\/vana\/wp-content\/uploads\/2015\/11\/kommuun2.jpg\" rel=\"attachment wp-att-3551\"><img decoding=\"async\" loading=\"lazy\" class=\"alignnone size-full wp-image-3551\" src=\"https:\/\/muraste.ee\/vana\/wp-content\/uploads\/2015\/11\/kommuun2.jpg\" alt=\"kommuun2\" width=\"851\" height=\"315\" srcset=\"https:\/\/muraste.ee\/vana\/wp-content\/uploads\/2015\/11\/kommuun2.jpg 851w, https:\/\/muraste.ee\/vana\/wp-content\/uploads\/2015\/11\/kommuun2-300x111.jpg 300w, https:\/\/muraste.ee\/vana\/wp-content\/uploads\/2015\/11\/kommuun2-768x284.jpg 768w, https:\/\/muraste.ee\/vana\/wp-content\/uploads\/2015\/11\/kommuun2-624x231.jpg 624w\" sizes=\"(max-width: 851px) 100vw, 851px\" \/><\/a><\/p>\n","protected":false},"excerpt":{"rendered":"<p>Naabrid Andri, Veikko, Andres ja Rainer \u00a0 Suurupi k\u00fclast otsustasid asutada Kommuuni kuna j\u00e4id kohalike abiliste leidmisega pidevalt h\u00e4tta. Kust leida lapsehoidja? Keda palgata appi puid laduma? Kas meie kandis leidub m\u00f5ni usaldusv\u00e4\u00e4rne ja soodne torumees, r\u00e4tsep v\u00f5i elektrik? \u201eTahame tugevdada kohalikke kogukondi ja n\u00e4idata inimestele, et nende naabril v\u00f5i sama valla elanikul v\u00f5ib olla<a class=\"moretag\" href=\"https:\/\/muraste.ee\/vana\/?page_id=151\"><br \/>&#8230;Loe edasi<\/a><\/p>\n","protected":false},"author":1,"featured_media":0,"parent":0,"menu_order":0,"comment_status":"closed","ping_status":"closed","template":"page-templates\/full-width.php","meta":{"_bbp_topic_count":0,"_bbp_reply_count":0,"_bbp_total_topic_count":0,"_bbp_total_reply_count":0,"_bbp_voice_count":0,"_bbp_anonymous_reply_count":0,"_bbp_topic_count_hidden":0,"_bbp_reply_count_hidden":0,"_bbp_forum_subforum_count":0,"_mc_calendar":[]},"_links":{"self":[{"href":"https:\/\/muraste.ee\/vana\/index.php?rest_route=\/wp\/v2\/pages\/151"}],"collection":[{"href":"https:\/\/muraste.ee\/vana\/index.php?rest_route=\/wp\/v2\/pages"}],"about":[{"href":"https:\/\/muraste.ee\/vana\/index.php?rest_route=\/wp\/v2\/types\/page"}],"author":[{"embeddable":true,"href":"https:\/\/muraste.ee\/vana\/index.php?rest_route=\/wp\/v2\/users\/1"}],"replies":[{"embeddable":true,"href":"https:\/\/muraste.ee\/vana\/index.php?rest_route=%2Fwp%2Fv2%2Fcomments&post=151"}],"version-history":[{"count":37,"href":"https:\/\/muraste.ee\/vana\/index.php?rest_route=\/wp\/v2\/pages\/151\/revisions"}],"predecessor-version":[{"id":3558,"href":"https:\/\/muraste.ee\/vana\/index.php?rest_route=\/wp\/v2\/pages\/151\/revisions\/3558"}],"wp:attachment":[{"href":"https:\/\/muraste.ee\/vana\/index.php?rest_route=%2Fwp%2Fv2%2Fmedia&parent=151"}],"curies":[{"name":"wp","href":"https:\/\/api.w.org\/{rel}","templated":true}]}}