{"id":1829,"date":"2016-05-22T18:49:33","date_gmt":"2016-05-22T15:49:33","guid":{"rendered":"https:\/\/muraste.ee\/vana\/?page_id=1829"},"modified":"2016-05-22T18:52:02","modified_gmt":"2016-05-22T15:52:02","slug":"nadal-20","status":"publish","type":"page","link":"https:\/\/muraste.ee\/vana\/?page_id=1829","title":{"rendered":"N\u00e4dal 20"},"content":{"rendered":"<div id=\"main\" class=\"wrapper\">\n<div id=\"primary\" class=\"site-content\">\n<div id=\"content\">\n<article id=\"post-945\" class=\"post-945 page type-page status-publish hentry\">\n<div class=\"entry-content\">\n<p><strong>N\u00c4DAL 20\u00a0MURASTES<br \/>\n<\/strong>16. mai\u00a0\u2013 22. mai 2016<strong><br \/>\nehk tegevused Muraste koolimajas, kogukonnakeskuses, spordihoones,<br \/>\n<\/strong>(SP spordisaal, KO kogukonnakeskuse ruum, AT aatrium, KL klassiruum)<\/p>\n<p><strong><br \/>\n<img decoding=\"async\" loading=\"lazy\" class=\"alignright\" src=\"https:\/\/scontent-arn2-1.xx.fbcdn.net\/v\/t35.0-12\/13230816_1194144663937823_1360335486_o.jpg?oh=fa6845cbb72e2fdce18968316d44d9ff&amp;oe=573C46C6\" alt=\"\" width=\"311\" height=\"175\" \/>Esmasp\u00e4ev,16.\u00a0mai<br \/>\n<\/strong>kl 14-17 SP, Judoklubi AITADO<br \/>\nkl 17-18 SP, K\u00e4sipalliklubi HC Tallinn (tel 5510440)<br \/>\nkl 16.30 KL, <strong>Beebikool<\/strong> (Kristi Baumann, 5658959) \u2013 uued p\u00f5nnid on ikka oodatud!<br \/>\nkl 16-17.30 KO\/KL, Klaveritunnid lastele, juhendab Katrin J\u00e4rvlepp (katrinjarvlepp362@gmail.com)\u00a0(grupp komplekteeritud).<br \/>\nkl 17.30 KO, V\u00e4ikekandleansambel LiULi (Maria Vessmann 5058495)<br \/>\nkl 19.00 KO V\u00e4ikekannel algajatele (t\u00e4iskasvanud). (Maria Vessmann 5058495). Uued huvilised oodatud!<br \/>\nkl 19 AT, Naiskoor \u201cMeretule\u201d. J\u00e4tkuvalt v\u00f5imalus liituda toreda laulurahvaga: kui k\u00f5hkled, tule kindlasti!<\/p>\n<p><strong>Teisip\u00e4ev, 17. mai<\/strong><br \/>\nkl 14.00-15.30 SP, Tabasalu Palliklubi (tel 5136060)<img decoding=\"async\" loading=\"lazy\" class=\"alignright\" src=\"https:\/\/scontent-arn2-1.xx.fbcdn.net\/hphotos-xtp1\/v\/t1.0-9\/12928169_936936863071672_7297229904979180902_n.jpg?oh=6e3af9d84173ff3679ae4348fa9940eb&amp;oe=577A8F75\" alt=\"\" width=\"253\" height=\"535\" \/><br \/>\nkl 16-17 SP, Harju Jalgpallikool<br \/>\nkl 14.30 KO, Fa Stuudio (fl\u00f6\u00f6diring lastele)<br \/>\nkl 18 KL, Inglise keele vestlusring, juhendab James Gill. K\u00f5ik uued osalejad \u2013 keelehuvilised on oodatud!<br \/>\nkl 18 KL, Inglise keele kursus uuesti alustajatele<br \/>\nkl 18.30-19.45 AT, <strong>T\u00c4NASEST! <\/strong>17. mai \u2013 14. juuni \u2013 Seltskonnatantsu algajate intensiivkursus, Vt listatud kuulutust!<br \/>\nkl 19.45 AT, Seltskonnatantsude harjutustund -v\u00f5imalus \u00f5pitut kinnistada ja toredas seltskonnas jalga keerutada. Osalus 5 \u20ac\/in<strong><br \/>\n<\/strong>kl 19 SP, V\u00f5rkpall mehed\/naised.<\/p>\n<p><strong>Kolmap\u00e4ev, 18.\u00a0mai<\/strong><br \/>\nkl 14-17 SP, Judoklubi AITADO<br \/>\nKl 17-18 SP, K\u00e4sipalliklubi HC Tallinn (tel 5510440)<br \/>\nkl 18.45 AT, Kundalini jooga<br \/>\nkl 19 SP, Korvpall meestele (NB! ruumi jagub ikka uutele m\u00e4ngijatele!)<\/p>\n<p><strong>Neljap\u00e4ev 19. mai<\/strong><br \/>\nkl.14.15-15.30 SP, Tabasalu Palliklubi (tel 5136060)<br \/>\nkl 14.30-17 T\u00fcdrukute klubi v\u00e4ljas\u00f5it Kumna kultuuriaita<br \/>\nkl 16 -17 SP, Harju Jalgpallikool<br \/>\nkl 17 \u2013 18.30 SP, Tabasalu Jalgpalliklubi<br \/>\nkl 18.30 SP, Korvpall naistele! (NB! Uue m\u00e4ngijad on v\u00e4ga oodatud!)<br \/>\nkl 18 AT, Muraste kooli armsate fl\u00f6\u00f6dipiigade ja Tabasalu Tibutare lasteaia muusikalaste ehk\u00a0<strong> Fa Stuudio\u00a0kevadkontsert \u201cLaulupai l\u00e4ks r\u00e4ndama\u201d.<\/strong><br \/>\nkl 19 KO Muraste lennuka perep\u00e4eva korraldustoimkonna koosolek<br \/>\nkl 20 SP, Zumba fitness!<\/p>\n<p><strong>Reede, 20.\u00a0mai<br \/>\n<\/strong>kl 14.30-15.30 SP, K\u00e4sipalliklubi HC Tallinn (tel 5510440)<br \/>\nkl 12.50-13.15 KL, V\u00e4ikekandle ring lastele. Juhendab Katrin J\u00e4rvlepp (lisainfo katrinjarvlepp362@gmail.com)<br \/>\nkl 13.15-14.45 KL, Klaveritunnid lastele. Juhendab Katrin J\u00e4rvlepp (lisainfo katrinjarvlepp362@gmail.com) <strong><a href=\"https:\/\/muraste.ee\/vana\/wp-content\/uploads\/2016\/03\/seenoior.jpg\" rel=\"attachment wp-att-1357\"><br \/>\n<\/a><\/strong><\/p>\n<p><strong>Laup\u00e4ev, 21. mai\u00a0<\/strong><br \/>\n<strong><a href=\"https:\/\/muraste.ee\/vana\/?p=1759\" target=\"_blank\">Ohtlike j\u00e4\u00e4tmete kogumisring:<\/a>\u00a0<\/strong>14.30\u201314.50 Muraste bussipeatuse juures ja\u00a015.10\u201315.30 Pangapealse lasteaia parklas.<br \/>\nkl 10:00 \u2013 17:00 toimub Muraste Koolis lahe\u00a0<strong><a href=\"http:\/\/www.mydance.ee\/tantsulaager-muraste-special\/\" target=\"_blank\">MyDance Tantsulaager<\/a>\u00a0<\/strong>alapealkirjaga \u201cMuraste special\u201d.<\/p>\n<p><strong>Tulekul j\u00e4rgmisel n\u00e4dalal:<\/strong><\/p>\n<p>Teisip\u00e4eval, 24. mail kl 18.30 KO, k\u00e4sit\u00f6\u00f6tuba: Heegeldame!<br \/>\nKolmap\u00e4eval, 25. mail algusega kell 18.30 toimub Muraste tee 3, 5, 7 ja 7a kortermajade \u00fcldkoosolek Muraste koolimaja aatriumis. Korraldab O\u00dc Strantum<br \/>\nKolmap\u00e4eval,\u00a025. mail kl 19 KO,\u00a0\u00a0<a href=\"https:\/\/muraste.ee\/vana\/?page_id=101\" target=\"_blank\">Muraste k\u00fclaseltsi \u00fcldkoosolek<\/a>\u00a0(korduv)<br \/>\nNeljap\u00e4eval, 26. mai\u00a0kell 19 \u00a0<a href=\"https:\/\/muraste.ee\/vana\/?p=1637\" target=\"_blank\">loeng teemal <\/a><a href=\"https:\/\/muraste.ee\/vana\/?p=1637\" target=\"_blank\">\u201cMere v\u00e4rvid: meri l\u00e4bi marinistide silmade\u201d<\/a>\u00a0Muraste koolimajas. Esineb\u00a0kapten ja \u00a0TT\u00dc Eesti Mereakadeemia \u00f5ppej\u00f5ud Rein\u00a0Raudsalu<br \/>\nLaup\u00e4eval, 28. mail kell 12 <strong><a href=\"https:\/\/muraste.ee\/vana\/?p=1667\" target=\"_blank\">Muraste lennukas perep\u00e4ev<\/a><\/strong>.<a href=\"https:\/\/muraste.ee\/vana\/wp-content\/uploads\/2016\/03\/viti.jpg\" rel=\"attachment wp-att-1707\"><img decoding=\"async\" loading=\"lazy\" class=\" wp-image-1707 alignright\" src=\"https:\/\/muraste.ee\/vana\/wp-content\/uploads\/2016\/03\/viti-226x300.jpg\" alt=\"viti\" width=\"217\" height=\"288\" srcset=\"https:\/\/muraste.ee\/vana\/wp-content\/uploads\/2016\/03\/viti-226x300.jpg 226w, https:\/\/muraste.ee\/vana\/wp-content\/uploads\/2016\/03\/viti-624x830.jpg 624w, https:\/\/muraste.ee\/vana\/wp-content\/uploads\/2016\/03\/viti.jpg 740w\" sizes=\"(max-width: 217px) 100vw, 217px\" \/><\/a><\/p>\n<p><strong>Tulekul edaspidi:<\/strong><\/p>\n<p>30. mai kell 19 Muraste Liikumisklubi \u201cLihtsalt liikuma\u201d\u00a0 <strong>3. s\u00fcnnip\u00e4evale p\u00fchendatud \u00fchisliikumine.\u00a0<\/strong><br \/>\n11. juunil kell 15 <strong>Harku valla k\u00fclade p\u00e4evad<\/strong> V\u00e4\u00e4na-J\u00f5esuus (Korraldajateks Suurupi Selts ja V\u00e4\u00e4na-J\u00f5esuu k\u00fclaselts)<br \/>\n18. juunil <strong>Mummi trahteri 13. s\u00fcnnip\u00e4ev<\/strong>. Tantsuks V\u00e4ike Mees (Meie Mehe v\u00e4ike vend;)! Lisainfo Mummi Trahterist!<br \/>\n23. juunil <strong>Jaanituli<\/strong>\u00a0<strong>\u201cR\u00e4nnak ajast aega\u201d<\/strong> Muraste paeplatsil. Tantsuks MelodyMix. Lisainfo tulekul!<\/p>\n<p><strong>H\u00f5iked:<\/strong><\/p>\n<ul>\n<li><strong><a href=\"https:\/\/muraste.ee\/vana\/?p=1138\" target=\"_blank\">Osale\u00a0<\/a><a href=\"https:\/\/muraste.ee\/vana\/?p=1169\" target=\"_blank\">Muraste kooli logokonkusril<\/a>!<\/strong> Konkursi t\u00e4htaeg on 4. juuni<\/li>\n<li><strong>Ootame vabatahtlikke<\/strong>! Muraste k\u00fclaseltsi juhatus kutsub abilisi kogukonnale suunatud erinevate tegevuste ettevalmistamiseks ja l\u00e4biviimiseks. Ole hea, astu sulle sobival ajal kogukonnakeskusest l\u00e4bi kas oma ideega v\u00f5i leia meie tegevus- ja ideedekavast omale meelep\u00e4rane \u00fcritus, mille kordaminekule saad olla toeks. Koos teeme rohkem ja paremini! Palun, k\u00f5ik abik\u00e4ed on teretulnud! Suur t\u00e4nu k\u00f5igile, kes on juba oma soovidest ja v\u00f5imalustest teada andnud! (Nt tulekul: 11. juuni Harku valla k\u00fclade p\u00e4ev; \u00a023. juuni jaanituli jne)<\/li>\n<li>Valmistume Harku valla <strong>k\u00fcladep\u00e4eval<\/strong> osalemiseks (11.juuni) \u2013 r\u00f5\u00f5msad murastelased, ootame teid liituma: teeme taas koos k\u00fcla n\u00e4htavaks!<\/li>\n<\/ul>\n<p><em>28. mail kell 12-16 toimuval Muraste lennukal perep\u00e4eval on osalemas ka Youth For Understanding<a href=\"https:\/\/muraste.ee\/vana\/wp-content\/uploads\/2016\/05\/YFU_gloobus.jpg\" rel=\"attachment wp-att-1736\"><img decoding=\"async\" loading=\"lazy\" class=\" wp-image-1736 alignright\" src=\"https:\/\/muraste.ee\/vana\/wp-content\/uploads\/2016\/05\/YFU_gloobus-263x300.jpg\" alt=\"YFU_gloobus\" width=\"152\" height=\"173\" srcset=\"https:\/\/muraste.ee\/vana\/wp-content\/uploads\/2016\/05\/YFU_gloobus-263x300.jpg 263w, https:\/\/muraste.ee\/vana\/wp-content\/uploads\/2016\/05\/YFU_gloobus.jpg 622w\" sizes=\"(max-width: 152px) 100vw, 152px\" \/><\/a>(YFU). Tegemist on rahvusvahelise mittetulundusliku organisatsiooniga, mis pakub haridusliku eesm\u00e4rgiga kultuurivahetusprogramme enam kui 60 riigis. Ning nende seas on ka Eesti. <a href=\"https:\/\/muraste.ee\/vana\/?p=1735\" target=\"_blank\">Tule perep\u00e4evale ja k\u00fcsi lisa!<\/a><\/em><\/p>\n<p><strong>Teadmiseks:<\/strong> Muraste igan\u00e4dalase e-infokirjaga liitumiseks saada sellekohane teade muraste@muraste.ee<\/p>\n<p><strong>T\u00e4psustused ja info:<\/strong> kogukonnakeskus@muraste.ee; 5253128 (Aule Kikas) v\u00f5i flaieritel olevatel kontaktidel.<\/p>\n<p>Kogukonnakeskus avatud E-N 10-18, R 10-16; \u00f5htustel aegadel ja n\u00e4dalavahetustel vt ajaplaani<\/p>\n<\/div>\n<\/article>\n<\/div>\n<\/div>\n<\/div>\n<footer id=\"colophon\"><\/footer>\n","protected":false},"excerpt":{"rendered":"<p>N\u00c4DAL 20\u00a0MURASTES 16. mai\u00a0\u2013 22. mai 2016 ehk tegevused Muraste koolimajas, kogukonnakeskuses, spordihoones, (SP spordisaal, KO kogukonnakeskuse ruum, AT aatrium, KL klassiruum) Esmasp\u00e4ev,16.\u00a0mai kl 14-17 SP, Judoklubi AITADO kl 17-18 SP, K\u00e4sipalliklubi HC Tallinn (tel 5510440) kl 16.30 KL, Beebikool (Kristi Baumann, 5658959) \u2013 uued p\u00f5nnid on ikka oodatud! kl 16-17.30 KO\/KL, Klaveritunnid lastele, juhendab<a class=\"moretag\" href=\"https:\/\/muraste.ee\/vana\/?page_id=1829\"><br \/>&#8230;Loe edasi<\/a><\/p>\n","protected":false},"author":2,"featured_media":0,"parent":0,"menu_order":0,"comment_status":"closed","ping_status":"closed","template":"nadalakava.php","meta":{"_bbp_topic_count":0,"_bbp_reply_count":0,"_bbp_total_topic_count":0,"_bbp_total_reply_count":0,"_bbp_voice_count":0,"_bbp_anonymous_reply_count":0,"_bbp_topic_count_hidden":0,"_bbp_reply_count_hidden":0,"_bbp_forum_subforum_count":0,"_mc_calendar":[]},"_links":{"self":[{"href":"https:\/\/muraste.ee\/vana\/index.php?rest_route=\/wp\/v2\/pages\/1829"}],"collection":[{"href":"https:\/\/muraste.ee\/vana\/index.php?rest_route=\/wp\/v2\/pages"}],"about":[{"href":"https:\/\/muraste.ee\/vana\/index.php?rest_route=\/wp\/v2\/types\/page"}],"author":[{"embeddable":true,"href":"https:\/\/muraste.ee\/vana\/index.php?rest_route=\/wp\/v2\/users\/2"}],"replies":[{"embeddable":true,"href":"https:\/\/muraste.ee\/vana\/index.php?rest_route=%2Fwp%2Fv2%2Fcomments&post=1829"}],"version-history":[{"count":3,"href":"https:\/\/muraste.ee\/vana\/index.php?rest_route=\/wp\/v2\/pages\/1829\/revisions"}],"predecessor-version":[{"id":1834,"href":"https:\/\/muraste.ee\/vana\/index.php?rest_route=\/wp\/v2\/pages\/1829\/revisions\/1834"}],"wp:attachment":[{"href":"https:\/\/muraste.ee\/vana\/index.php?rest_route=%2Fwp%2Fv2%2Fmedia&parent=1829"}],"curies":[{"name":"wp","href":"https:\/\/api.w.org\/{rel}","templated":true}]}}