{"id":1975,"date":"2016-06-19T19:57:54","date_gmt":"2016-06-19T16:57:54","guid":{"rendered":"https:\/\/muraste.ee\/vana\/?page_id=1975"},"modified":"2016-06-19T20:13:53","modified_gmt":"2016-06-19T17:13:53","slug":"nadal-24","status":"publish","type":"page","link":"https:\/\/muraste.ee\/vana\/?page_id=1975","title":{"rendered":"N\u00e4dal 24"},"content":{"rendered":"<h2 style=\"text-align: center;\"><strong><span style=\"color: #99cc00;\">S U V I \u00a02 0 1 6 \u00a0 M U R A S T E S \u00a0ehk n\u00e4dal 24<\/span><br \/>\n<\/strong><\/h2>\n<p style=\"text-align: center;\"><a href=\"https:\/\/muraste.ee\/vana\/wp-content\/uploads\/2016\/03\/13453035_1213860568632899_1281294738_o.jpg\" rel=\"attachment wp-att-1925\"><img decoding=\"async\" loading=\"lazy\" class=\"size-medium wp-image-1925 aligncenter\" src=\"https:\/\/muraste.ee\/vana\/wp-content\/uploads\/2016\/03\/13453035_1213860568632899_1281294738_o-300x169.jpg\" alt=\"13453035_1213860568632899_1281294738_o\" width=\"300\" height=\"169\" srcset=\"https:\/\/muraste.ee\/vana\/wp-content\/uploads\/2016\/03\/13453035_1213860568632899_1281294738_o-300x169.jpg 300w, https:\/\/muraste.ee\/vana\/wp-content\/uploads\/2016\/03\/13453035_1213860568632899_1281294738_o-768x432.jpg 768w, https:\/\/muraste.ee\/vana\/wp-content\/uploads\/2016\/03\/13453035_1213860568632899_1281294738_o-1024x576.jpg 1024w, https:\/\/muraste.ee\/vana\/wp-content\/uploads\/2016\/03\/13453035_1213860568632899_1281294738_o-624x351.jpg 624w, https:\/\/muraste.ee\/vana\/wp-content\/uploads\/2016\/03\/13453035_1213860568632899_1281294738_o-128x72.jpg 128w, https:\/\/muraste.ee\/vana\/wp-content\/uploads\/2016\/03\/13453035_1213860568632899_1281294738_o.jpg 1280w\" sizes=\"(max-width: 300px) 100vw, 300px\" \/><\/a><\/p>\n<p><span style=\"color: #99cc00;\"><strong>Laup\u00e4eval, 18. juuni<\/strong><\/span><br \/>\n<span style=\"color: #008000;\"><strong>Mummi trahteri 13. s\u00fcnnip\u00e4ev<\/strong>.\u00a0<\/span>Tantsuks V\u00e4ike\u00a0<span style=\"line-height: 1.71429; font-size: 1rem;\">Mees (Meie Mehe v\u00e4ike vend;)!\u00a0<\/span><span style=\"line-height: 1.71429; font-size: 1rem;\">Lisainfo Mummi Trahterist!<\/span><\/p>\n<p><a href=\"https:\/\/muraste.ee\/vana\/wp-content\/uploads\/2016\/03\/mummi_trahter-1.jpg\" rel=\"attachment wp-att-1898\"><img decoding=\"async\" loading=\"lazy\" class=\"size-medium wp-image-1898 aligncenter\" src=\"https:\/\/muraste.ee\/vana\/wp-content\/uploads\/2016\/03\/mummi_trahter-1-212x300.jpg\" alt=\"mummi_trahter (1)\" width=\"212\" height=\"300\" srcset=\"https:\/\/muraste.ee\/vana\/wp-content\/uploads\/2016\/03\/mummi_trahter-1-212x300.jpg 212w, https:\/\/muraste.ee\/vana\/wp-content\/uploads\/2016\/03\/mummi_trahter-1-768x1086.jpg 768w, https:\/\/muraste.ee\/vana\/wp-content\/uploads\/2016\/03\/mummi_trahter-1-724x1024.jpg 724w, https:\/\/muraste.ee\/vana\/wp-content\/uploads\/2016\/03\/mummi_trahter-1-624x882.jpg 624w, https:\/\/muraste.ee\/vana\/wp-content\/uploads\/2016\/03\/mummi_trahter-1.jpg 800w\" sizes=\"(max-width: 212px) 100vw, 212px\" \/><\/a><\/p>\n<p><span style=\"color: #008000;\"><strong><span style=\"color: #99cc00;\">Neljap\u00e4eval, 23. juunil<\/span><\/strong><\/span><\/p>\n<p><span style=\"color: #008000;\"><a href=\"https:\/\/muraste.ee\/vana\/?p=1954\" target=\"_blank\"><strong>Jaanituli<\/strong>\u00a0<strong>&#8220;R\u00e4nnak ajast aega&#8221;<\/strong> Muraste paeplatsil<\/a>. M\u00e4ngud-laulud-tantsud. Piknikukorv ja m\u00f5nus seltskond kaasa!\u00a0<\/span><span style=\"color: #008000;\">Kohapeal kohv ja tee ning ikka ka pannkoogid!<br \/>\nTantsuks ansambel <strong>MelodyMix<\/strong>. \u00a0Jaani\u00f5htu algus kell 19. Jaanituli s\u00fc\u00fcdatakse kell 21.<a href=\"https:\/\/muraste.ee\/vana\/wp-content\/uploads\/2016\/03\/MelodyMix-pilt.jpg\" rel=\"attachment wp-att-1927\"><img decoding=\"async\" loading=\"lazy\" class=\"size-medium wp-image-1927 aligncenter\" src=\"https:\/\/muraste.ee\/vana\/wp-content\/uploads\/2016\/03\/MelodyMix-pilt-300x225.jpg\" alt=\"MelodyMix pilt\" width=\"300\" height=\"225\" srcset=\"https:\/\/muraste.ee\/vana\/wp-content\/uploads\/2016\/03\/MelodyMix-pilt-300x225.jpg 300w, https:\/\/muraste.ee\/vana\/wp-content\/uploads\/2016\/03\/MelodyMix-pilt-768x576.jpg 768w, https:\/\/muraste.ee\/vana\/wp-content\/uploads\/2016\/03\/MelodyMix-pilt-1024x768.jpg 1024w, https:\/\/muraste.ee\/vana\/wp-content\/uploads\/2016\/03\/MelodyMix-pilt-624x468.jpg 624w\" sizes=\"(max-width: 300px) 100vw, 300px\" \/><\/a><\/span><\/p>\n<p><span style=\"color: #99cc00;\"><strong>H\u00f5iked!<\/strong><\/span><\/p>\n<p><span style=\"color: #99cc00;\"><strong><a style=\"color: #99cc00;\" href=\"https:\/\/muraste.ee\/vana\/?p=1863\" target=\"_blank\"><span style=\"color: #000000;\">K\u00e4imas on konkurss<\/span> &#8220;Harku valla kaunis kodu&#8221;!\u00a0<\/a><\/strong><\/span><\/p>\n<p>Muraste Kool ootab t\u00f6\u00f6le usinat, loovat, s\u00f5bralikku, abivalmis, hoolsat<span style=\"color: #99cc00;\"><strong> abikokka<\/strong><\/span>! \u00a0Kandideerimise t\u00e4htaeg on 22. juuni!<\/p>\n<p><a href=\"https:\/\/muraste.ee\/vana\/wp-content\/uploads\/2016\/03\/abikoka-kuulutus-page-0.jpg\" rel=\"attachment wp-att-1910\"><img decoding=\"async\" loading=\"lazy\" class=\"alignnone size-medium wp-image-1910\" src=\"https:\/\/muraste.ee\/vana\/wp-content\/uploads\/2016\/03\/abikoka-kuulutus-page-0-212x300.jpg\" alt=\"abikoka kuulutus-page-0\" width=\"212\" height=\"300\" srcset=\"https:\/\/muraste.ee\/vana\/wp-content\/uploads\/2016\/03\/abikoka-kuulutus-page-0-212x300.jpg 212w, https:\/\/muraste.ee\/vana\/wp-content\/uploads\/2016\/03\/abikoka-kuulutus-page-0-768x1086.jpg 768w, https:\/\/muraste.ee\/vana\/wp-content\/uploads\/2016\/03\/abikoka-kuulutus-page-0-724x1024.jpg 724w, https:\/\/muraste.ee\/vana\/wp-content\/uploads\/2016\/03\/abikoka-kuulutus-page-0-624x882.jpg 624w\" sizes=\"(max-width: 212px) 100vw, 212px\" \/><\/a><\/p>\n<h4 style=\"text-align: left;\"><span style=\"color: #99cc00;\">Muraste k\u00fclaseltsi juhatus \u00fctleb tuhat t\u00e4nu k\u00f5igile, kes Harku valla k\u00fclade p\u00e4eval Murastet esindamas olid! Olge te t\u00e4natud:<br \/>\n<span style=\"color: #000000;\">&#8211; Muraste liikumisklubi lihtsalt liikujatest Tilgu h\u00fclged;<\/span><br \/>\n<span style=\"color: #000000;\">&#8211; vaprad ja vankumatud Harku Rannikukaitse \u00dcksikkompanii kaitseliitlased;<\/span><br \/>\n<span style=\"color: #000000;\">&#8211; Muraste Looduskooli loodusrahvas;<\/span><br \/>\n<span style=\"color: #000000;\">&#8211; taimetark Kunksmoor alias Tiiu-Maie Laht;<\/span><br \/>\n<span style=\"color: #000000;\">&#8211; Muraste supimeister Sten Luik;<br \/>\n&#8211; mmmmm&#8230; maailmaparim Rannikupidude kohvik ja Merike Ojasaar;<br \/>\n&#8211; v\u00f5rratud LiULi uhiuutes triibulistes kanneldajad;<br \/>\n&#8211; h\u00f5beh\u00e4\u00e4lsed Suurupi naiskoori Meretule lauljannad; <\/span><br \/>\n<span style=\"color: #000000;\">&#8211; kaunimustriliste n\u00e4omaalingute tegija Ursula Otsing;<\/span><br \/>\n<span style=\"color: #000000;\">&#8211; \u00d5llev\u00f5luri meistrid;<\/span><br \/>\n<span style=\"color: #000000;\">&#8211; v\u00f5rratud v\u00f5rkpallurid, kes turniiri II koha Murastesse v\u00f5itlesid;<br \/>\n<span style=\"color: #000000;\">&#8211; meie\u00a0head abilised-toetajad-k\u00fclastajad koduk\u00fclast ja kaugemalt.<br \/>\n<span style=\"color: #99cc00;\">Suur t\u00e4nu korraldajatele Suurupi Seltsist ning V\u00e4\u00e4na-J\u00f5esuu k\u00fclaseltsist. Kohtumiseni 2017. aastal k\u00fclade p\u00e4eval V\u00e4\u00e4nas!<\/span><\/span><\/span><\/span><\/h4>\n<p><a href=\"https:\/\/muraste.ee\/vana\/wp-content\/uploads\/2016\/03\/13410471_1213863195299303_452631845_o.jpg\" rel=\"attachment wp-att-1933\"><img decoding=\"async\" loading=\"lazy\" class=\"alignnone size-medium wp-image-1933\" src=\"https:\/\/muraste.ee\/vana\/wp-content\/uploads\/2016\/03\/13410471_1213863195299303_452631845_o-300x169.jpg\" alt=\"13410471_1213863195299303_452631845_o\" width=\"300\" height=\"169\" srcset=\"https:\/\/muraste.ee\/vana\/wp-content\/uploads\/2016\/03\/13410471_1213863195299303_452631845_o-300x169.jpg 300w, https:\/\/muraste.ee\/vana\/wp-content\/uploads\/2016\/03\/13410471_1213863195299303_452631845_o-768x432.jpg 768w, https:\/\/muraste.ee\/vana\/wp-content\/uploads\/2016\/03\/13410471_1213863195299303_452631845_o-1024x576.jpg 1024w, https:\/\/muraste.ee\/vana\/wp-content\/uploads\/2016\/03\/13410471_1213863195299303_452631845_o-624x351.jpg 624w, https:\/\/muraste.ee\/vana\/wp-content\/uploads\/2016\/03\/13410471_1213863195299303_452631845_o-128x72.jpg 128w, https:\/\/muraste.ee\/vana\/wp-content\/uploads\/2016\/03\/13410471_1213863195299303_452631845_o.jpg 1280w\" sizes=\"(max-width: 300px) 100vw, 300px\" \/><\/a><a href=\"https:\/\/muraste.ee\/vana\/wp-content\/uploads\/2016\/03\/13441847_1213863241965965_1353479456_o.jpg\" rel=\"attachment wp-att-1934\"><img decoding=\"async\" loading=\"lazy\" class=\"alignnone size-medium wp-image-1934\" src=\"https:\/\/muraste.ee\/vana\/wp-content\/uploads\/2016\/03\/13441847_1213863241965965_1353479456_o-300x169.jpg\" alt=\"13441847_1213863241965965_1353479456_o\" width=\"300\" height=\"169\" srcset=\"https:\/\/muraste.ee\/vana\/wp-content\/uploads\/2016\/03\/13441847_1213863241965965_1353479456_o-300x169.jpg 300w, https:\/\/muraste.ee\/vana\/wp-content\/uploads\/2016\/03\/13441847_1213863241965965_1353479456_o-768x432.jpg 768w, https:\/\/muraste.ee\/vana\/wp-content\/uploads\/2016\/03\/13441847_1213863241965965_1353479456_o-1024x576.jpg 1024w, https:\/\/muraste.ee\/vana\/wp-content\/uploads\/2016\/03\/13441847_1213863241965965_1353479456_o-624x351.jpg 624w, https:\/\/muraste.ee\/vana\/wp-content\/uploads\/2016\/03\/13441847_1213863241965965_1353479456_o-128x72.jpg 128w, https:\/\/muraste.ee\/vana\/wp-content\/uploads\/2016\/03\/13441847_1213863241965965_1353479456_o.jpg 1280w\" sizes=\"(max-width: 300px) 100vw, 300px\" \/><\/a><a href=\"https:\/\/muraste.ee\/vana\/wp-content\/uploads\/2016\/03\/13453100_1213863151965974_1027486480_o.jpg\" rel=\"attachment wp-att-1935\"><img decoding=\"async\" loading=\"lazy\" class=\"alignnone size-medium wp-image-1935\" src=\"https:\/\/muraste.ee\/vana\/wp-content\/uploads\/2016\/03\/13453100_1213863151965974_1027486480_o-300x169.jpg\" alt=\"13453100_1213863151965974_1027486480_o\" width=\"300\" height=\"169\" srcset=\"https:\/\/muraste.ee\/vana\/wp-content\/uploads\/2016\/03\/13453100_1213863151965974_1027486480_o-300x169.jpg 300w, https:\/\/muraste.ee\/vana\/wp-content\/uploads\/2016\/03\/13453100_1213863151965974_1027486480_o-768x432.jpg 768w, https:\/\/muraste.ee\/vana\/wp-content\/uploads\/2016\/03\/13453100_1213863151965974_1027486480_o-1024x576.jpg 1024w, https:\/\/muraste.ee\/vana\/wp-content\/uploads\/2016\/03\/13453100_1213863151965974_1027486480_o-624x351.jpg 624w, https:\/\/muraste.ee\/vana\/wp-content\/uploads\/2016\/03\/13453100_1213863151965974_1027486480_o-128x72.jpg 128w, https:\/\/muraste.ee\/vana\/wp-content\/uploads\/2016\/03\/13453100_1213863151965974_1027486480_o.jpg 1280w\" sizes=\"(max-width: 300px) 100vw, 300px\" \/><\/a><a href=\"https:\/\/muraste.ee\/vana\/wp-content\/uploads\/2016\/03\/13453166_1213863165299306_1712688760_o.jpg\" rel=\"attachment wp-att-1936\"><img decoding=\"async\" loading=\"lazy\" class=\"alignnone size-medium wp-image-1936\" src=\"https:\/\/muraste.ee\/vana\/wp-content\/uploads\/2016\/03\/13453166_1213863165299306_1712688760_o-300x169.jpg\" alt=\"13453166_1213863165299306_1712688760_o\" width=\"300\" height=\"169\" srcset=\"https:\/\/muraste.ee\/vana\/wp-content\/uploads\/2016\/03\/13453166_1213863165299306_1712688760_o-300x169.jpg 300w, https:\/\/muraste.ee\/vana\/wp-content\/uploads\/2016\/03\/13453166_1213863165299306_1712688760_o-768x432.jpg 768w, https:\/\/muraste.ee\/vana\/wp-content\/uploads\/2016\/03\/13453166_1213863165299306_1712688760_o-1024x576.jpg 1024w, https:\/\/muraste.ee\/vana\/wp-content\/uploads\/2016\/03\/13453166_1213863165299306_1712688760_o-624x351.jpg 624w, https:\/\/muraste.ee\/vana\/wp-content\/uploads\/2016\/03\/13453166_1213863165299306_1712688760_o-128x72.jpg 128w, https:\/\/muraste.ee\/vana\/wp-content\/uploads\/2016\/03\/13453166_1213863165299306_1712688760_o.jpg 1280w\" sizes=\"(max-width: 300px) 100vw, 300px\" \/><\/a><\/p>\n<p><iframe loading=\"lazy\" width=\"625\" height=\"352\" src=\"https:\/\/www.youtube.com\/embed\/baAXOpu9Zxs?feature=oembed\" frameborder=\"0\" allowfullscreen><\/iframe><\/p>\n<p><strong><span style=\"color: #99cc00;\">Teadmiseks: <\/span><\/strong>Muraste igan\u00e4dalase e-infokirjaga liitumiseks saada sellekohane teade muraste@muraste.ee<\/p>\n<p style=\"text-align: left;\"><strong><span style=\"color: #99cc00;\">Muraste kogukonnakeskus<\/span><\/strong> (Lee tee 9, Muraste) avatud E-N 10-18, R 10-16; juulis \u00fcldjuhul puhkame, infokiri ilmub ikka ja \u00fckski vajalik tegevus tegemata ei j\u00e4\u00e4:)\u00a0<span style=\"color: #000000;\">T\u00e4psustused ja info: kogukonnakeskus@muraste.ee; 5253128 (Aule Kikas).<\/span><\/p>\n<p>&nbsp;<\/p>\n","protected":false},"excerpt":{"rendered":"<p>S U V I \u00a02 0 1 6 \u00a0 M U R A S T E S \u00a0ehk n\u00e4dal 24 Laup\u00e4eval, 18. juuni Mummi trahteri 13. s\u00fcnnip\u00e4ev.\u00a0Tantsuks V\u00e4ike\u00a0Mees (Meie Mehe v\u00e4ike vend;)!\u00a0Lisainfo Mummi Trahterist! Neljap\u00e4eval, 23. juunil Jaanituli\u00a0&#8220;R\u00e4nnak ajast aega&#8221; Muraste paeplatsil. M\u00e4ngud-laulud-tantsud. Piknikukorv ja m\u00f5nus seltskond kaasa!\u00a0Kohapeal kohv ja tee ning ikka ka pannkoogid!<a class=\"moretag\" href=\"https:\/\/muraste.ee\/vana\/?page_id=1975\"><br \/>&#8230;Loe edasi<\/a><\/p>\n","protected":false},"author":2,"featured_media":0,"parent":0,"menu_order":0,"comment_status":"closed","ping_status":"closed","template":"nadalakava.php","meta":{"_bbp_topic_count":0,"_bbp_reply_count":0,"_bbp_total_topic_count":0,"_bbp_total_reply_count":0,"_bbp_voice_count":0,"_bbp_anonymous_reply_count":0,"_bbp_topic_count_hidden":0,"_bbp_reply_count_hidden":0,"_bbp_forum_subforum_count":0,"_mc_calendar":[]},"_links":{"self":[{"href":"https:\/\/muraste.ee\/vana\/index.php?rest_route=\/wp\/v2\/pages\/1975"}],"collection":[{"href":"https:\/\/muraste.ee\/vana\/index.php?rest_route=\/wp\/v2\/pages"}],"about":[{"href":"https:\/\/muraste.ee\/vana\/index.php?rest_route=\/wp\/v2\/types\/page"}],"author":[{"embeddable":true,"href":"https:\/\/muraste.ee\/vana\/index.php?rest_route=\/wp\/v2\/users\/2"}],"replies":[{"embeddable":true,"href":"https:\/\/muraste.ee\/vana\/index.php?rest_route=%2Fwp%2Fv2%2Fcomments&post=1975"}],"version-history":[{"count":5,"href":"https:\/\/muraste.ee\/vana\/index.php?rest_route=\/wp\/v2\/pages\/1975\/revisions"}],"predecessor-version":[{"id":1983,"href":"https:\/\/muraste.ee\/vana\/index.php?rest_route=\/wp\/v2\/pages\/1975\/revisions\/1983"}],"wp:attachment":[{"href":"https:\/\/muraste.ee\/vana\/index.php?rest_route=%2Fwp%2Fv2%2Fmedia&parent=1975"}],"curies":[{"name":"wp","href":"https:\/\/api.w.org\/{rel}","templated":true}]}}