{"id":2017,"date":"2016-06-27T09:40:31","date_gmt":"2016-06-27T06:40:31","guid":{"rendered":"https:\/\/muraste.ee\/vana\/?page_id=2017"},"modified":"2016-06-27T09:40:31","modified_gmt":"2016-06-27T06:40:31","slug":"nadal-25","status":"publish","type":"page","link":"https:\/\/muraste.ee\/vana\/?page_id=2017","title":{"rendered":"N\u00e4dal 25"},"content":{"rendered":"<h2><strong>S U V I \u00a02 0 1 6 \u00a0 M U R A S T E S \u00a0ehk n\u00e4dal 25<br \/>\n<\/strong><\/h2>\n<p><a href=\"https:\/\/muraste.ee\/vana\/wp-content\/uploads\/2016\/06\/jaanituli14.jpg\" rel=\"attachment wp-att-1981\"><img decoding=\"async\" loading=\"lazy\" class=\"size-medium wp-image-1981 aligncenter\" src=\"https:\/\/muraste.ee\/vana\/wp-content\/uploads\/2016\/06\/jaanituli14-300x200.jpg\" sizes=\"(max-width: 300px) 100vw, 300px\" srcset=\"https:\/\/muraste.ee\/vana\/wp-content\/uploads\/2016\/06\/jaanituli14-300x200.jpg 300w, https:\/\/muraste.ee\/vana\/wp-content\/uploads\/2016\/06\/jaanituli14-768x512.jpg 768w, https:\/\/muraste.ee\/vana\/wp-content\/uploads\/2016\/06\/jaanituli14-1024x683.jpg 1024w, https:\/\/muraste.ee\/vana\/wp-content\/uploads\/2016\/06\/jaanituli14-624x416.jpg 624w\" alt=\"jaanituli14\" width=\"300\" height=\"200\" \/><\/a><\/p>\n<p><strong>Neljap\u00e4eval, 23. juunil<a href=\"https:\/\/muraste.ee\/vana\/wp-content\/uploads\/2016\/06\/13467748_10209353928346431_1466040385_o-1.jpg\" rel=\"attachment wp-att-1961\"><img decoding=\"async\" loading=\"lazy\" class=\"wp-image-1961 alignright\" src=\"https:\/\/muraste.ee\/vana\/wp-content\/uploads\/2016\/06\/13467748_10209353928346431_1466040385_o-1-212x300.jpg\" sizes=\"(max-width: 237px) 100vw, 237px\" srcset=\"https:\/\/muraste.ee\/vana\/wp-content\/uploads\/2016\/06\/13467748_10209353928346431_1466040385_o-1-212x300.jpg 212w, https:\/\/muraste.ee\/vana\/wp-content\/uploads\/2016\/06\/13467748_10209353928346431_1466040385_o-1-768x1086.jpg 768w, https:\/\/muraste.ee\/vana\/wp-content\/uploads\/2016\/06\/13467748_10209353928346431_1466040385_o-1-724x1024.jpg 724w, https:\/\/muraste.ee\/vana\/wp-content\/uploads\/2016\/06\/13467748_10209353928346431_1466040385_o-1-624x883.jpg 624w, https:\/\/muraste.ee\/vana\/wp-content\/uploads\/2016\/06\/13467748_10209353928346431_1466040385_o-1.jpg 1448w\" alt=\"13467748_10209353928346431_1466040385_o (1)\" width=\"237\" height=\"335\" \/><\/a><\/strong><\/p>\n<p><a href=\"https:\/\/muraste.ee\/vana\/?p=1954\" target=\"_blank\"><strong>Jaanituli<\/strong>\u00a0<strong>\u201cR\u00e4nnak ajast aega\u201d<\/strong> Muraste paeplatsil. (klikka lingile ja loe lisa)<\/a>\u00a0M\u00e4ngud-laulud-tantsud. Piknikukorv ja m\u00f5nus seltskond kaasa!\u00a0Kohapeal kohv ja tee ning ikka ka pannkoogid!<br \/>\nTantsuks ansambel <strong>MelodyMix<\/strong>. \u00a0Jaani\u00f5htu ja matka algus kell 19. Jaanituli s\u00fc\u00fcdatakse kell 21. <a href=\"https:\/\/muraste.ee\/vana\/wp-content\/uploads\/2016\/03\/MelodyMix-pilt.jpg\" rel=\"attachment wp-att-1927\"><br \/>\n<\/a><\/p>\n<p><strong>Eelteade!<\/strong><\/p>\n<p>Alates 1. juulist muutub Murastes Pankranniku piirkonnas <strong><a href=\"https:\/\/muraste.ee\/vana\/?p=1965\" target=\"_blank\">liikluskorraldus<\/a>\u00a0<\/strong><strong>. \u00a0<\/strong>Meie k\u00f5igi suurim soov on, et \u00a0keskkond, kus me elame ja \u00a0kasvavad meie lapsed, oleks s\u00f5bralik ja turvaline. Kindlasti olete m\u00e4rganud, et suvekuudel muutub Pankranniku m\u00e4nguv\u00e4ljak \u00a0armastatud m\u00e4ngukohaks \u00a0igas vanuses lastele ning ka sinna suunduvad t\u00e4navad on tulvil suver\u00f5\u00f5me nautivatest lastest. Paraku t\u00e4nane liikluskorraldus seda tegelikult ei luba, sest seaduse j\u00e4rgi on tegemist s\u00f5iduteedega, millele on k\u00fcll kehtestatud kiirusepiirang (30 km\/h),\u00a0kuid mis ei anna \u00f5igust lastel \u00a0ilma t\u00e4iskasvanud saatjateta liigelda\u00a0(liiklusseaduse\u00a0\u00a7 23; \u00a7 148 lg 1).<a href=\"https:\/\/muraste.ee\/vana\/wp-content\/uploads\/2016\/06\/%C3%B5ueala.png\" rel=\"attachment wp-att-1966\"><img decoding=\"async\" loading=\"lazy\" class=\"size-medium wp-image-1966 alignright\" src=\"https:\/\/muraste.ee\/vana\/wp-content\/uploads\/2016\/06\/%C3%B5ueala-300x223.png\" sizes=\"(max-width: 300px) 100vw, 300px\" srcset=\"https:\/\/muraste.ee\/vana\/wp-content\/uploads\/2016\/06\/\u00f5ueala-300x223.png 300w, https:\/\/muraste.ee\/vana\/wp-content\/uploads\/2016\/06\/\u00f5ueala.png 538w\" alt=\"\u00f5ueala\" width=\"300\" height=\"223\" \/><\/a><\/p>\n<p>Selleks, et lapsed saaksid meie k\u00fclas vabalt liigelda ja autojuhid p\u00f6\u00f6raksid liiklejatele rohkem t\u00e4helepanu, muudame koost\u00f6\u00f6s\u00a0Harku vallavalitsusega\u00a0Muraste k\u00fcla \u00a0liikluskorraldust\u00a0alates 01.07.2016 \u2013 k\u00fcla Pankranniku piirkonnast saab \u00f5ueala liiklusseaduse t\u00e4henduses.\u00a0Seoses sellega paigaldame Kolmiku tee algusesse (kus l\u00f5peb kergliiklustee) ning N\u00f5lvaku ja Kivi t\u00e4nava vahele \u00f5ueala t\u00e4histavad m\u00e4rgid. Selline muudatus annab lastele \u00f5iguse teedel liigelda ning loob autojuhtidele kohustuse nii v\u00e4ikeste kui suurte liiklejatega arvestada ja oleks \u00fcheks katseks parandada liiklusohutust Kolmiku t\u00e4naval ja ristuvatel t\u00e4navatel.\u00a0Soovime, et meie k\u00fcla laste suvi oleks vaba, r\u00f5\u00f5mus ja ohutum.\u00a0Koos loome turvalisuse.<\/p>\n<p><strong>H\u00f5iked!<\/strong><\/p>\n<p><strong>TELLI V\u00c4RSKE KAUP KOJU!<a href=\"https:\/\/muraste.ee\/vana\/wp-content\/uploads\/2016\/03\/original.jpg\" rel=\"attachment wp-att-1993\"><img decoding=\"async\" loading=\"lazy\" class=\"size-medium wp-image-1993 alignright\" src=\"https:\/\/muraste.ee\/vana\/wp-content\/uploads\/2016\/03\/original-300x189.jpg\" sizes=\"(max-width: 300px) 100vw, 300px\" srcset=\"https:\/\/muraste.ee\/vana\/wp-content\/uploads\/2016\/03\/original-300x189.jpg 300w, https:\/\/muraste.ee\/vana\/wp-content\/uploads\/2016\/03\/original-624x393.jpg 624w, https:\/\/muraste.ee\/vana\/wp-content\/uploads\/2016\/03\/original.jpg 683w\" alt=\"original\" width=\"300\" height=\"189\" \/><\/a><\/strong><\/p>\n<p><em>Tahaks tulla vahvale<\/em><br \/>\n<em>Muraste kandi rahvale<\/em><br \/>\n<em>pakkuma kraami, mis hea<\/em><br \/>\n<em>ja kasvanud Eestimaa peal.<\/em><\/p>\n<p><em><strong>ALATES 30. JUUNIST SUVEHOOAJA L\u00d5PUNIIGAL NELJAP\u00c4EVAL KELL 14 \u2013 19 \u00a0EESTI V\u00c4IKETOOTJATE V\u00c4RSKETE K\u00d6\u00d6GIVILJADE M\u00dc\u00dcK MURASTE KONSUMI PARKLASSE SISSES\u00d5IDU JUURES. KAUBA KOJUTELLIMINE VASTAVALT SOOVIDELE, K\u00dcSIDA V\u00d5IB K\u00d5IKE.<\/strong><\/em><br \/>\n<em>Alanud on ka\u00a0<strong>saunavihtade<\/strong> tellimine (kask, valmistamisaeg 20.-30. juuni, k\u00e4ttetoimetamine juuli algul, hind 3 \u20ac \/paar).<strong>\u00a0 Info ja tellimine<\/strong><\/em><em>\u00a0 teetju@hot.ee,\u00a0TEET, tel. 51 971185<\/em><\/p>\n<p><a href=\"https:\/\/muraste.ee\/vana\/?p=1863\" target=\"_blank\">K\u00e4imas on konkurss<\/a><strong><a href=\"https:\/\/muraste.ee\/vana\/?p=1863\" target=\"_blank\"> \u201cHarku valla kaunis kodu\u201d!\u00a0<\/a><\/strong><\/p>\n<p>Muraste Kool ootab t\u00f6\u00f6le usinat, loovat, s\u00f5bralikku, abivalmis, hoolsat<strong> <a href=\"http:\/\/murastekool.edu.ee\/vabad-tookohad\" target=\"_blank\">abikokka<\/a><\/strong>! Kandideerimise t\u00e4htaeg on 22. juuni!<\/p>\n<p><strong>Teadmiseks: <\/strong>Muraste igan\u00e4dalase e-infokirjaga liitumiseks saada sellekohane teade muraste@muraste.ee<\/p>\n<p><strong>Muraste kogukonnakeskus<\/strong> (Lee tee 9, Muraste) avatud E-N 10-18, R 10-16; juulis \u00fcldjuhul puhkame, infokiri ilmub ikka ja \u00fckski vajalik tegevus tegemata ei j\u00e4\u00e4.\u00a0T\u00e4psustused ja info: kogukonnakeskus@muraste.ee; 5253128 (Aule Kikas).<\/p>\n","protected":false},"excerpt":{"rendered":"<p>S U V I \u00a02 0 1 6 \u00a0 M U R A S T E S \u00a0ehk n\u00e4dal 25 Neljap\u00e4eval, 23. juunil Jaanituli\u00a0\u201cR\u00e4nnak ajast aega\u201d Muraste paeplatsil. (klikka lingile ja loe lisa)\u00a0M\u00e4ngud-laulud-tantsud. Piknikukorv ja m\u00f5nus seltskond kaasa!\u00a0Kohapeal kohv ja tee ning ikka ka pannkoogid! Tantsuks ansambel MelodyMix. \u00a0Jaani\u00f5htu ja matka algus kell 19. Jaanituli<a class=\"moretag\" href=\"https:\/\/muraste.ee\/vana\/?page_id=2017\"><br \/>&#8230;Loe edasi<\/a><\/p>\n","protected":false},"author":2,"featured_media":0,"parent":0,"menu_order":0,"comment_status":"closed","ping_status":"closed","template":"nadalakava.php","meta":{"_bbp_topic_count":0,"_bbp_reply_count":0,"_bbp_total_topic_count":0,"_bbp_total_reply_count":0,"_bbp_voice_count":0,"_bbp_anonymous_reply_count":0,"_bbp_topic_count_hidden":0,"_bbp_reply_count_hidden":0,"_bbp_forum_subforum_count":0,"_mc_calendar":[]},"_links":{"self":[{"href":"https:\/\/muraste.ee\/vana\/index.php?rest_route=\/wp\/v2\/pages\/2017"}],"collection":[{"href":"https:\/\/muraste.ee\/vana\/index.php?rest_route=\/wp\/v2\/pages"}],"about":[{"href":"https:\/\/muraste.ee\/vana\/index.php?rest_route=\/wp\/v2\/types\/page"}],"author":[{"embeddable":true,"href":"https:\/\/muraste.ee\/vana\/index.php?rest_route=\/wp\/v2\/users\/2"}],"replies":[{"embeddable":true,"href":"https:\/\/muraste.ee\/vana\/index.php?rest_route=%2Fwp%2Fv2%2Fcomments&post=2017"}],"version-history":[{"count":1,"href":"https:\/\/muraste.ee\/vana\/index.php?rest_route=\/wp\/v2\/pages\/2017\/revisions"}],"predecessor-version":[{"id":2019,"href":"https:\/\/muraste.ee\/vana\/index.php?rest_route=\/wp\/v2\/pages\/2017\/revisions\/2019"}],"wp:attachment":[{"href":"https:\/\/muraste.ee\/vana\/index.php?rest_route=%2Fwp%2Fv2%2Fmedia&parent=2017"}],"curies":[{"name":"wp","href":"https:\/\/api.w.org\/{rel}","templated":true}]}}