{"id":2536,"date":"2016-10-16T13:12:31","date_gmt":"2016-10-16T10:12:31","guid":{"rendered":"https:\/\/muraste.ee\/vana\/?page_id=2536"},"modified":"2016-10-16T13:12:31","modified_gmt":"2016-10-16T10:12:31","slug":"nadal-41","status":"publish","type":"page","link":"https:\/\/muraste.ee\/vana\/?page_id=2536","title":{"rendered":"N\u00e4dal 41"},"content":{"rendered":"<h2 style=\"text-align: center;\"><span style=\"color: #993366;\"><strong>N\u00c4DAL 41 MURASTES*<\/strong><\/span><\/h2>\n<h5 style=\"text-align: left;\"><strong><span style=\"color: #999999;\"><em><a href=\"https:\/\/muraste.ee\/vana\/wp-content\/uploads\/2016\/03\/liuliuus.jpg\" rel=\"attachment wp-att-2497\"><img decoding=\"async\" loading=\"lazy\" class=\"size-medium wp-image-2497 alignright\" src=\"https:\/\/muraste.ee\/vana\/wp-content\/uploads\/2016\/03\/liuliuus-300x200.jpg\" alt=\"liuliuus\" width=\"300\" height=\"200\" srcset=\"https:\/\/muraste.ee\/vana\/wp-content\/uploads\/2016\/03\/liuliuus-300x200.jpg 300w, https:\/\/muraste.ee\/vana\/wp-content\/uploads\/2016\/03\/liuliuus-768x512.jpg 768w, https:\/\/muraste.ee\/vana\/wp-content\/uploads\/2016\/03\/liuliuus-1024x683.jpg 1024w, https:\/\/muraste.ee\/vana\/wp-content\/uploads\/2016\/03\/liuliuus-624x416.jpg 624w, https:\/\/muraste.ee\/vana\/wp-content\/uploads\/2016\/03\/liuliuus.jpg 2048w\" sizes=\"(max-width: 300px) 100vw, 300px\" \/><\/a><br \/>\n*AT- koolimaja aatrium, SP- spordihoone; KO-kogukonnakeskuse ruum; \u00a0 KL- klassiruum; PL-Pangapealse lasteaed<\/em><\/span><\/strong><\/h5>\n<p><span style=\"color: #ff6600;\"><strong><span style=\"color: #339966;\"><span style=\"color: #993366;\">Esmasp\u00e4ev, \u00a010. oktoober<\/span><br \/>\n<\/span><\/strong><\/span>kl 19 SP, <span style=\"color: #ff0000;\"><strong>UUS AEG!<\/strong> <span style=\"color: #000000;\">Korvpall naistele! <strong><span style=\"color: #ff0000;\">NB!<\/span> <\/strong>K\u00f5ik senised ja k\u00f5ik uued m\u00e4ngijad on v\u00e4ga oodatud!\u00a0<\/span><\/span><br \/>\nkl 19 AT, <strong>Suurupi naiskoor Meretule<\/strong> alustas uut lauluhooaega.\u00a0<em>Lauljannad, olete palutud \u2013 Muraste koolimaja aatrium igatseb kuulata teie kauneid h\u00e4\u00e4li!<\/em><br \/>\nkl 20 PL, <strong>Zumba<\/strong>!<br \/>\n<span style=\"color: #ff0000;\"><strong>UUS!<\/strong> <\/span>Alates <strong>24. oktoobrist<\/strong> esmasp\u00e4eviti kl 19.30\u00a0<span style=\"color: #993366;\"><strong><span style=\"color: #ff0000;\">Hatha Krija<\/span><\/strong> jooga<\/span>, juhendab Gristel Pagi. J\u00e4lgige t\u00e4iendavat infot siinsamas ja meie FB lehel!<\/p>\n<p><span style=\"color: #993366;\"><strong>Teisip\u00e4eval, \u00a011. oktoober<\/strong><\/span><br \/>\nkl 14.40 KO, \u00a0<span style=\"color: #cc99ff;\"><strong>UUS!\u00a0<\/strong><\/span>Alustab<strong> Fa Stuudio muusikaring<\/strong> 1-3 klassi \u00f5pilastele. \u00a0Tunnid toimuvad 1x n\u00e4dalas ja on tasulised\u00a0(17\u20ac\/kuu). Rohkem infot fastuudio@gmail.com v\u00f5i tel 5160031.<\/p>\n<div class=\"text_exposed_show\">kl 15 AT, <strong>v\u00f5istlustantsu teeningud algajatele lastele<\/strong> (info www.tantsumeka.ee, Matis Toome, tel 59190800)<\/div>\n<p><a href=\"https:\/\/muraste.ee\/vana\/wp-content\/uploads\/2016\/03\/matis.jpg\" rel=\"attachment wp-att-2306\"><img decoding=\"async\" loading=\"lazy\" class=\"size-medium wp-image-2306 alignright\" src=\"https:\/\/muraste.ee\/vana\/wp-content\/uploads\/2016\/03\/matis-214x300.jpg\" alt=\"matis\" width=\"214\" height=\"300\" srcset=\"https:\/\/muraste.ee\/vana\/wp-content\/uploads\/2016\/03\/matis-214x300.jpg 214w, https:\/\/muraste.ee\/vana\/wp-content\/uploads\/2016\/03\/matis-768x1076.jpg 768w, https:\/\/muraste.ee\/vana\/wp-content\/uploads\/2016\/03\/matis-731x1024.jpg 731w, https:\/\/muraste.ee\/vana\/wp-content\/uploads\/2016\/03\/matis-624x875.jpg 624w, https:\/\/muraste.ee\/vana\/wp-content\/uploads\/2016\/03\/matis.jpg 1275w\" sizes=\"(max-width: 214px) 100vw, 214px\" \/><\/a><br \/>\nkl 18 KL\u00a0<strong>inglise keele kursus <\/strong><em>(algteadmisi omajatel on v\u00f5imalus liituda ka juba t\u00f6\u00f6tava grupiga).<\/em><strong>\u00a0<\/strong>K\u00fcsi lisa juhendajalt tel 56575575.<br \/>\nkl 18 KO <strong>inglise keele vestlusring<\/strong> James Gill\u00b4i juhendamisel. K\u00f5ik inglise keelt praktiseerida soovijad on oodatud!<br \/>\nkl 18.30-19.45 AT<strong>, Seltskonnatantsu j\u00e4tkursus,<\/strong> <strong>II tase<\/strong>.<br \/>\nkl 19-20.30 SP <strong>v\u00f5rkpall <\/strong>(NB! grupp on t\u00e4is! Uued liituda soovijad v\u00f5rkpallihuvilised &#8211; andke endast teada kogukonnakeskus@muraste.ee\u00a0&#8211;\u00a0piisava arvu huviliste korral saame broneerida v\u00f5rkpallile veel \u00fche m\u00e4nguaja alates j\u00e4rgmisest n\u00e4dalast <strong>kolmap\u00e4eviti\u00a0kl 19-20.30<\/strong>). <span style=\"color: #ff0000;\"><strong>J\u00e4lgige infot!<\/strong><\/span><\/p>\n<p>kl 19.45-21.00 AT <strong>Seltskonnatantsude harjutustund<\/strong> &#8211; v\u00f5imalus \u00f5pitut kinnistada ja toredas seltskonnas jalga keerutada. Osalus 5 \u20ac\/in<a href=\"https:\/\/muraste.ee\/vana\/wp-content\/uploads\/2016\/03\/zumbasept16.jpg\" rel=\"attachment wp-att-2295\"><br \/>\n<\/a><\/p>\n<p><span style=\"color: #993366;\"><strong>Kolmap\u00e4ev, \u00a012. oktoober<\/strong><\/span><br \/>\nkl 17 KL, <strong>Mudelismiring<\/strong> algajatele<br \/>\nkl 18 KL, <strong>Mudelismiring<\/strong> edasij\u00f5udnutele<br \/>\nkl 18 KL, Naiskodukaitse Harku r\u00fchma koosolek<br \/>\nkl 18.30 AT\u00a0<span style=\"color: #ff0000;\"><strong>Muraste arengukava koostamise seminar<\/strong>.<\/span> Rohkem infot <strong><a href=\"https:\/\/muraste.ee\/vana\/?page_id=86\" target=\"_blank\">siin<\/a><\/strong>. <strong>K\u00f5ik Muraste heast k\u00e4ek\u00e4igust hoolivad inimesed on palutud osalema!<\/strong><br \/>\nkl 18.30 (erandkorras SP), <strong>Line-tants\u00a0<\/strong>INFO: <a href=\"mailto:kristin@huviline.ee\">kristin@huviline.ee<\/a> v\u00f5i tel 51923590. Osalustasu 5\u20ac\/kord.<br \/>\n<span style=\"color: #000000;\">kl\u00a019.30 (erandkorras SP),\u00a0<strong><span style=\"color: #993366;\">\u00a0<\/span>K<\/strong><\/span><strong>undalin-jooga. <\/strong><span style=\"color: #000000;\">\u00a0S\u00f5num juhendajalt: &#8220;<\/span><em>Meie igap\u00e4evaelu on t\u00e4is erinevaid v\u00e4ljakutseid. Kuigi toimetulek pideva stressiga on saanud \u00fchiskonnas toimimise\u00a0loomulikuks osaks, on selle negatiivset m\u00f5ju v\u00f5imalik neutraliseerida. Sellel kuu kriya abil toetad oma\u00a0endokriins\u00fcsteemi, tasakaalustad n\u00e4rvis\u00fcsteemi ja aju poolkerade t\u00f6\u00f6d ning vabastad keha pikaaegse\u00a0stressi m\u00f5just. Joogatund sobib nii algajatele kui ka edasij\u00f5udnutele. Oled oodatud joogatundi!&#8221;\u00a0<\/em>\u00dche joogatunni tasu on 10 \u20ac; 10\u00a0korra kaart 90 \u20ac. Rohkem teavet algi.samm@mail.ee\u00a0, tel 5019402.<\/p>\n<p><span style=\"color: #ff6600;\"><strong><span style=\"color: #339966;\"><span style=\"color: #993366;\">Neljap\u00e4ev, 13. oktoober<\/span><br \/>\n<\/span><\/strong><\/span>kl 15 AT, <strong>v\u00f5istlustantsu teeningud algajatele lastele<\/strong> (info www.tantsumeka.ee, Matis Toome, tel 59190800)<br \/>\n<span style=\"color: #ff6600;\"><span style=\"color: #000000;\">kl 20\u00a0PL,\u00a0<strong>Zumba<\/strong>!<br \/>\n<\/span><\/span><br \/>\n<a href=\"https:\/\/muraste.ee\/vana\/wp-content\/uploads\/2016\/03\/TEESKLEJAD_1920x1080.png\" rel=\"attachment wp-att-2501\"><img decoding=\"async\" loading=\"lazy\" class=\"size-medium wp-image-2501 alignright\" src=\"https:\/\/muraste.ee\/vana\/wp-content\/uploads\/2016\/03\/TEESKLEJAD_1920x1080-300x169.png\" alt=\"teesklejad_1920x1080\" width=\"300\" height=\"169\" srcset=\"https:\/\/muraste.ee\/vana\/wp-content\/uploads\/2016\/03\/TEESKLEJAD_1920x1080-300x169.png 300w, https:\/\/muraste.ee\/vana\/wp-content\/uploads\/2016\/03\/TEESKLEJAD_1920x1080-768x432.png 768w, https:\/\/muraste.ee\/vana\/wp-content\/uploads\/2016\/03\/TEESKLEJAD_1920x1080-1024x576.png 1024w, https:\/\/muraste.ee\/vana\/wp-content\/uploads\/2016\/03\/TEESKLEJAD_1920x1080-624x351.png 624w, https:\/\/muraste.ee\/vana\/wp-content\/uploads\/2016\/03\/TEESKLEJAD_1920x1080-128x72.png 128w, https:\/\/muraste.ee\/vana\/wp-content\/uploads\/2016\/03\/TEESKLEJAD_1920x1080.png 1920w\" sizes=\"(max-width: 300px) 100vw, 300px\" \/><\/a><span style=\"color: #993366;\"><strong>Reedel, 14. oktoobril<\/strong><\/span><br \/>\nkl 19 AT, <strong>Muraste kodune filmi\u00f5htu<\/strong>: ekraanil &#8220;<strong><a href=\"http:\/\/www.amrion.ee\/index2.php?id=10738\" target=\"_blank\">Teesklejad<\/a><\/strong>&#8221;\u00a0-esimese Eesti filmina maineka San Sebastiani filmifestivali ametlikku v\u00f5istlusprogrammi kuuluv re\u017eis\u00f6\u00f6r Vallo Toomla m\u00e4ngufilm.<br \/>\nPilet 4.- t\u00e4iskasvanud\/2.50 \u00f5pilasele.\u00a0Filmi treiler vaatamiseks <strong><a href=\"https:\/\/www.youtube.com\/watch?v=UVBKskpnuYM\" target=\"_blank\">siin<\/a>.<\/strong><\/p>\n<p><span style=\"color: #993366;\"><strong>Laup\u00e4eval, 15. oktoobril<\/strong><\/span><br \/>\n<strong>kl 10 <span style=\"color: #ff0000;\">Retk Naissaarele!\u00a0<\/span><\/strong><strong>Matkas\u00f5brad! \u00a0<\/strong>Oleme l\u00e4bi aastate kestnud Muraste loodusretkede sarjaga ja koost\u00f6\u00f6s Muraste Looduskooliga uurinud loomade j\u00e4lgi, kuulanud linnulaulu, k\u00e4inud rabas ja seenel, uurinud merd ja metsa, vaadanud p\u00e4ikeset\u00f5usu ja- loojangut&#8230; N\u00fc\u00fcd v\u00f5tame suurep\u00e4rase loodusgiidi ja Naissaare k\u00f5ige salajasemaid ja p\u00f5nevamaid paiku tundva Tauri Purkasega ette retke Murastest h\u00e4sti n\u00e4htavale Naissaarele.<br \/>\nRetk saab alguse Tallinna Kalasadamast kl 10 (kohal peab olema v\u00e4hemalt 15 min enne v\u00e4ljumist. Tagasis\u00f5it algab kl 18 Naissaarelt.<a href=\"https:\/\/muraste.ee\/vana\/wp-content\/uploads\/2016\/03\/event-3.png\" rel=\"attachment wp-att-2440\"><img decoding=\"async\" loading=\"lazy\" class=\"size-medium wp-image-2440 alignright\" src=\"https:\/\/muraste.ee\/vana\/wp-content\/uploads\/2016\/03\/event-3-300x240.png\" alt=\"event-3\" width=\"300\" height=\"240\" srcset=\"https:\/\/muraste.ee\/vana\/wp-content\/uploads\/2016\/03\/event-3-300x240.png 300w, https:\/\/muraste.ee\/vana\/wp-content\/uploads\/2016\/03\/event-3-768x614.png 768w, https:\/\/muraste.ee\/vana\/wp-content\/uploads\/2016\/03\/event-3-624x499.png 624w, https:\/\/muraste.ee\/vana\/wp-content\/uploads\/2016\/03\/event-3.png 960w\" sizes=\"(max-width: 300px) 100vw, 300px\" \/><\/a><br \/>\nSelga ilmastikule vastavad riided ja jalga mugavad jalatsid &#8211; teekond tuleb pikk ja p\u00f5nev!\u00a0Retke hind 22.40 (t\u00e4iskasvanud) \/17.40 (lapsed 5-17 a). \u00a0Kaasa oma leivakott! Kohtade arv on piiratud!\u00a0Info ja registreerumine muraste@muraste.ee v\u00f5i tel 5253128<\/p>\n<p><span style=\"color: #993366;\"><strong><a href=\"https:\/\/muraste.ee\/vana\/wp-content\/uploads\/2016\/03\/meretule.jpg\" rel=\"attachment wp-att-2532\"><img decoding=\"async\" loading=\"lazy\" class=\"size-medium wp-image-2532 alignleft\" src=\"https:\/\/muraste.ee\/vana\/wp-content\/uploads\/2016\/03\/meretule-300x166.jpg\" alt=\"meretule\" width=\"300\" height=\"166\" srcset=\"https:\/\/muraste.ee\/vana\/wp-content\/uploads\/2016\/03\/meretule-300x166.jpg 300w, https:\/\/muraste.ee\/vana\/wp-content\/uploads\/2016\/03\/meretule-624x346.jpg 624w, https:\/\/muraste.ee\/vana\/wp-content\/uploads\/2016\/03\/meretule-128x72.jpg 128w, https:\/\/muraste.ee\/vana\/wp-content\/uploads\/2016\/03\/meretule.jpg 728w\" sizes=\"(max-width: 300px) 100vw, 300px\" \/><\/a><\/strong><\/span><\/p>\n<p><span style=\"color: #993366;\"><strong>P\u00fchap\u00e4eval, 15. oktoobril<\/strong><\/span><br \/>\n<strong>kl 10 AT, Meretule naiskoori laululaager<\/strong><\/p>\n<p><span style=\"color: #993366;\"><strong>TULEKUL!<\/strong><\/span><\/p>\n<p><strong><span style=\"color: #993366;\">Lihtsalt liikujad!<\/span><\/strong><br \/>\n<strong>Esmasp\u00e4eval, 17. oktoobril kell 19<\/strong> ootab Muraste Liikumisklubi teid taas <strong>lihtsalt liikuma!<\/strong><a href=\"https:\/\/muraste.ee\/vana\/wp-content\/uploads\/2016\/03\/liikumisklubi-okt.jpg\" rel=\"attachment wp-att-2509\"><img decoding=\"async\" loading=\"lazy\" class=\"size-medium wp-image-2509 aligncenter\" src=\"https:\/\/muraste.ee\/vana\/wp-content\/uploads\/2016\/03\/liikumisklubi-okt-208x300.jpg\" alt=\"liikumisklubi-okt\" width=\"208\" height=\"300\" srcset=\"https:\/\/muraste.ee\/vana\/wp-content\/uploads\/2016\/03\/liikumisklubi-okt-208x300.jpg 208w, https:\/\/muraste.ee\/vana\/wp-content\/uploads\/2016\/03\/liikumisklubi-okt-624x902.jpg 624w, https:\/\/muraste.ee\/vana\/wp-content\/uploads\/2016\/03\/liikumisklubi-okt.jpg 664w\" sizes=\"(max-width: 208px) 100vw, 208px\" \/><\/a><\/p>\n<div>\n<p><strong><span style=\"color: #993366;\"><img decoding=\"async\" loading=\"lazy\" class=\"size-medium wp-image-2381 alignright\" src=\"https:\/\/muraste.ee\/vana\/wp-content\/uploads\/2016\/03\/kamee-300x169.jpg\" alt=\"kamee\" width=\"300\" height=\"169\" srcset=\"https:\/\/muraste.ee\/vana\/wp-content\/uploads\/2016\/03\/kamee-300x169.jpg 300w, https:\/\/muraste.ee\/vana\/wp-content\/uploads\/2016\/03\/kamee-768x432.jpg 768w, https:\/\/muraste.ee\/vana\/wp-content\/uploads\/2016\/03\/kamee-624x351.jpg 624w, https:\/\/muraste.ee\/vana\/wp-content\/uploads\/2016\/03\/kamee-128x72.jpg 128w, https:\/\/muraste.ee\/vana\/wp-content\/uploads\/2016\/03\/kamee.jpg 960w\" sizes=\"(max-width: 300px) 100vw, 300px\" \/><\/span><\/strong><\/p>\n<\/div>\n<p><strong><span style=\"color: #993366;\">K\u00e4sit\u00f6\u00f6s\u00f5brad!<\/span> Teisip\u00e4eval,\u00a0<\/strong><strong>18.oktoobril kl 18.30<\/strong>\u00a0(KO) valmistame\u00a0<strong>imelise kamee- ehete komplekti<\/strong>! Juhendajaks Janika Printsmann (vt ka FB lehte <a href=\"http:\/\/www.facebook.com\/madebypipieri\/\" target=\"_blank\">Pipieri tegemised<\/a>).\u00a0Kogu kursuse maksumus on <strong>10\u20ac<\/strong>\u00a0ning see sisaldab materjale \u00fche komplekti k\u00f5rvar\u00f5ngaste ja\u00a0\u00a0ripatsi v\u00f5i prossi v\u00f5i k\u00e4ev\u00f5ru tegemiseks.\u00a0Kursusel osalemiseks on veel viimane v\u00f5imalus saata kamees kasutatav foto \u00a0(max 3-4 tk) \u00a0kogukonnakeskus@muraste.ee . Et spetsiaalse faili tegemine n\u00f5uab juhendajalt eelt\u00f6\u00f6d, siis seekord palume kursuse tasu eelnevalt tasuda kogukonnakeskuses, ettemaksu tasumisel saab t\u00e4psustada ka fotol kasutatava osa suurust. Rohkem infot 5253128 v\u00f5i kogukonnakeskus@muraste.ee<\/p>\n<div><a href=\"https:\/\/muraste.ee\/vana\/wp-content\/uploads\/2016\/03\/kameeee.jpg\" rel=\"attachment wp-att-2437\"><img decoding=\"async\" loading=\"lazy\" class=\"size-medium wp-image-2437 alignleft\" src=\"https:\/\/muraste.ee\/vana\/wp-content\/uploads\/2016\/03\/kameeee-300x225.jpg\" alt=\"kameeee\" width=\"300\" height=\"225\" srcset=\"https:\/\/muraste.ee\/vana\/wp-content\/uploads\/2016\/03\/kameeee-300x225.jpg 300w, https:\/\/muraste.ee\/vana\/wp-content\/uploads\/2016\/03\/kameeee-768x576.jpg 768w, https:\/\/muraste.ee\/vana\/wp-content\/uploads\/2016\/03\/kameeee-624x468.jpg 624w, https:\/\/muraste.ee\/vana\/wp-content\/uploads\/2016\/03\/kameeee.jpg 960w\" sizes=\"(max-width: 300px) 100vw, 300px\" \/><\/a>Kameede kuivamise aja t\u00e4iteks v\u00f5tab juhendaja kaasa kookosekoorest toorikuid ning huvilistel on soovi korral \u00a0ka nendest midagi nokitseda (nt pross, k\u00f5rvar\u00f5ngad, lisatasu, 5\u20ac). \u00a0Samal ajal r\u00e4\u00e4gib juhendaja Filipiinidel vabatahtlikuna veedetud ajast ja t\u00f6\u00f6kogemusest.<\/div>\n<div><\/div>\n<div><strong>Tuleb p\u00f5nev \u00f5htu! Kohtumiseni k\u00e4sit\u00f6\u00f6toas!<\/strong><\/div>\n<div><\/div>\n<div><\/div>\n<div><\/div>\n<div><\/div>\n<div><\/div>\n<div><\/div>\n<p><strong><span style=\"color: #993366;\">Filmis\u00f5brad:<\/span><\/strong> Neljap\u00e4eval, \u00a020. oktoobril kl 19 AT, <strong>Muraste kodune filmi\u00f5htu<\/strong>: ekraanil <strong>&#8220;<span style=\"color: #993366;\"><a style=\"color: #993366;\" href=\"http:\/\/kultuur.err.ee\/v\/film\/3879f5f9-5ea7-4d7e-9a3f-ec3097f5b394\/kinodesse-jouab-mart-kivastiku-uus-mangufilm-onn-tuleb-magades\" target=\"_blank\">\u00d5nn tuleb magades<\/a><\/span>&#8220;.\u00a0<\/strong>Pilet 4.- t\u00e4iskasvanud\/2.50 \u00f5pilasele. Filmi treiler vaatamiseks <a href=\"https:\/\/www.youtube.com\/watch?v=kkV_oWQhHuQ\" target=\"_blank\"><strong>siin<\/strong>:<\/a><\/p>\n<p><strong><span style=\"color: #993366;\">Tantsus\u00f5brad:<\/span><\/strong> Neljap\u00e4eval 27, oktoobril kl\u00a018 AT toimub kandleansambli LiULI triibukoodi esitlus ning kl 19 algab j\u00e4rjekordne tantsutuba! Tulge osa saama vahvast peost!<a href=\"https:\/\/muraste.ee\/vana\/wp-content\/uploads\/2016\/03\/tantsutuba-II.jpg\" rel=\"attachment wp-att-2513\"><img decoding=\"async\" loading=\"lazy\" class=\"wp-image-2513 aligncenter\" src=\"https:\/\/muraste.ee\/vana\/wp-content\/uploads\/2016\/03\/tantsutuba-II-208x300.jpg\" alt=\"tantsutuba-ii\" width=\"235\" height=\"339\" srcset=\"https:\/\/muraste.ee\/vana\/wp-content\/uploads\/2016\/03\/tantsutuba-II-208x300.jpg 208w, https:\/\/muraste.ee\/vana\/wp-content\/uploads\/2016\/03\/tantsutuba-II-709x1024.jpg 709w, https:\/\/muraste.ee\/vana\/wp-content\/uploads\/2016\/03\/tantsutuba-II-624x901.jpg 624w, https:\/\/muraste.ee\/vana\/wp-content\/uploads\/2016\/03\/tantsutuba-II.jpg 720w\" sizes=\"(max-width: 235px) 100vw, 235px\" \/><\/a><\/p>\n<p><span style=\"color: #993366;\"><strong>Teatris\u00f5brad!<\/strong> <\/span>28. oktoobril on Muraste koolimajas <strong><a href=\"https:\/\/muraste.ee\/vana\/?p=2354\" target=\"_blank\">Kuusalurahva Teater etendusega &#8220;Teise mehe pea&#8221;<\/a><\/strong>. Tulge saama teatrielamust kodu l\u00e4hedal!<\/p>\n<p><a href=\"https:\/\/muraste.ee\/vana\/wp-content\/uploads\/2016\/03\/mehe-pea.jpg\" rel=\"attachment wp-att-2376\"><img decoding=\"async\" loading=\"lazy\" class=\"alignnone size-full wp-image-2376\" src=\"https:\/\/muraste.ee\/vana\/wp-content\/uploads\/2016\/03\/mehe-pea.jpg\" alt=\"mehe-pea\" width=\"679\" height=\"960\" srcset=\"https:\/\/muraste.ee\/vana\/wp-content\/uploads\/2016\/03\/mehe-pea.jpg 679w, https:\/\/muraste.ee\/vana\/wp-content\/uploads\/2016\/03\/mehe-pea-212x300.jpg 212w, https:\/\/muraste.ee\/vana\/wp-content\/uploads\/2016\/03\/mehe-pea-624x882.jpg 624w\" sizes=\"(max-width: 679px) 100vw, 679px\" \/><\/a><\/p>\n<p><span style=\"color: #993366;\"><strong>Keelehuvilised! <\/strong><\/span>Huviliste olemasolul alustame uue inglise keele uuesti alustajate \/algajate grupiga. Samuti on taas teemaks saksa, hispaania ja rootsi keele \u00f5ppijate algajate grupi kokkukutsumine. Andke oma soovidest ja ootustest teada ikka kogukonnakeskus@muraste.ee<\/p>\n<p><span style=\"color: #993366;\"><strong>Merehuvilised! <\/strong><\/span>Kui on piisav arv huvilisi, oleme valmis Murastesse tooma \u00a0v\u00e4ikelaeva juhi kursused. V\u00f5imalik kursuse aeg oleks talv\/kevad, ettevalmistustega \u00a0tuleb alustada aga juba n\u00fc\u00fcd. Seega: kindlad huvilised, palun andke endast teada kogukonnnakeskus@muraste.ee<\/p>\n<p>Tulemas on kaks v\u00e4ga head ja vajalikku koolitusprogrammi: <span style=\"color: #339966;\"><strong><a style=\"color: #339966;\" href=\"https:\/\/muraste.ee\/vana\/?p=2125\" target=\"_blank\">Kuidas hoida head<\/a>?<\/strong><\/span> ja <span style=\"color: #339966;\"><strong><a style=\"color: #339966;\" href=\"https:\/\/muraste.ee\/vana\/?p=2130\" target=\"_blank\">Minu suhe on minu k\u00e4tes<\/a>.<\/strong><\/span><span style=\"color: #000000;\">\u00a0Kliki ja loe lisa!<\/span><\/p>\n<p><span style=\"color: #cc99ff;\"><strong>Teisip\u00e4evad on Murastes ikka tantsup\u00e4evad!<\/strong><\/span><br \/>\nkl 19.45-21.00 AT, alates 23.august <strong>Seltskonnatantsude harjutustund<\/strong> -v\u00f5imalus \u00f5pitut kinnistada ja toredas seltskonnas jalga keerutada. Osalus 5 \u20ac\/in<br \/>\nkl 18.30-19.45 AT, <span style=\"color: #cc99ff;\"><strong>UUS! <\/strong><\/span>1. november \u2013 20. detsember \u2013 <strong>Seltskonnatantsu ALGkursus<\/strong>, Vt lisatud kuulutust!<\/p>\n<p><a href=\"https:\/\/muraste.ee\/vana\/wp-content\/uploads\/2016\/03\/revalia_muraste_august2016_1.jpg\" rel=\"attachment wp-att-2117\"><img decoding=\"async\" loading=\"lazy\" class=\"alignnone size-large wp-image-2117\" src=\"https:\/\/muraste.ee\/vana\/wp-content\/uploads\/2016\/03\/revalia_muraste_august2016_1-482x1024.jpg\" alt=\"revalia_muraste_august2016_1\" width=\"482\" height=\"1024\" srcset=\"https:\/\/muraste.ee\/vana\/wp-content\/uploads\/2016\/03\/revalia_muraste_august2016_1-482x1024.jpg 482w, https:\/\/muraste.ee\/vana\/wp-content\/uploads\/2016\/03\/revalia_muraste_august2016_1-141x300.jpg 141w, https:\/\/muraste.ee\/vana\/wp-content\/uploads\/2016\/03\/revalia_muraste_august2016_1-624x1325.jpg 624w, https:\/\/muraste.ee\/vana\/wp-content\/uploads\/2016\/03\/revalia_muraste_august2016_1.jpg 701w\" sizes=\"(max-width: 482px) 100vw, 482px\" \/><\/a><\/p>\n<p><strong>Teadmiseks: <\/strong>Muraste igan\u00e4dalase e-infokirjaga liitumiseks saada sellekohane teade muraste@muraste.ee<\/p>\n<p style=\"text-align: left;\"><strong>Muraste kogukonnakeskus<\/strong><span style=\"color: #ff9900;\"> <span style=\"color: #000000;\">(<\/span><\/span>Lee tee 9, Muraste) avatud E-N 10-18, R 10-16.<br \/>\nT\u00e4psustused ja info: kogukonnakeskus@muraste.ee; 5253128 (Aule Kikas).<\/p>\n","protected":false},"excerpt":{"rendered":"<p>N\u00c4DAL 41 MURASTES* *AT- koolimaja aatrium, SP- spordihoone; KO-kogukonnakeskuse ruum; \u00a0 KL- klassiruum; PL-Pangapealse lasteaed Esmasp\u00e4ev, \u00a010. oktoober kl 19 SP, UUS AEG! Korvpall naistele! NB! K\u00f5ik senised ja k\u00f5ik uued m\u00e4ngijad on v\u00e4ga oodatud!\u00a0 kl 19 AT, Suurupi naiskoor Meretule alustas uut lauluhooaega.\u00a0Lauljannad, olete palutud \u2013 Muraste koolimaja aatrium igatseb kuulata teie kauneid h\u00e4\u00e4li!<a class=\"moretag\" href=\"https:\/\/muraste.ee\/vana\/?page_id=2536\"><br \/>&#8230;Loe edasi<\/a><\/p>\n","protected":false},"author":2,"featured_media":0,"parent":0,"menu_order":0,"comment_status":"closed","ping_status":"closed","template":"nadalakava.php","meta":{"_bbp_topic_count":0,"_bbp_reply_count":0,"_bbp_total_topic_count":0,"_bbp_total_reply_count":0,"_bbp_voice_count":0,"_bbp_anonymous_reply_count":0,"_bbp_topic_count_hidden":0,"_bbp_reply_count_hidden":0,"_bbp_forum_subforum_count":0,"_mc_calendar":[]},"_links":{"self":[{"href":"https:\/\/muraste.ee\/vana\/index.php?rest_route=\/wp\/v2\/pages\/2536"}],"collection":[{"href":"https:\/\/muraste.ee\/vana\/index.php?rest_route=\/wp\/v2\/pages"}],"about":[{"href":"https:\/\/muraste.ee\/vana\/index.php?rest_route=\/wp\/v2\/types\/page"}],"author":[{"embeddable":true,"href":"https:\/\/muraste.ee\/vana\/index.php?rest_route=\/wp\/v2\/users\/2"}],"replies":[{"embeddable":true,"href":"https:\/\/muraste.ee\/vana\/index.php?rest_route=%2Fwp%2Fv2%2Fcomments&post=2536"}],"version-history":[{"count":1,"href":"https:\/\/muraste.ee\/vana\/index.php?rest_route=\/wp\/v2\/pages\/2536\/revisions"}],"predecessor-version":[{"id":2538,"href":"https:\/\/muraste.ee\/vana\/index.php?rest_route=\/wp\/v2\/pages\/2536\/revisions\/2538"}],"wp:attachment":[{"href":"https:\/\/muraste.ee\/vana\/index.php?rest_route=%2Fwp%2Fv2%2Fmedia&parent=2536"}],"curies":[{"name":"wp","href":"https:\/\/api.w.org\/{rel}","templated":true}]}}