{"id":2636,"date":"2016-10-30T19:17:24","date_gmt":"2016-10-30T17:17:24","guid":{"rendered":"https:\/\/muraste.ee\/vana\/?page_id=2636"},"modified":"2016-10-30T19:17:24","modified_gmt":"2016-10-30T17:17:24","slug":"nadal-43","status":"publish","type":"page","link":"https:\/\/muraste.ee\/vana\/?page_id=2636","title":{"rendered":"N\u00e4dal 43"},"content":{"rendered":"<h2 style=\"text-align: center;\"><span style=\"color: #00ccff;\"><strong>N\u00c4DAL 43 MURASTES*<\/strong><\/span><\/h2>\n<h5 style=\"text-align: left;\"><strong><span style=\"color: #999999;\"><em>*AT- koolimaja aatrium, SP- spordihoone; KO-kogukonnakeskuse ruum; \u00a0 KL- klassiruum; PL-Pangapealse lasteaed, PLF- Pangapealse lasteaia filiaali ruum Muraste koolimajas\u00a0<a href=\"https:\/\/muraste.ee\/vana\/wp-content\/uploads\/2016\/03\/naissaarkivi.jpg\" rel=\"attachment wp-att-2540\"><br \/>\n<\/a><\/em><\/span><\/strong><\/h5>\n<p style=\"text-align: right;\"><span style=\"color: #808080;\"><em><a href=\"https:\/\/muraste.ee\/vana\/wp-content\/uploads\/2016\/03\/sygis.jpg\" rel=\"attachment wp-att-2623\"><img decoding=\"async\" loading=\"lazy\" class=\" wp-image-2623 aligncenter\" src=\"https:\/\/muraste.ee\/vana\/wp-content\/uploads\/2016\/03\/sygis-300x169.jpg\" alt=\"sygis\" width=\"410\" height=\"231\" srcset=\"https:\/\/muraste.ee\/vana\/wp-content\/uploads\/2016\/03\/sygis-300x169.jpg 300w, https:\/\/muraste.ee\/vana\/wp-content\/uploads\/2016\/03\/sygis-768x432.jpg 768w, https:\/\/muraste.ee\/vana\/wp-content\/uploads\/2016\/03\/sygis-1024x576.jpg 1024w, https:\/\/muraste.ee\/vana\/wp-content\/uploads\/2016\/03\/sygis-624x351.jpg 624w, https:\/\/muraste.ee\/vana\/wp-content\/uploads\/2016\/03\/sygis-128x72.jpg 128w, https:\/\/muraste.ee\/vana\/wp-content\/uploads\/2016\/03\/sygis.jpg 1280w\" sizes=\"(max-width: 410px) 100vw, 410px\" \/><\/a><\/em><\/span><\/p>\n<p><span style=\"color: #ff6600;\"><strong><span style=\"color: #339966;\"><span style=\"color: #993366;\"><span style=\"color: #00ccff;\">Esmasp\u00e4ev, \u00a024. oktoober<a href=\"https:\/\/muraste.ee\/vana\/wp-content\/uploads\/2016\/03\/jooga-uus.jpg\" rel=\"attachment wp-att-2621\"><img decoding=\"async\" loading=\"lazy\" class=\"size-medium wp-image-2621 alignright\" src=\"https:\/\/muraste.ee\/vana\/wp-content\/uploads\/2016\/03\/jooga-uus-300x200.jpg\" alt=\"jooga-uus\" width=\"300\" height=\"200\" srcset=\"https:\/\/muraste.ee\/vana\/wp-content\/uploads\/2016\/03\/jooga-uus-300x200.jpg 300w, https:\/\/muraste.ee\/vana\/wp-content\/uploads\/2016\/03\/jooga-uus-624x416.jpg 624w, https:\/\/muraste.ee\/vana\/wp-content\/uploads\/2016\/03\/jooga-uus.jpg 640w\" sizes=\"(max-width: 300px) 100vw, 300px\" \/><\/a><\/span><br \/>\n<\/span><br \/>\n<\/span><\/strong><\/span>kl 17.30 KO, <strong>Kandleansambel<\/strong> <strong>LiULi<\/strong><br \/>\nkl 19 SP, <span style=\"color: #ff0000;\"><strong>UUS AEG!<\/strong> <span style=\"color: #000000;\"><strong>Korvpall naistele!<\/strong> <strong><span style=\"color: #ff0000;\">NB!<\/span> <\/strong>K\u00f5ik senised ja k\u00f5ik uued m\u00e4ngijad on v\u00e4ga oodatud!\u00a0<\/span><\/span><br \/>\nkl 19 AT, <strong>Suurupi naiskoor Meretule<\/strong><br \/>\nkl 20 PL, <strong>Zumba<\/strong>!<br \/>\nkl 19.30 PLF,\u00a0<span style=\"color: #ff0000;\"><strong>UUS! alates <\/strong><\/span><span style=\"text-decoration: underline; color: #ff0000;\"><strong>31.oktoobrist<\/strong><span style=\"text-decoration: underline;\">\u00a0<\/span><\/span>\u00a0<span style=\"color: #993366;\"><strong><span style=\"color: #ff0000;\">Hatha Krija<\/span><\/strong><span style=\"color: #000000;\"> <strong>jooga<\/strong><\/span><\/span><span style=\"color: #000000;\"><strong>,<\/strong> <\/span>juhendab Gristel Pagi (vt lisatud reklaam)<br \/>\nkl 20 PL, <strong>Zumba<\/strong>!<\/p>\n<p><span style=\"color: #00ccff;\"><strong>Teisip\u00e4eval, \u00a025. oktoober<\/strong><\/span><br \/>\nkl 18 KL\u00a0<strong>inglise keele kursus <\/strong><em>(algteadmisi omajatel on v\u00f5imalus liituda ka juba t\u00f6\u00f6tava grupiga).<\/em><strong>\u00a0<\/strong>K\u00fcsi lisa juhendajalt tel 56575575.<br \/>\nkl 18 KL,\u00a0<strong>inglise keele vestlusring<\/strong> James Gill\u00b4i juhendamisel. K\u00f5ik inglise keelt praktiseerida soovijad on oodatud!<br \/>\nkl 19-20.30 SP,\u00a0<strong>v\u00f5rkpall <\/strong><em>(naised\/mehed);<\/em>\u00a0 <strong>lisaaeg<\/strong> alates novembrist\u00a0<strong>kolmap\u00e4eviti\u00a0kl 19-20.30 <\/strong><em>(mehed)<\/em>.<br \/>\nkl 18.30-19.45 AT<strong>, Seltskonnatantsu j\u00e4tkursus,<\/strong> <strong>II tase<\/strong>.<br \/>\nkl 19.45-21.00 AT <strong>Seltskonnatantsude harjutustund<\/strong> &#8211; v\u00f5imalus \u00f5pitut kinnistada ja toredas seltskonnas jalga keerutada. Osalus 5 \u20ac\/in<a href=\"https:\/\/muraste.ee\/vana\/wp-content\/uploads\/2016\/03\/zumbasept16.jpg\" rel=\"attachment wp-att-2295\"><br \/>\n<\/a><strong><span style=\"color: #ff0000;\">UUS!<\/span> <\/strong>Alates 1. novembrist uus <strong>seltskonnatantsu kursus algajatele. <\/strong>Loe lisa kuulutusest n\u00e4dalakava l\u00f5pus.<\/p>\n<p><span style=\"color: #00ccff;\"><strong>Kolmap\u00e4ev, \u00a026. oktoober<\/strong><\/span><br \/>\nkl 10 &#8230; Tantsuansambel\u00a0&#8220;S\u00f5leke&#8221; tantsulaager<br \/>\nkl 18.30 KO, <strong>Line-tants\u00a0<\/strong>INFO: <a href=\"mailto:kristin@huviline.ee\">kristin@huviline.ee<\/a> v\u00f5i tel 51923590. Osalustasu 5\u20ac\/kord.<br \/>\n<span style=\"color: #000000;\">kl\u00a019.30 PLF,\u00a0<strong><span style=\"color: #993366;\">\u00a0<\/span>K<\/strong><\/span><strong>undalin-jooga. <\/strong><span style=\"color: #000000;\">\u00a0S\u00f5num juhendajalt: &#8220;<\/span><em>Meie igap\u00e4evaelu on t\u00e4is erinevaid v\u00e4ljakutseid. Kuigi toimetulek pideva stressiga on saanud \u00fchiskonnas toimimise\u00a0loomulikuks osaks, on selle negatiivset m\u00f5ju v\u00f5imalik neutraliseerida. Sellel kuu kriya abil toetad oma\u00a0endokriins\u00fcsteemi, tasakaalustad n\u00e4rvis\u00fcsteemi ja aju poolkerade t\u00f6\u00f6d ning vabastad keha pikaaegse\u00a0stressi m\u00f5just. Joogatund sobib nii algajatele kui ka edasij\u00f5udnutele. Oled oodatud joogatundi!&#8221;\u00a0<\/em>\u00dche joogatunni tasu on 10 \u20ac; 10\u00a0korra kaart 90 \u20ac. Rohkem teavet algi.samm@mail.ee\u00a0, tel 5019402.<\/p>\n<p><span style=\"color: #ff6600;\"><strong><span style=\"color: #339966;\"><span style=\"color: #00ccff;\">Neljap\u00e4ev, 27. oktoober<a href=\"https:\/\/muraste.ee\/vana\/wp-content\/uploads\/2016\/03\/tantsutuba-II.jpg\" rel=\"attachment wp-att-2513\"><img decoding=\"async\" loading=\"lazy\" class=\"wp-image-2513 alignright\" src=\"https:\/\/muraste.ee\/vana\/wp-content\/uploads\/2016\/03\/tantsutuba-II-208x300.jpg\" alt=\"tantsutuba-ii\" width=\"235\" height=\"339\" srcset=\"https:\/\/muraste.ee\/vana\/wp-content\/uploads\/2016\/03\/tantsutuba-II-208x300.jpg 208w, https:\/\/muraste.ee\/vana\/wp-content\/uploads\/2016\/03\/tantsutuba-II-709x1024.jpg 709w, https:\/\/muraste.ee\/vana\/wp-content\/uploads\/2016\/03\/tantsutuba-II-624x901.jpg 624w, https:\/\/muraste.ee\/vana\/wp-content\/uploads\/2016\/03\/tantsutuba-II.jpg 720w\" sizes=\"(max-width: 235px) 100vw, 235px\" \/><\/a><\/span><br \/>\n<\/span><\/strong><\/span>kl 9-\u00a016 Tantsuansambel &#8220;S\u00f5leke&#8221; tantsulaager<br \/>\n<span style=\"color: #ff6600;\"><span style=\"color: #000000;\">kl\u00a018 AT toimub kandleansambli LiULI <strong>triibukoodi esitlus<\/strong> ning kl 19 algab j\u00e4rjekordne <strong>tantsutuba<\/strong>! Tulge osa saama vahvast peost!\u00a0 <strong><a href=\"https:\/\/muraste.ee\/vana\/wp-content\/uploads\/2016\/03\/OTM_poster_091616_WEB_RGB-2.png\" rel=\"attachment wp-att-2543\"><br \/>\n<\/a><\/strong><\/span><\/span><br \/>\n<span style=\"color: #ff6600;\"><span style=\"color: #000000;\">kl 20\u00a0PL,\u00a0<strong>Zumba<\/strong>!<br \/>\n<\/span><\/span><\/p>\n<p><span style=\"color: #00ccff;\"><strong>Reede, 28. oktoobril<\/strong><\/span><br \/>\nkl 18.30\u00a0KO,<strong>\u00a0<span style=\"color: #0000ff;\"> Muraste koolimajas <strong><a style=\"color: #0000ff;\" href=\"https:\/\/muraste.ee\/vana\/?p=2354\" target=\"_blank\">Kuusalurahva Teater etendusega &#8220;Teise mehe pea&#8221;<\/a><\/strong>. Tulge saama teatrielamust kodu l\u00e4hedal!<\/span><\/strong><\/p>\n<p><a href=\"https:\/\/muraste.ee\/vana\/wp-content\/uploads\/2016\/03\/mehe-pea.jpg\" rel=\"attachment wp-att-2376\"><img decoding=\"async\" loading=\"lazy\" class=\"alignnone size-full wp-image-2376\" src=\"https:\/\/muraste.ee\/vana\/wp-content\/uploads\/2016\/03\/mehe-pea.jpg\" alt=\"mehe-pea\" width=\"679\" height=\"960\" srcset=\"https:\/\/muraste.ee\/vana\/wp-content\/uploads\/2016\/03\/mehe-pea.jpg 679w, https:\/\/muraste.ee\/vana\/wp-content\/uploads\/2016\/03\/mehe-pea-212x300.jpg 212w, https:\/\/muraste.ee\/vana\/wp-content\/uploads\/2016\/03\/mehe-pea-624x882.jpg 624w\" sizes=\"(max-width: 679px) 100vw, 679px\" \/><\/a><\/p>\n<p><strong><span style=\"color: #ff6600;\">TULEKUL!<\/span><\/strong><\/p>\n<p><span style=\"color: #ff6600;\"><strong><span style=\"color: #000000;\">Filmis\u00f5brad! <\/span><\/strong><span style=\"color: #000000;\">4. novembril kell 19 Muraste kodune filmi\u00f5htu <\/span><span style=\"color: #000000;\">&#8220;<strong>T\u00e4iuslikud v\u00f5\u00f5rad<\/strong>&#8221; (Itaalia kom\u00f6\u00f6dia, draama). Treiler vaatamiseks<\/span> <strong><strong><a href=\"https:\/\/www.youtube.com\/watch?v=ZcUYoUcayY4\" target=\"_blank\">siin<\/a>\u00a0<\/strong><\/strong><\/span><\/p>\n<div><\/div>\n<p><a href=\"https:\/\/muraste.ee\/vana\/wp-content\/uploads\/2016\/03\/Estinfilm_Taiuslikud-voorad_670x250_sisuleht.jpg\" rel=\"attachment wp-att-2567\"><img decoding=\"async\" loading=\"lazy\" class=\"alignnone size-medium wp-image-2567\" src=\"https:\/\/muraste.ee\/vana\/wp-content\/uploads\/2016\/03\/Estinfilm_Taiuslikud-voorad_670x250_sisuleht-300x112.jpg\" alt=\"estinfilm_taiuslikud-voorad_670x250_sisuleht\" width=\"300\" height=\"112\" srcset=\"https:\/\/muraste.ee\/vana\/wp-content\/uploads\/2016\/03\/Estinfilm_Taiuslikud-voorad_670x250_sisuleht-300x112.jpg 300w, https:\/\/muraste.ee\/vana\/wp-content\/uploads\/2016\/03\/Estinfilm_Taiuslikud-voorad_670x250_sisuleht-624x233.jpg 624w, https:\/\/muraste.ee\/vana\/wp-content\/uploads\/2016\/03\/Estinfilm_Taiuslikud-voorad_670x250_sisuleht.jpg 670w\" sizes=\"(max-width: 300px) 100vw, 300px\" \/><\/a><\/p>\n<p><strong><span style=\"color: #ff6600;\">H\u00f5ige!<\/span>\u00a0<\/strong><a href=\"https:\/\/muraste.ee\/vana\/wp-content\/uploads\/2016\/03\/h\u00fclged.jpg\" rel=\"attachment wp-att-2435\"><img decoding=\"async\" loading=\"lazy\" class=\"size-medium wp-image-2435 alignright\" src=\"https:\/\/muraste.ee\/vana\/wp-content\/uploads\/2016\/03\/h\u00fclged-300x114.jpg\" alt=\"hulged\" width=\"300\" height=\"114\" srcset=\"https:\/\/muraste.ee\/vana\/wp-content\/uploads\/2016\/03\/h\u00fclged-300x114.jpg 300w, https:\/\/muraste.ee\/vana\/wp-content\/uploads\/2016\/03\/h\u00fclged-768x291.jpg 768w, https:\/\/muraste.ee\/vana\/wp-content\/uploads\/2016\/03\/h\u00fclged-1024x388.jpg 1024w, https:\/\/muraste.ee\/vana\/wp-content\/uploads\/2016\/03\/h\u00fclged-624x236.jpg 624w\" sizes=\"(max-width: 300px) 100vw, 300px\" \/><\/a>Sarnaselt eelmiste aastatega annab Harjumaa tervisen\u00f5ukogu ka k\u00e4esoleva aasta s\u00fcgisel v\u00e4lja tiitli \u201eHarjumaa Tervisetegija&#8221; ning tunnustab k\u00f5iki esitatud kandidaate.<br \/>\nKorraldajad soovivad esile t\u00f5sta inimesi v\u00f5i asutusi, kes oma t\u00f6\u00f6alase v\u00f5i \u00fchiskondliku tegevusega on olnud eeskujuks ning panustanud silmapaistvalt harjumaalaste tervise parendamisse ja v\u00e4\u00e4rtustamisse paikkonna tasandil.<br \/>\nMeie kandist on varasemalt tunnustuse p\u00e4lvinud Muraste Liikumisklubi Anneli Habichti ja Kaire Taberlandi vedamisel, Tilgu h\u00fclged ja Evar Ojasaar ning aastaid Muraste suusaradu hoidnud kuid n\u00fc\u00fcdseks siit lahkunud Gunnar S\u00fcld.<br \/>\n<strong>Kes on seekordset tunnustust v\u00e4\u00e4rt?<\/strong> M\u00e4rkame ja tunnustame! Rohkem infot <strong><span style=\"color: #ff6600;\"><a style=\"color: #ff6600;\" href=\"http:\/\/harju.maavalitsus.ee\/et\/uudised-ja-teated\/-\/asset_publisher\/U1emxJv8wNCa\/content\/id\/13647452?redirect=http%3A%2F%2Fharju.maavalitsus.ee\" target=\"_blank\">siin<\/a>. <span style=\"color: #333333;\">NB! Taotlusi saab esitada veel 26. oktoobrini!<\/span><\/span><\/strong><\/p>\n<p><a href=\"https:\/\/muraste.ee\/vana\/wp-content\/uploads\/2016\/03\/revalia_muraste_august2016_1.jpg\" rel=\"attachment wp-att-2117\"><img decoding=\"async\" loading=\"lazy\" class=\"alignnone size-large wp-image-2117\" src=\"https:\/\/muraste.ee\/vana\/wp-content\/uploads\/2016\/03\/revalia_muraste_august2016_1-482x1024.jpg\" alt=\"revalia_muraste_august2016_1\" width=\"482\" height=\"1024\" srcset=\"https:\/\/muraste.ee\/vana\/wp-content\/uploads\/2016\/03\/revalia_muraste_august2016_1-482x1024.jpg 482w, https:\/\/muraste.ee\/vana\/wp-content\/uploads\/2016\/03\/revalia_muraste_august2016_1-141x300.jpg 141w, https:\/\/muraste.ee\/vana\/wp-content\/uploads\/2016\/03\/revalia_muraste_august2016_1-624x1325.jpg 624w, https:\/\/muraste.ee\/vana\/wp-content\/uploads\/2016\/03\/revalia_muraste_august2016_1.jpg 701w\" sizes=\"(max-width: 482px) 100vw, 482px\" \/><\/a><\/p>\n<p><span style=\"color: #ff6600;\"><strong>T\u00c4HELEPANU!<\/strong><\/span>\u00a0\u00d5ues on pime. Ennast n\u00e4htavaks teha on lihtne ning selleks on palju v\u00f5imalusi. Kui Sul ei ole veel helkurit, k\u00fcsi see omale Muraste kogukonnakeskusest v\u00f5i Harku vallamajast. Anname oma panuse Sinu silmapaistvaks tegemisele sest teame, et Sinust hoolitakse ja Sind oodatakse koju. Turvaliselt.<a href=\"https:\/\/muraste.ee\/vana\/wp-content\/uploads\/2016\/03\/helkur2.png\" rel=\"attachment wp-att-2585\"><img decoding=\"async\" loading=\"lazy\" class=\"size-medium wp-image-2585 alignright\" src=\"https:\/\/muraste.ee\/vana\/wp-content\/uploads\/2016\/03\/helkur2-300x114.png\" alt=\"helkur2\" width=\"300\" height=\"114\" srcset=\"https:\/\/muraste.ee\/vana\/wp-content\/uploads\/2016\/03\/helkur2-300x114.png 300w, https:\/\/muraste.ee\/vana\/wp-content\/uploads\/2016\/03\/helkur2-768x292.png 768w, https:\/\/muraste.ee\/vana\/wp-content\/uploads\/2016\/03\/helkur2-624x237.png 624w, https:\/\/muraste.ee\/vana\/wp-content\/uploads\/2016\/03\/helkur2.png 960w\" sizes=\"(max-width: 300px) 100vw, 300px\" \/><\/a><\/p>\n<p>Loe rohkem siit: http:\/\/www.silmapaistev.ee\/<\/p>\n<p><a href=\"https:\/\/muraste.ee\/vana\/wp-content\/uploads\/2016\/03\/helkur.jpg\" rel=\"attachment wp-att-2584\"><img decoding=\"async\" loading=\"lazy\" class=\"alignnone size-large wp-image-2584\" src=\"https:\/\/muraste.ee\/vana\/wp-content\/uploads\/2016\/03\/helkur-1024x576.jpg\" alt=\"helkur\" width=\"625\" height=\"352\" srcset=\"https:\/\/muraste.ee\/vana\/wp-content\/uploads\/2016\/03\/helkur-1024x576.jpg 1024w, https:\/\/muraste.ee\/vana\/wp-content\/uploads\/2016\/03\/helkur-300x169.jpg 300w, https:\/\/muraste.ee\/vana\/wp-content\/uploads\/2016\/03\/helkur-768x432.jpg 768w, https:\/\/muraste.ee\/vana\/wp-content\/uploads\/2016\/03\/helkur-624x351.jpg 624w, https:\/\/muraste.ee\/vana\/wp-content\/uploads\/2016\/03\/helkur-128x72.jpg 128w, https:\/\/muraste.ee\/vana\/wp-content\/uploads\/2016\/03\/helkur.jpg 1280w\" sizes=\"(max-width: 625px) 100vw, 625px\" \/><\/a><\/p>\n<p><strong>Teadmiseks: <\/strong>Muraste igan\u00e4dalase e-infokirjaga liitumiseks saada sellekohane teade muraste@muraste.ee<\/p>\n<p style=\"text-align: left;\"><strong>Muraste kogukonnakeskus<\/strong><span style=\"color: #ff9900;\"> <span style=\"color: #000000;\">(<\/span><\/span>Lee tee 9, Muraste) avatud E-N 10-18, R 10-16.<br \/>\nT\u00e4psustused ja info: kogukonnakeskus@muraste.ee; 5253128 (Aule Kikas).<\/p>\n","protected":false},"excerpt":{"rendered":"<p>N\u00c4DAL 43 MURASTES* *AT- koolimaja aatrium, SP- spordihoone; KO-kogukonnakeskuse ruum; \u00a0 KL- klassiruum; PL-Pangapealse lasteaed, PLF- Pangapealse lasteaia filiaali ruum Muraste koolimajas\u00a0 Esmasp\u00e4ev, \u00a024. oktoober kl 17.30 KO, Kandleansambel LiULi kl 19 SP, UUS AEG! Korvpall naistele! NB! K\u00f5ik senised ja k\u00f5ik uued m\u00e4ngijad on v\u00e4ga oodatud!\u00a0 kl 19 AT, Suurupi naiskoor Meretule kl 20<a class=\"moretag\" href=\"https:\/\/muraste.ee\/vana\/?page_id=2636\"><br \/>&#8230;Loe edasi<\/a><\/p>\n","protected":false},"author":2,"featured_media":0,"parent":0,"menu_order":0,"comment_status":"closed","ping_status":"closed","template":"","meta":{"_bbp_topic_count":0,"_bbp_reply_count":0,"_bbp_total_topic_count":0,"_bbp_total_reply_count":0,"_bbp_voice_count":0,"_bbp_anonymous_reply_count":0,"_bbp_topic_count_hidden":0,"_bbp_reply_count_hidden":0,"_bbp_forum_subforum_count":0,"_mc_calendar":[]},"_links":{"self":[{"href":"https:\/\/muraste.ee\/vana\/index.php?rest_route=\/wp\/v2\/pages\/2636"}],"collection":[{"href":"https:\/\/muraste.ee\/vana\/index.php?rest_route=\/wp\/v2\/pages"}],"about":[{"href":"https:\/\/muraste.ee\/vana\/index.php?rest_route=\/wp\/v2\/types\/page"}],"author":[{"embeddable":true,"href":"https:\/\/muraste.ee\/vana\/index.php?rest_route=\/wp\/v2\/users\/2"}],"replies":[{"embeddable":true,"href":"https:\/\/muraste.ee\/vana\/index.php?rest_route=%2Fwp%2Fv2%2Fcomments&post=2636"}],"version-history":[{"count":1,"href":"https:\/\/muraste.ee\/vana\/index.php?rest_route=\/wp\/v2\/pages\/2636\/revisions"}],"predecessor-version":[{"id":2638,"href":"https:\/\/muraste.ee\/vana\/index.php?rest_route=\/wp\/v2\/pages\/2636\/revisions\/2638"}],"wp:attachment":[{"href":"https:\/\/muraste.ee\/vana\/index.php?rest_route=%2Fwp%2Fv2%2Fmedia&parent=2636"}],"curies":[{"name":"wp","href":"https:\/\/api.w.org\/{rel}","templated":true}]}}