{"id":3610,"date":"2017-03-27T08:50:33","date_gmt":"2017-03-27T05:50:33","guid":{"rendered":"https:\/\/muraste.ee\/vana\/?page_id=3610"},"modified":"2017-03-27T08:50:58","modified_gmt":"2017-03-27T05:50:58","slug":"3610-2","status":"publish","type":"page","link":"https:\/\/muraste.ee\/vana\/?page_id=3610","title":{"rendered":"N\u00e4dal 12"},"content":{"rendered":"<h2 style=\"text-align: center;\"><span style=\"color: #008000;\"><strong>N\u00c4DAL \u00a012 MURASTES*<br \/>\n20.- 26. m\u00e4rts 2017<\/strong><\/span><\/h2>\n<h5 style=\"text-align: center;\"><strong><span style=\"color: #999999;\"><em>*AT- koolimaja aatrium, SP- spordihoone; KO-kogukonnakeskuse ruum; \u00a0 KL- klassiruum; PL-Pangapealse lasteaed, PLF- Pangapealse lasteaia filiaali ruum Muraste koolimajas\u00a0<a href=\"https:\/\/muraste.ee\/vana\/wp-content\/uploads\/2016\/03\/naissaarkivi.jpg\" rel=\"attachment wp-att-2540\"><br \/>\n<\/a><\/em><\/span><\/strong><\/h5>\n<p><em><a href=\"https:\/\/muraste.ee\/vana\/wp-content\/uploads\/2016\/03\/kuldnokad_Arne_Ader.jpg\" rel=\"attachment wp-att-3560\"><img decoding=\"async\" loading=\"lazy\" class=\"size-medium wp-image-3560 alignleft\" src=\"https:\/\/muraste.ee\/vana\/wp-content\/uploads\/2016\/03\/kuldnokad_Arne_Ader-300x206.jpg\" alt=\"kuldnokad_Arne_Ader\" width=\"300\" height=\"206\" srcset=\"https:\/\/muraste.ee\/vana\/wp-content\/uploads\/2016\/03\/kuldnokad_Arne_Ader-300x206.jpg 300w, https:\/\/muraste.ee\/vana\/wp-content\/uploads\/2016\/03\/kuldnokad_Arne_Ader-624x429.jpg 624w, https:\/\/muraste.ee\/vana\/wp-content\/uploads\/2016\/03\/kuldnokad_Arne_Ader.jpg 700w\" sizes=\"(max-width: 300px) 100vw, 300px\" \/><\/a><\/em><\/p>\n<p style=\"text-align: left;\"><span style=\"color: #808000;\"><em>M\u00c4RTSIKUU TEEB SALAMAHTI <\/em><\/span><br \/>\n<span style=\"color: #808000;\"><em>KEVADELE UKSE LAHTI,<\/em><\/span><br \/>\n<span style=\"color: #808000;\"><em>P\u00c4\u00c4STAB LUMEST K\u00d5NNITEED,<\/em><\/span><br \/>\n<span style=\"color: #808000;\"><em>PANEB VULISEMA VEED.<\/em><\/span><\/p>\n<p><span style=\"color: #808000;\"><em>Luuletus: Heidi Arula<br \/>\nFoto: Eesti Ornitoloogia\u00fching, Arne Ader<\/em><\/span><\/p>\n<p><span style=\"color: #ff6600;\"><span style=\"color: #99cc00;\"><span style=\"color: #008000;\"><strong><span style=\"color: #808000;\">Esmasp\u00e4ev, \u00a020. m\u00e4rts &#8211; kevade algus!<\/span><br \/>\n<\/strong><\/span><\/span><\/span>kl 14-15 AT, Tallinna Tantsuklubi &#8220;My Dance&#8221; <strong>showtants<\/strong>. \u00a0Igale liitujale klubi s\u00e4rk tasuta. Rohkem infot www.mydance.ee<br \/>\nkl 15-16.30 SP, Judoklubi &#8220;Aitado&#8221;\u00a0<strong>Judo<\/strong> (7-9 a), Rohkem infot sensei Edward Murel, murel.edward@gmail.com<br \/>\nkl 15.30-18.30 KL, <strong>Eelkool<\/strong> (1.grupp). Juhendab Kristi Bauman. Info www.huviringid.ee<br \/>\nkl 16.30-18.30 SP, <strong>K\u00e4sipall<\/strong> (1-5 kl); Info HC Tallinn, www.hctallinn.ee<br \/>\nkl 17.30 KO, <strong>Kandleansambel<\/strong> <strong>LiULi <\/strong><em>(\u00fcle n\u00e4dala)<br \/>\n<\/em>kl 19.00 PLF,\u00a0<span style=\"color: #000000;\"><strong>Hatha Krija jooga, <\/strong><\/span>juhendab Gristel Pagi<br \/>\nkl 20 PL, <strong>Zumba fitness \u2013 tantsuline treening<\/strong><br \/>\n<a href=\"https:\/\/muraste.ee\/vana\/wp-content\/uploads\/2016\/03\/naiskoor.jpg\" rel=\"attachment wp-att-3561\"><img decoding=\"async\" loading=\"lazy\" class=\" wp-image-3561 alignright\" src=\"https:\/\/muraste.ee\/vana\/wp-content\/uploads\/2016\/03\/naiskoor-300x145.jpg\" alt=\"naiskoor\" width=\"281\" height=\"136\" srcset=\"https:\/\/muraste.ee\/vana\/wp-content\/uploads\/2016\/03\/naiskoor-300x145.jpg 300w, https:\/\/muraste.ee\/vana\/wp-content\/uploads\/2016\/03\/naiskoor.jpg 466w\" sizes=\"(max-width: 281px) 100vw, 281px\" \/><\/a><\/p>\n<p><span style=\"color: #3366ff;\"><em><strong>Suurupi naiskoor Meretule esineb\u00a0t\u00e4na Hispaanias toimuval koorilaulu konkursil &#8220;Golden Voices of Montserrat&#8221;.<br \/>\nLauljatele okas kurku ja kaasaelajatel p\u00f6idlad pihku!<\/strong><\/em><\/span><\/p>\n<p><strong><span style=\"color: #99cc00;\"><span style=\"color: #ff6600;\"><span style=\"color: #00ff00;\"><span style=\"color: #808000;\">Teisip\u00e4ev, 21. m\u00e4rts<\/span><br \/>\n<\/span><\/span><\/span><\/strong>kl 14.40 <strong>Fa Stuudio muusikaring<\/strong>. \u00a0Rohkem infot fastuudio@gmail.com v\u00f5i tel 5160031.<br \/>\nkl 15-16.30 <strong>Korvpall<\/strong> (1-5 klass); juhendab Chris Moore (Tabasalu Palliklubi). Info tabasalupk@rim.ee<br \/>\nkl 15 AT, <strong>V\u00f5istlustantsu teeningud algajatele lastele<\/strong> (info www.tantsumeka.ee, Matis Toome, tel 59190800)<br \/>\nkl 16.30-18.30 SP, <strong>K\u00e4sipall<\/strong> (1-5 kl); Info HC Tallinn, www.hctallinn.ee<br \/>\nkl 18 KO Broneeritud<br \/>\nkl 18 KL\u00a0<strong>Inglise keele kursus <\/strong><em>(algteadmisi omajatel on v\u00f5imalus liituda ka juba t\u00f6\u00f6tava grupiga).<\/em><strong>\u00a0<\/strong>K\u00fcsi lisa juhendajalt tel 56575575.<br \/>\nkl 18 KL,\u00a0<strong>Inglise keele vestlusring<\/strong> James Gill\u00b4i juhendamisel. K\u00f5ik inglise keelt praktiseerida soovijad on oodatud!<a href=\"https:\/\/muraste.ee\/vana\/wp-content\/uploads\/2016\/03\/tats.jpg\" rel=\"attachment wp-att-3562\"><img decoding=\"async\" loading=\"lazy\" class=\"size-full wp-image-3562 alignleft\" src=\"https:\/\/muraste.ee\/vana\/wp-content\/uploads\/2016\/03\/tats.jpg\" alt=\"tats\" width=\"240\" height=\"240\" srcset=\"https:\/\/muraste.ee\/vana\/wp-content\/uploads\/2016\/03\/tats.jpg 240w, https:\/\/muraste.ee\/vana\/wp-content\/uploads\/2016\/03\/tats-150x150.jpg 150w\" sizes=\"(max-width: 240px) 100vw, 240px\" \/><\/a><br \/>\nkl 19-20.30 SP, <strong>V\u00f5rkpall <\/strong><em>(naised\/mehed)- oodatud on k\u00f5ik v\u00f5rkpallihuvilised!;<\/em><br \/>\nkl 18.30-19.45 AT<strong>, Seltskonnatantsu j\u00e4tkukursus (7. m\u00e4rts &#8211; 25. aprill)<\/strong>.<em><strong><span style=\"color: #ff0000;\">\u00a0UUS <\/span><span style=\"color: #ff0000;\">algajate kursus alustab juba 2. mail ning kohti veel on!<\/span> <\/strong><\/em><br \/>\nkl 19.45-21.15 AT <strong>Seltskonnatantsude harjutustund<\/strong> &#8211; v\u00f5imalus \u00f5pitut kinnistada ja toredas seltskonnas jalga keerutada. Osalus 6\u20ac\/in<br \/>\nkl 19 \u00a0<strong>Talisuplus Tilgu sadamas<\/strong>. Rohkem infot FB\u00a0grupp Taliujumine Tilgus<br \/>\n<span style=\"color: #008000;\"><strong><br \/>\n<span style=\"color: #808000;\">Kolmap\u00e4ev, \u00a022. m\u00e4rts<\/span><\/strong><\/span><br \/>\nkl 14-15 AT, Tallinna Tantsuklubi &#8220;My Dance&#8221;<strong>showtants<\/strong>. 2x n\u00e4dalas\/30\u20ac kuu. Igale liitujale klubi s\u00e4rk tasuta. Rohkem infot www.mydance.ee<br \/>\nkl 15-16.00 SP, <strong>Jalgpall<\/strong>, (1-5 kl). Info: Harju Jalgpallikool<br \/>\nkl 15.30-18.30 KL, <strong>Eelkool<\/strong> (2.grupp). Juhendab Kristi Bauman. Info www.huviringid.ee<br \/>\nkl 16.00-17,30 \u00a0SP, Judoklubi &#8220;Aitado&#8221;\u00a0<strong>Judo<\/strong> (7-9 a), Rohkem infot sensei Edward Murel, murel.edward@gmail.com<br \/>\nkl 17 KL, <strong>Mudelismiring<\/strong> algajatele, juhendaja Andres Madissoo, info 5259021<br \/>\nkl 18 KL, <strong>Mudelismiring<\/strong> edasij\u00f5udnutele,\u00a0juhendaja Andres Madissoo, info 5259021<br \/>\nkl 18.00 AT, <strong>Line-tants\u00a0<\/strong>INFO: <a href=\"mailto:kristin@huviline.ee\">kristin@huviline.ee<\/a> v\u00f5i tel 51923590. Osalustasu 5\u20ac\/kord.<br \/>\nkl 19-20.30 SP, <strong><span style=\"color: #000000;\">V\u00f5r<\/span>kpall <\/strong><em>(mehed); <span style=\"color: #ff0000;\"><strong>NB! MEHED, TULGE K\u00d5IK PALLI M\u00c4NGIMA &#8211; v\u00f5rguplats ootab!<br \/>\n<\/strong><\/span><\/em>kl 19 KO, Muraste k\u00fclaseltsi juhatuse koosolek<br \/>\n<span style=\"color: #000000;\">kl\u00a019.30 AT,\u00a0<strong><span style=\"color: #993366;\">\u00a0<\/span>K<\/strong><\/span><strong>undalin-jooga.\u00a0<\/strong> \u00dche joogatunni tasu on 10 \u20ac; 10\u00a0korra kaart 90 \u20ac. Rohkem teavet algi.samm@mail.ee\u00a0, tel 5019402.<em> Kundalini jooga on iidne, inimkogemusel p\u00f5hinev terviklik ja praktiline joogateaduste s\u00fcsteem, mis sobib igale inimesele kaasaegses \u00fchiskonnas. \u00d5petaja s\u00f5num selleks kuuks:\u00a0<\/em>m\u00e4rtsikuus praktiseerime krijat, mille abil tugevdad n\u00e4rvi-ja n\u00e4\u00e4rmes\u00fcsteemi, muudad keha painduvamaks, parandad r\u00fchti.\u00a0<strong>Kahel m\u00e4rtsikuu kolmap\u00e4eval, 22.03 ja 29.03, annab joogatundi k\u00fclalis\u00f5petaja Sotantar Kaur<\/strong>.<\/p>\n<p><span style=\"color: #008000;\"><strong><span style=\"color: #ff6600;\"><span style=\"color: #808000;\">Neljap\u00e4ev, 23. m\u00e4rts<\/span><br \/>\n<\/span><\/strong><\/span><span style=\"color: #ff6600;\"><span style=\"color: #339966;\"><span style=\"color: #000000;\">kl 15-16.00 SP, <strong>Jalgpall<\/strong>, (1-5 kl). Info: Harju Jalgpallikool<\/span><\/span><\/span><br \/>\nkl 15 AT, <strong>v\u00f5istlustantsu treeningud algajatele lastele<\/strong> (info www.tantsumeka.ee, Matis Toome, tel 59190800)<br \/>\nkl 16.30-18.30 SP, <strong>K\u00e4sipall<\/strong> (1-5 kl); Info HC Tallinn, www.hctallinn.ee<a href=\"https:\/\/muraste.ee\/vana\/wp-content\/uploads\/2016\/03\/inglise.jpg\" rel=\"attachment wp-att-3299\"><img decoding=\"async\" loading=\"lazy\" class=\" wp-image-3299 alignright\" src=\"https:\/\/muraste.ee\/vana\/wp-content\/uploads\/2016\/03\/inglise.jpg\" alt=\"inglise\" width=\"207\" height=\"98\" srcset=\"https:\/\/muraste.ee\/vana\/wp-content\/uploads\/2016\/03\/inglise.jpg 328w, https:\/\/muraste.ee\/vana\/wp-content\/uploads\/2016\/03\/inglise-300x141.jpg 300w\" sizes=\"(max-width: 207px) 100vw, 207px\" \/><\/a><br \/>\nkl 16 \u00a0<strong>Skautide kogunemine. \u00a0<\/strong>Rohkem infot www.skaut.ee; sten.luik@gmail.com<\/p>\n<p>kl 18\u00a0 KL,\u00a0<strong><span style=\"color: #ff0000;\">UUS\u00a0<\/span><\/strong><strong>\u00a0inglise keele kursus<\/strong> algajatele ja uuesti alustajatele. T\u00e4psem info marethein@gmail.com, tel 56575575 v\u00f5i kogukonnakeskusest.<\/p>\n<p><span style=\"color: #ff6600;\"><span style=\"color: #000000;\"><a href=\"https:\/\/muraste.ee\/vana\/wp-content\/uploads\/2017\/03\/meremees.png\" rel=\"attachment wp-att-3507\"><img decoding=\"async\" loading=\"lazy\" class=\" wp-image-3507 alignleft\" src=\"https:\/\/muraste.ee\/vana\/wp-content\/uploads\/2017\/03\/meremees.png\" alt=\"meremees\" width=\"130\" height=\"130\" srcset=\"https:\/\/muraste.ee\/vana\/wp-content\/uploads\/2017\/03\/meremees.png 225w, https:\/\/muraste.ee\/vana\/wp-content\/uploads\/2017\/03\/meremees-150x150.png 150w\" sizes=\"(max-width: 130px) 100vw, 130px\" \/><\/a><\/span><\/span><\/p>\n<p><span style=\"color: #ff6600;\"><span style=\"color: #000000;\">kl 18 KO, <strong><span style=\"color: #ff0000;\">UUS!<\/span><\/strong> V<strong><span style=\"color: #ff0000;\"><span style=\"color: #000000;\"><strong>\u00e4ikelaevajuhi kursust <\/strong>tutvustav kohtumine<strong>. <\/strong>Rohkem loe<\/span> <strong><a href=\"https:\/\/muraste.ee\/vana\/?p=3506\" target=\"_blank\">SIIT.<br \/>\n<\/a><\/strong><\/span><\/strong><\/span><\/span><\/p>\n<p><span style=\"color: #000000;\"><strong><strong><strong><a href=\"https:\/\/muraste.ee\/vana\/wp-content\/uploads\/2016\/03\/maium\u00e4rts17.jpg\" rel=\"attachment wp-att-3569\"><img decoding=\"async\" loading=\"lazy\" class=\"size-medium wp-image-3569 alignright\" src=\"https:\/\/muraste.ee\/vana\/wp-content\/uploads\/2016\/03\/maium\u00e4rts17-212x300.jpg\" alt=\"maium\u00e4rts17\" width=\"212\" height=\"300\" srcset=\"https:\/\/muraste.ee\/vana\/wp-content\/uploads\/2016\/03\/maium\u00e4rts17-212x300.jpg 212w, https:\/\/muraste.ee\/vana\/wp-content\/uploads\/2016\/03\/maium\u00e4rts17-624x884.jpg 624w, https:\/\/muraste.ee\/vana\/wp-content\/uploads\/2016\/03\/maium\u00e4rts17.jpg 678w\" sizes=\"(max-width: 212px) 100vw, 212px\" \/><\/a><\/strong><\/strong><\/strong><\/span><span style=\"color: #ff6600;\"><span style=\"color: #000000;\">kl 20 PL, <strong>Zumba fitness<\/strong> \u2013 tantsuline treening<strong><span style=\"color: #ff6600;\"><br \/>\n<\/span><\/strong><\/span><\/span><\/p>\n<p><span style=\"color: #ff6600;\"><span style=\"color: #000000;\"><span style=\"color: #808000;\"><strong>Reede, 24.\u00a0m\u00e4rts<br \/>\n<\/strong><\/span><\/span><\/span>kl 15-16.30 SP,\u00a0<strong>Korvpall<\/strong> (1-5 klass); juhendab Chris Moore (Tabasalu Palliklubi). Info tabasalupk@rim.ee<\/p>\n<p><a href=\"https:\/\/muraste.ee\/vana\/wp-content\/uploads\/2016\/03\/Aikido_Pictogram.svg_.png\" rel=\"attachment wp-att-3204\"><img decoding=\"async\" loading=\"lazy\" class=\"wp-image-3204 size-thumbnail alignleft\" src=\"https:\/\/muraste.ee\/vana\/wp-content\/uploads\/2016\/03\/Aikido_Pictogram.svg_-150x150.png\" alt=\"Aikido_Pictogram.svg\" width=\"150\" height=\"150\" \/><\/a>kl 18.30 SP, Muraste turvagrupp kutsub osalema kursusel<strong><span style=\"color: #99cc00;\">\u00a0<a style=\"color: #99cc00;\" href=\"https:\/\/www.youtube.com\/watch?v=E32WMhokIIM&amp;feature=youtu.be\">Enesekaitse alused l\u00e4bi aikido<\/a>.<\/span>\u00a0\u00a0<\/strong>Jalga pika s\u00e4\u00e4rega dressid, selga t-s\u00e4rk v\u00f5i kimono. Rohkem infot kogukonnakeskusest v\u00f5i Evar Ojasaarelt (eojasaar@gmail.com). Kursus on osalejatele <strong>tasuta<\/strong>.<\/p>\n<p><span style=\"color: #ff0000;\"><strong>UUS! <\/strong><\/span>kl 19 AT, filmi\u00f5htu <strong>&#8220;Sangarid&#8221;<\/strong><span style=\"color: #808080;\"><em> (pilet 4\u20ac\/2,50\u20ac, soovituslik vanus alates 12a)<\/em><\/span><\/p>\n<div class=\"_1mf _1mj\" data-offset-key=\"cki46-0-0\">\u00a0<a href=\"https:\/\/muraste.ee\/vana\/wp-content\/uploads\/2016\/03\/sangar.jpg\" rel=\"attachment wp-att-3563\"><img decoding=\"async\" loading=\"lazy\" class=\"alignnone size-full wp-image-3563\" src=\"https:\/\/muraste.ee\/vana\/wp-content\/uploads\/2016\/03\/sangar.jpg\" alt=\"sangar\" width=\"670\" height=\"250\" srcset=\"https:\/\/muraste.ee\/vana\/wp-content\/uploads\/2016\/03\/sangar.jpg 670w, https:\/\/muraste.ee\/vana\/wp-content\/uploads\/2016\/03\/sangar-300x112.jpg 300w, https:\/\/muraste.ee\/vana\/wp-content\/uploads\/2016\/03\/sangar-624x233.jpg 624w\" sizes=\"(max-width: 670px) 100vw, 670px\" \/><\/a><\/div>\n<div class=\"_1mf _1mj\" data-offset-key=\"cki46-0-0\"><\/div>\n<div class=\"_1mf _1mj\" data-offset-key=\"cki46-0-0\"><\/div>\n<div class=\"_1mf _1mj\" data-offset-key=\"cki46-0-0\">\n<p><span style=\"color: #808000;\"><strong>TULEKUL ehk Murastes on teatrikuu aprillis:)<br \/>\n<\/strong><\/span><em><strong><br \/>\n<\/strong><\/em><b>&#8211; <\/b><strong><span style=\"color: #ff0000;\">UUS!\u00a0<\/span><\/strong>Laup\u00e4eval,\u00a08. aprillil kell 17, AT, teatri\u00f5htu Muraste koolimajas \u2013 Indrek Hargla<strong>\u00a0\u201cTestamendit\u00e4itjad\u201d <\/strong>Kuusalurahva Teatri esituses (piletid\u00a0\u00a0eelm\u00fc\u00fcgihinnaga 6\u20ac\/4\u20ac(eakad, \u00f5pilased) saadavad Muraste kogukonnakeskuses)<br \/>\n&#8211; <strong><span style=\"color: #ff0000;\">UUS!<\/span><\/strong> Neljap\u00e4eval, 13. aprillil on meie kandi rahvas oodatud (meile tehtud soodushinnaga) vaatama Teoteatri etendust <strong>&#8220;Topeltwoody&#8221;<\/strong> (pilet 7\u20ac). Kui muidu on Teoteatril oma pesa Kalamajas, siis seekord m\u00e4ngitakse seda t\u00fckki Rahvusraamatukogu saa<span class=\"text_exposed_show\">lis.\u00a0<\/span>Piletite broneerimine ja info kogukonnakeskus@muraste.ee v\u00f5i tel 5253128 (Aule Kikas).<\/p>\n<p><a href=\"https:\/\/muraste.ee\/vana\/wp-content\/uploads\/2016\/03\/kell.jpg\" rel=\"attachment wp-att-3602\"><img decoding=\"async\" loading=\"lazy\" class=\"size-medium wp-image-3602 alignleft\" src=\"https:\/\/muraste.ee\/vana\/wp-content\/uploads\/2016\/03\/kell-300x166.jpg\" alt=\"kell\" width=\"300\" height=\"166\" srcset=\"https:\/\/muraste.ee\/vana\/wp-content\/uploads\/2016\/03\/kell-300x166.jpg 300w, https:\/\/muraste.ee\/vana\/wp-content\/uploads\/2016\/03\/kell-624x346.jpg 624w, https:\/\/muraste.ee\/vana\/wp-content\/uploads\/2016\/03\/kell-128x72.jpg 128w, https:\/\/muraste.ee\/vana\/wp-content\/uploads\/2016\/03\/kell.jpg 728w\" sizes=\"(max-width: 300px) 100vw, 300px\" \/><\/a><span style=\"color: #ff0000;\"><strong>\u00c4RGE UNUSTAGE:\u00a0<\/strong>\u00a0p\u00fchap\u00e4eval, 26. m\u00e4rtsil l\u00e4hme taas \u00fcle suveajale.<\/span><\/p>\n<p><span style=\"color: #808000;\"><strong>R\u00f5\u00f5msaid hetki igasse p\u00e4eva!\u00a0<\/strong><\/span><\/p>\n<\/div>\n<div class=\"_1mf _1mj\" data-offset-key=\"cki46-0-0\">\n<p><span style=\"color: #008000;\"><em>\u00d5petaja: \u201eMis aastaaeg praegu on?\u201d<a style=\"color: #008000;\" href=\"https:\/\/muraste.ee\/vana\/wp-content\/uploads\/2016\/03\/nali.jpg\" rel=\"attachment wp-att-3565\"><img decoding=\"async\" loading=\"lazy\" class=\" wp-image-3565 alignright\" src=\"https:\/\/muraste.ee\/vana\/wp-content\/uploads\/2016\/03\/nali.jpg\" alt=\"nali\" width=\"279\" height=\"204\" srcset=\"https:\/\/muraste.ee\/vana\/wp-content\/uploads\/2016\/03\/nali.jpg 492w, https:\/\/muraste.ee\/vana\/wp-content\/uploads\/2016\/03\/nali-300x220.jpg 300w\" sizes=\"(max-width: 279px) 100vw, 279px\" \/><\/a><\/em><\/span><br \/>\n<span style=\"color: #008000;\"><em>Marko: \u201eMa ei teagi.\u201d<\/em><\/span><br \/>\n<span style=\"color: #008000;\"><em>\u00d5petaja. \u201eKevad. Mis kevade j\u00e4rel tuleb?\u201d<\/em><\/span><br \/>\n<span style=\"color: #008000;\"><em>Marko: \u201ePoriloigud!\u201d<br \/>\n<\/em>&#8212;&#8212;&#8212;&#8212;&#8212;&#8212;&#8212;&#8212;&#8212;&#8212;&#8212;&#8212;&#8212;&#8212;&#8212;&#8212;&#8212;&#8212;&#8212;-<\/span><\/p>\n<p><span style=\"color: #008000;\"><em>Viieaastane Laura Brita v\u00f5tab p\u00e4ikest ja m\u00f5tiskleb: \u201eK\u00fcll on hea, et p\u00e4ike merre loojub, muidu me saaksime sellega vastu pead!\u201d<\/em><\/span><\/p>\n<\/div>\n<p><strong>Teadmiseks: <\/strong>Muraste igan\u00e4dalase e-infokirjaga liitumiseks saada sellekohane teade muraste@muraste.ee<br \/>\n<strong>Muraste kogukonnakeskus\u00a0<\/strong><span style=\"color: #ff9900;\"><span style=\"color: #000000;\">(<\/span><\/span>Lee tee 9, Muraste) avatud E-N 10-18, R 10-16.<br \/>\n<strong>T\u00e4psustused ja info:<\/strong> kogukonnakeskus@muraste.ee;\u00a05253128 (Aule Kikas).<\/p>\n","protected":false},"excerpt":{"rendered":"<p>N\u00c4DAL \u00a012 MURASTES* 20.- 26. m\u00e4rts 2017 *AT- koolimaja aatrium, SP- spordihoone; KO-kogukonnakeskuse ruum; \u00a0 KL- klassiruum; PL-Pangapealse lasteaed, PLF- Pangapealse lasteaia filiaali ruum Muraste koolimajas\u00a0 M\u00c4RTSIKUU TEEB SALAMAHTI KEVADELE UKSE LAHTI, P\u00c4\u00c4STAB LUMEST K\u00d5NNITEED, PANEB VULISEMA VEED. Luuletus: Heidi Arula Foto: Eesti Ornitoloogia\u00fching, Arne Ader Esmasp\u00e4ev, \u00a020. m\u00e4rts &#8211; kevade algus! kl 14-15 AT,<a class=\"moretag\" href=\"https:\/\/muraste.ee\/vana\/?page_id=3610\"><br \/>&#8230;Loe edasi<\/a><\/p>\n","protected":false},"author":2,"featured_media":0,"parent":0,"menu_order":0,"comment_status":"closed","ping_status":"closed","template":"nadalakava.php","meta":{"_bbp_topic_count":0,"_bbp_reply_count":0,"_bbp_total_topic_count":0,"_bbp_total_reply_count":0,"_bbp_voice_count":0,"_bbp_anonymous_reply_count":0,"_bbp_topic_count_hidden":0,"_bbp_reply_count_hidden":0,"_bbp_forum_subforum_count":0,"_mc_calendar":[]},"_links":{"self":[{"href":"https:\/\/muraste.ee\/vana\/index.php?rest_route=\/wp\/v2\/pages\/3610"}],"collection":[{"href":"https:\/\/muraste.ee\/vana\/index.php?rest_route=\/wp\/v2\/pages"}],"about":[{"href":"https:\/\/muraste.ee\/vana\/index.php?rest_route=\/wp\/v2\/types\/page"}],"author":[{"embeddable":true,"href":"https:\/\/muraste.ee\/vana\/index.php?rest_route=\/wp\/v2\/users\/2"}],"replies":[{"embeddable":true,"href":"https:\/\/muraste.ee\/vana\/index.php?rest_route=%2Fwp%2Fv2%2Fcomments&post=3610"}],"version-history":[{"count":2,"href":"https:\/\/muraste.ee\/vana\/index.php?rest_route=\/wp\/v2\/pages\/3610\/revisions"}],"predecessor-version":[{"id":3613,"href":"https:\/\/muraste.ee\/vana\/index.php?rest_route=\/wp\/v2\/pages\/3610\/revisions\/3613"}],"wp:attachment":[{"href":"https:\/\/muraste.ee\/vana\/index.php?rest_route=%2Fwp%2Fv2%2Fmedia&parent=3610"}],"curies":[{"name":"wp","href":"https:\/\/api.w.org\/{rel}","templated":true}]}}