{"id":4088,"date":"2017-07-03T09:19:11","date_gmt":"2017-07-03T06:19:11","guid":{"rendered":"https:\/\/muraste.ee\/vana\/?page_id=4088"},"modified":"2017-07-03T09:19:35","modified_gmt":"2017-07-03T06:19:35","slug":"4088-2","status":"publish","type":"page","link":"https:\/\/muraste.ee\/vana\/?page_id=4088","title":{"rendered":"N\u00e4dal 26"},"content":{"rendered":"<header class=\"entry-header\">\n<h1 class=\"entry-title\" style=\"text-align: center;\"><span style=\"color: #99cc00;\"><strong>N\u00c4DAL \u00a026 MURASTES*<br \/>\n<\/strong><strong>26. juuni \u2013 2. juuli\u00a02017<\/strong><\/span><\/h1>\n<p class=\"entry-title\" style=\"text-align: center;\"><a href=\"https:\/\/muraste.ee\/vana\/wp-content\/uploads\/2016\/03\/selts.jpg\" rel=\"attachment wp-att-4065\"><img decoding=\"async\" loading=\"lazy\" class=\"alignnone size-medium wp-image-4065\" src=\"https:\/\/muraste.ee\/vana\/wp-content\/uploads\/2016\/03\/selts-300x169.jpg\" alt=\"selts\" width=\"300\" height=\"169\" srcset=\"https:\/\/muraste.ee\/vana\/wp-content\/uploads\/2016\/03\/selts-300x169.jpg 300w, https:\/\/muraste.ee\/vana\/wp-content\/uploads\/2016\/03\/selts-624x351.jpg 624w, https:\/\/muraste.ee\/vana\/wp-content\/uploads\/2016\/03\/selts-128x72.jpg 128w, https:\/\/muraste.ee\/vana\/wp-content\/uploads\/2016\/03\/selts.jpg 720w\" sizes=\"(max-width: 300px) 100vw, 300px\" \/><\/a><br \/>\nR\u00f5\u00f5mus m\u00e4lestus Harku valla k\u00fclade p\u00e4evalt.<\/p>\n<\/header>\n<div class=\"entry-content\" style=\"text-align: left;\">\n<h5><strong><em>*AT- koolimaja aatrium, SP- spordihoone; KO-kogukonnakeskuse ruum; \u00a0 KL- klassiruum;\u00a0\u00a0<\/em><\/strong><a href=\"https:\/\/www.youtube.com\/watch?v=A43pMpm68BY\"><strong><em><br \/>\n<\/em><\/strong><\/a><\/h5>\n<p><span style=\"color: #99cc00;\"><strong>Esmasp\u00e4ev, 26.\u00a0juuni<a href=\"https:\/\/muraste.ee\/vana\/wp-content\/uploads\/2016\/03\/Velokruiis-Villemiga-26.06.17.jpg\" rel=\"attachment wp-att-4066\"><img decoding=\"async\" loading=\"lazy\" class=\"size-medium wp-image-4066 alignright\" src=\"https:\/\/muraste.ee\/vana\/wp-content\/uploads\/2016\/03\/Velokruiis-Villemiga-26.06.17-208x300.jpg\" alt=\"Velokruiis Villemiga 26.06.17\" width=\"208\" height=\"300\" srcset=\"https:\/\/muraste.ee\/vana\/wp-content\/uploads\/2016\/03\/Velokruiis-Villemiga-26.06.17-208x300.jpg 208w, https:\/\/muraste.ee\/vana\/wp-content\/uploads\/2016\/03\/Velokruiis-Villemiga-26.06.17-709x1024.jpg 709w, https:\/\/muraste.ee\/vana\/wp-content\/uploads\/2016\/03\/Velokruiis-Villemiga-26.06.17-624x901.jpg 624w, https:\/\/muraste.ee\/vana\/wp-content\/uploads\/2016\/03\/Velokruiis-Villemiga-26.06.17.jpg 720w\" sizes=\"(max-width: 208px) 100vw, 208px\" \/><\/a><br \/>\n<\/strong><span style=\"color: #000000;\">kl 18 AT,\u00a0<strong>Rahvatantsur\u00fchma proov<br \/>\n<\/strong><\/span><\/span><span style=\"color: #99cc00;\"><span style=\"color: #000000;\"><br \/>\nkl 19.00\u00a0<span style=\"color: #ff0000;\"><strong>UUS!<\/strong><\/span>\u00a0<strong>Muraste liikumisklubi \u00fchisliikumine!<\/strong>\u00a0<em>Head klubiliikmed, kas olete juba j\u00f5udnud hakata muretsema, et kuidas k\u00fcll jaaniga sisseaetavatest kaloritest ja raskev\u00f5itu enesetundest vabaneda? Siin on teile lahendus: t\u00e4na \u00f5htul saate siirduda koos\u00a0<a class=\"profileLink\" style=\"color: #000000;\" href=\"https:\/\/www.facebook.com\/villem.tonisberg?fref=mentions\" data-hovercard=\"\/ajax\/hovercard\/user.php?id=620834257&amp;extragetparams=%7B%22fref%22%3A%22mentions%22%2C%22directed_target_id%22%3A557718107633442%7D\" data-hovercard-prefer-more-content-show=\"1\">Villem T\u00f5nisberg<\/a>iga maastikuratta kruiisile v\u00f5i siis\u00a0<a class=\"profileLink\" style=\"color: #000000;\" href=\"https:\/\/www.facebook.com\/anneli.habicht?fref=mentions\" data-hovercard=\"\/ajax\/hovercard\/user.php?id=100003175540405&amp;extragetparams=%7B%22fref%22%3A%22mentions%22%2C%22directed_target_id%22%3A557718107633442%7D\" data-hovercard-prefer-more-content-show=\"1\">Anneli Habicht<\/a>iga kepik\u00f5nniretkele. V\u00f5ta v\u00f5i j\u00e4ta ja lihtsalt liikuma! \u00a0P\u00e4rast liikumist ikka v\u00e4ike keelekaste ja Dermoshop loterii! Kohtumiseni!<\/em><\/span><strong><br \/>\n<\/strong><\/span><\/p>\n<p><span style=\"color: #99cc00;\"><strong>Teisip\u00e4ev, 27. juuni<\/strong><\/span><br \/>\nkl 18 KL,\u00a0<strong>Inglise keele kursus\u00a0<\/strong><em>(algteadmisi omajatel on v\u00f5imalus liituda ka juba t\u00f6\u00f6tava grupiga).<\/em><strong>\u00a0<\/strong>K\u00fcsi lisa juhendajalt tel 56575575.<br \/>\nkl 18 KO,<strong>\u00a0Koosolek<\/strong>\u00a0(bron)<br \/>\nkl 19-20.30 SP,\u00a0<strong>V\u00f5rkpall\u00a0<\/strong><em>(naised\/mehed)- oodatud on k\u00f5ik v\u00f5rkpallihuvilised!;<\/em><br \/>\n<em><br \/>\n<\/em><\/p>\n<p><strong><span style=\"color: #99cc00;\">Neljap\u00e4ev, 22. juuni<\/span><span style=\"color: #339966;\"><br \/>\n<\/span><\/strong>kl 18.30 \u00a0KO, \u00a0<strong>Inglise keele kursus<\/strong>\u00a0algajatele ja uuesti alustajatele. T\u00e4psem info marethein@gmail.com, tel 56575575 v\u00f5i kogukonnakeskusest.<\/p>\n<p><strong><span style=\"color: #333399;\"><span style=\"color: #ff6600;\"><span style=\"color: #99cc00;\">Laup\u00e4ev, 1. juuli ja p\u00fchap\u00e4ev, 2 juuli<\/span><a href=\"https:\/\/muraste.ee\/vana\/wp-content\/uploads\/2016\/03\/img_4476.jpg\" rel=\"attachment wp-att-3539\"><img decoding=\"async\" loading=\"lazy\" class=\"wp-image-3539 alignleft\" src=\"https:\/\/muraste.ee\/vana\/wp-content\/uploads\/2016\/03\/img_4476-150x150.jpg\" alt=\"img_4476\" width=\"74\" height=\"74\" srcset=\"https:\/\/muraste.ee\/vana\/wp-content\/uploads\/2016\/03\/img_4476-150x150.jpg 150w, https:\/\/muraste.ee\/vana\/wp-content\/uploads\/2016\/03\/img_4476-300x300.jpg 300w, https:\/\/muraste.ee\/vana\/wp-content\/uploads\/2016\/03\/img_4476-768x768.jpg 768w, https:\/\/muraste.ee\/vana\/wp-content\/uploads\/2016\/03\/img_4476-624x624.jpg 624w, https:\/\/muraste.ee\/vana\/wp-content\/uploads\/2016\/03\/img_4476.jpg 800w\" sizes=\"(max-width: 74px) 100vw, 74px\" \/><\/a><\/span><br \/>\n<\/span>Osaleme noorte XII laulu- ja tantsupeol koos Muraste kooli tantsur\u00fchma ja mudiaskooriga!<\/strong><\/p>\n<\/div>\n<p><span style=\"color: #99cc00;\"><strong>P\u00fchap\u00e4ev, 2. juuli<\/strong><\/span><\/p>\n<p>kl 16 KO, Raadioside kursus. Juhendab Elmo Saul<\/p>\n<p><strong><span style=\"color: #ff6600;\">TUHAT T\u00c4NU!<\/span><\/strong><\/p>\n<p><span style=\"color: #000000;\">\u00dcks tore p\u00e4ev &#8211;\u00a0<a class=\"profileLink\" style=\"color: #000000;\" href=\"https:\/\/www.facebook.com\/Harkuvallakuladepaev\/?fref=mentions\" data-hovercard=\"\/ajax\/hovercard\/page.php?id=211861908994057&amp;extragetparams=%7B%22fref%22%3A%22mentions%22%7D\" data-hovercard-prefer-more-content-show=\"1\">Harku Valla K\u00fclade P\u00e4ev<\/a>, on taas saanud selleks korraks l\u00e4bi.<\/span><br \/>\n<span style=\"color: #000000;\"><strong>Tuhat t\u00e4nu<\/strong>\u00a0korraldajatele ehk V\u00e4\u00e4na Seltsi rahvale eesotsas Eneli Hinno ja Jaanus H\u00e4rmsiga ning tubli ja tegusa tugisamba Erlis Sch\u00f6nbergiga! Nad koos tegid meie k\u00f5igi jaoks l\u00e4bi aegade parima peo!!!<\/span><br \/>\n<span style=\"color: #000000;\"><strong>Suur kummardus<\/strong>\u00a0osalenud k\u00fcladele ja seltsidele &#8211; t\u00e4nu teile on meie k\u00f5igi elu nautimist v\u00e4\u00e4rt!<\/span><br \/>\n<span style=\"color: #000000;\"><strong>Pai<\/strong>\u00a0k\u00f5igile esinejatele &#8211; oli piisavalt silmailu ja nautimisr\u00f5\u00f5mu!<\/span><br \/>\n<span style=\"color: #000000;\"><strong>Siirad t\u00e4nus\u00f5nad<\/strong>\u00a0meile kaasa elanud ja aktiivselt kaasa l\u00f6\u00f6nud Muraste rahvale ning meie s<span class=\"text_exposed_show\">\u00f5pradele &#8211; vaid t\u00e4nu teile saime taas koju tuua parima k\u00fcla tiitli!<br \/>\n<\/span><span class=\"text_exposed_show\"><strong>Oleme \u00f5nnelikud!<\/strong><br \/>\nEhk aasta p\u00e4rast kohtume Murastes?!<\/span><\/span><\/p>\n<p><a href=\"https:\/\/muraste.ee\/vana\/wp-content\/uploads\/2016\/03\/kyl2.jpg\" rel=\"attachment wp-att-4068\"><img decoding=\"async\" loading=\"lazy\" class=\"alignnone size-medium wp-image-4068\" src=\"https:\/\/muraste.ee\/vana\/wp-content\/uploads\/2016\/03\/kyl2-300x169.jpg\" alt=\"kyl2\" width=\"300\" height=\"169\" srcset=\"https:\/\/muraste.ee\/vana\/wp-content\/uploads\/2016\/03\/kyl2-300x169.jpg 300w, https:\/\/muraste.ee\/vana\/wp-content\/uploads\/2016\/03\/kyl2-624x351.jpg 624w, https:\/\/muraste.ee\/vana\/wp-content\/uploads\/2016\/03\/kyl2-128x72.jpg 128w, https:\/\/muraste.ee\/vana\/wp-content\/uploads\/2016\/03\/kyl2.jpg 720w\" sizes=\"(max-width: 300px) 100vw, 300px\" \/><\/a>\u00a0<a href=\"https:\/\/muraste.ee\/vana\/wp-content\/uploads\/2016\/03\/kyl3.jpg\" rel=\"attachment wp-att-4069\"><img decoding=\"async\" loading=\"lazy\" class=\"alignnone size-medium wp-image-4069\" src=\"https:\/\/muraste.ee\/vana\/wp-content\/uploads\/2016\/03\/kyl3-300x169.jpg\" alt=\"kyl3\" width=\"300\" height=\"169\" srcset=\"https:\/\/muraste.ee\/vana\/wp-content\/uploads\/2016\/03\/kyl3-300x169.jpg 300w, https:\/\/muraste.ee\/vana\/wp-content\/uploads\/2016\/03\/kyl3-624x351.jpg 624w, https:\/\/muraste.ee\/vana\/wp-content\/uploads\/2016\/03\/kyl3-128x72.jpg 128w, https:\/\/muraste.ee\/vana\/wp-content\/uploads\/2016\/03\/kyl3.jpg 720w\" sizes=\"(max-width: 300px) 100vw, 300px\" \/><\/a>\u00a0\u00a0<a href=\"https:\/\/muraste.ee\/vana\/wp-content\/uploads\/2016\/03\/kyl4.jpg\" rel=\"attachment wp-att-4070\"><img decoding=\"async\" loading=\"lazy\" class=\"alignnone size-medium wp-image-4070\" src=\"https:\/\/muraste.ee\/vana\/wp-content\/uploads\/2016\/03\/kyl4-300x225.jpg\" alt=\"kyl4\" width=\"300\" height=\"225\" srcset=\"https:\/\/muraste.ee\/vana\/wp-content\/uploads\/2016\/03\/kyl4-300x225.jpg 300w, https:\/\/muraste.ee\/vana\/wp-content\/uploads\/2016\/03\/kyl4-624x468.jpg 624w, https:\/\/muraste.ee\/vana\/wp-content\/uploads\/2016\/03\/kyl4.jpg 720w\" sizes=\"(max-width: 300px) 100vw, 300px\" \/><\/a>\u00a0\u00a0<a href=\"https:\/\/muraste.ee\/vana\/wp-content\/uploads\/2016\/03\/kyl5.jpg\" rel=\"attachment wp-att-4071\"><img decoding=\"async\" loading=\"lazy\" class=\"alignnone size-medium wp-image-4071\" src=\"https:\/\/muraste.ee\/vana\/wp-content\/uploads\/2016\/03\/kyl5-300x169.jpg\" alt=\"kyl5\" width=\"300\" height=\"169\" srcset=\"https:\/\/muraste.ee\/vana\/wp-content\/uploads\/2016\/03\/kyl5-300x169.jpg 300w, https:\/\/muraste.ee\/vana\/wp-content\/uploads\/2016\/03\/kyl5-768x432.jpg 768w, https:\/\/muraste.ee\/vana\/wp-content\/uploads\/2016\/03\/kyl5-624x351.jpg 624w, https:\/\/muraste.ee\/vana\/wp-content\/uploads\/2016\/03\/kyl5-128x72.jpg 128w, https:\/\/muraste.ee\/vana\/wp-content\/uploads\/2016\/03\/kyl5.jpg 960w\" sizes=\"(max-width: 300px) 100vw, 300px\" \/><\/a>\u00a0\u00a0<a href=\"https:\/\/muraste.ee\/vana\/wp-content\/uploads\/2016\/03\/kyl6.jpg\" rel=\"attachment wp-att-4072\"><img decoding=\"async\" loading=\"lazy\" class=\"alignnone size-medium wp-image-4072\" src=\"https:\/\/muraste.ee\/vana\/wp-content\/uploads\/2016\/03\/kyl6-300x225.jpg\" alt=\"kyl6\" width=\"300\" height=\"225\" srcset=\"https:\/\/muraste.ee\/vana\/wp-content\/uploads\/2016\/03\/kyl6-300x225.jpg 300w, https:\/\/muraste.ee\/vana\/wp-content\/uploads\/2016\/03\/kyl6-624x468.jpg 624w, https:\/\/muraste.ee\/vana\/wp-content\/uploads\/2016\/03\/kyl6.jpg 720w\" sizes=\"(max-width: 300px) 100vw, 300px\" \/><\/a>\u00a0\u00a0<a href=\"https:\/\/muraste.ee\/vana\/wp-content\/uploads\/2016\/03\/selts.jpg\" rel=\"attachment wp-att-4065\"><img decoding=\"async\" loading=\"lazy\" class=\"alignnone size-medium wp-image-4065\" src=\"https:\/\/muraste.ee\/vana\/wp-content\/uploads\/2016\/03\/selts-300x169.jpg\" alt=\"selts\" width=\"300\" height=\"169\" srcset=\"https:\/\/muraste.ee\/vana\/wp-content\/uploads\/2016\/03\/selts-300x169.jpg 300w, https:\/\/muraste.ee\/vana\/wp-content\/uploads\/2016\/03\/selts-624x351.jpg 624w, https:\/\/muraste.ee\/vana\/wp-content\/uploads\/2016\/03\/selts-128x72.jpg 128w, https:\/\/muraste.ee\/vana\/wp-content\/uploads\/2016\/03\/selts.jpg 720w\" sizes=\"(max-width: 300px) 100vw, 300px\" \/><\/a><\/p>\n<div class=\"entry-content\" style=\"text-align: left;\">\n<p><span style=\"color: #ff0000;\"><strong>UUS!\u00a0<span style=\"color: #000000;\">Oleme alustanud\u00a0<\/span><\/strong><\/span><strong><span style=\"color: #000000;\">k<\/span>ogukonnakeskuse uue hooaja ettevalmistamist.<\/strong>\u00a0Mis tegevusi ootate, millest tahate osa saada v\u00f5i millega olete valmis ise panustama? Andke teada \u2013 p\u00fc\u00fcame \u00fchiselt teha uue hooaja veelgi parema!<\/p>\n<\/div>\n<div class=\"_1mf _1mj\" data-offset-key=\"cki46-0-0\"><\/div>\n<div class=\"entry-content\">\n<div class=\"_1mf _1mj\" data-offset-key=\"cki46-0-0\">\n<div class=\"_1mf _1mj\" data-offset-key=\"cki46-0-0\"><\/div>\n<div class=\"_1mf _1mj\" data-offset-key=\"cki46-0-0\"><\/div>\n<div class=\"_1mf _1mj\" data-offset-key=\"cki46-0-0\"><span style=\"color: #99cc00;\"><strong>OLULINE INFO!<\/strong><\/span><\/div>\n<\/div>\n<\/div>\n<div class=\"_1mf _1mj\" data-offset-key=\"cki46-0-0\"><a href=\"https:\/\/muraste.ee\/vana\/wp-content\/uploads\/2016\/03\/Taotlusvoor-2017-II.png\" rel=\"attachment wp-att-4055\"><img decoding=\"async\" loading=\"lazy\" class=\"alignnone size-full wp-image-4055\" src=\"https:\/\/muraste.ee\/vana\/wp-content\/uploads\/2016\/03\/Taotlusvoor-2017-II.png\" alt=\"Taotlusvoor 2017 II\" width=\"1255\" height=\"734\" srcset=\"https:\/\/muraste.ee\/vana\/wp-content\/uploads\/2016\/03\/Taotlusvoor-2017-II.png 1255w, https:\/\/muraste.ee\/vana\/wp-content\/uploads\/2016\/03\/Taotlusvoor-2017-II-300x175.png 300w, https:\/\/muraste.ee\/vana\/wp-content\/uploads\/2016\/03\/Taotlusvoor-2017-II-768x449.png 768w, https:\/\/muraste.ee\/vana\/wp-content\/uploads\/2016\/03\/Taotlusvoor-2017-II-1024x599.png 1024w, https:\/\/muraste.ee\/vana\/wp-content\/uploads\/2016\/03\/Taotlusvoor-2017-II-624x365.png 624w\" sizes=\"(max-width: 1255px) 100vw, 1255px\" \/><\/a><\/div>\n<div class=\"entry-content\">\n<div class=\"_1mf _1mj\" data-offset-key=\"cki46-0-0\">\n<div class=\"_1mf _1mj\" data-offset-key=\"cki46-0-0\"><span style=\"color: #ff00ff;\"><span style=\"color: #ff00ff;\"><span style=\"color: #ff00ff;\"><span style=\"color: #ff00ff;\"><strong><span style=\"color: #333399;\"><span style=\"color: #99cc00;\"><br \/>\n<\/span><\/span>REKLAAMINURK<\/strong><\/span><\/span><\/span><\/span><\/div>\n<div class=\"_1mf _1mj\" data-offset-key=\"cki46-0-0\"><\/div>\n<div class=\"_1mf _1mj\" data-offset-key=\"cki46-0-0\"><strong>EESTI- MAA- KAUP kutsub ostlema:<a href=\"https:\/\/muraste.ee\/vana\/wp-content\/uploads\/2016\/03\/viht.jpg\" rel=\"attachment wp-att-4074\"><img decoding=\"async\" loading=\"lazy\" class=\"size-thumbnail wp-image-4074 alignright\" src=\"https:\/\/muraste.ee\/vana\/wp-content\/uploads\/2016\/03\/viht-150x150.jpg\" alt=\"viht\" width=\"150\" height=\"150\" \/><\/a><\/strong><br \/>\n<em>Tahaks tulla vahvale\u00a0<\/em><br \/>\n<em>Muraste kandi rahvale<\/em><br \/>\n<em>pakkuma kraami, mis hea\u00a0<\/em><br \/>\n<em><em>ja kasvanud Eestimaa peal.<\/em><\/em>ALANUD ON SAUNAVIHTADE TELLIMINE (kask, valmistamisaeg 25. juuni-2.juuli, k\u00e4ttetoimetamine juuli esimeses pooles, hind 3 euri\/paar).<br \/>\nALATES JUULIST SAADAVAL EESTI V\u00c4IKETOOTJATE V\u00c4RSKED K\u00d6\u00d6GIVILJAD JA MESI. KAUBA KOJUTELLIMINE VASTAVALT SOOVIDELE, K\u00dcSIDA V\u00d5IB K\u00d5IKE.\u00a0<strong>TELLI V\u00c4RSKE KAUP KOJU! \u00a0<\/strong>TELLIMNE\u00a0 teetju@hot.ee,\u00a0TEET, tel. 51 971185<\/div>\n<\/div>\n<div class=\"_1mf _1mj\" data-offset-key=\"cki46-0-0\"><\/div>\n<div class=\"_1mf _1mj\" data-offset-key=\"cki46-0-0\">\n<div class=\"_1mf _1mj\" data-offset-key=\"cki46-0-0\"><strong><span style=\"color: #339966;\"><br \/>\nTEADETETA<img decoding=\"async\" loading=\"lazy\" class=\"size-medium wp-image-3740 alignright\" src=\"https:\/\/muraste.ee\/vana\/wp-content\/uploads\/2016\/03\/stend-300x224.jpg\" sizes=\"(max-width: 300px) 100vw, 300px\" srcset=\"https:\/\/muraste.ee\/vana\/wp-content\/uploads\/2016\/03\/stend-300x224.jpg 300w, https:\/\/muraste.ee\/vana\/wp-content\/uploads\/2016\/03\/stend-768x572.jpg 768w, https:\/\/muraste.ee\/vana\/wp-content\/uploads\/2016\/03\/stend-1024x763.jpg 1024w, https:\/\/muraste.ee\/vana\/wp-content\/uploads\/2016\/03\/stend-624x465.jpg 624w, https:\/\/muraste.ee\/vana\/wp-content\/uploads\/2016\/03\/stend.jpg 1300w\" alt=\"stend\" width=\"300\" height=\"224\" \/>HVEL<\/span><\/strong><\/div>\n<div class=\"_1mf _1mj\" data-offset-key=\"cki46-0-0\"><\/div>\n<div class=\"_1mf _1mj\" data-offset-key=\"cki46-0-0\">\n<p><strong>Soovid avaldada oma reklaami<\/strong>\u00a0meie infokanalites? Juhised on\u00a0<strong>siin<\/strong>!<\/p>\n<\/div>\n<div class=\"_1mf _1mj\" data-offset-key=\"cki46-0-0\"><strong>Soovid kasutada<\/strong>\u00a0m\u00f5nd Muraste k\u00fclaseltsi poolt pakutavat<strong>\u00a0teenust<\/strong>? V\u00f5imalused on<strong>\u00a0siin!<\/strong><\/div>\n<div class=\"_1mf _1mj\" data-offset-key=\"cki46-0-0\"><\/div>\n<div class=\"_1mf _1mj\" data-offset-key=\"cki46-0-0\"><\/div>\n<p><strong>Teadmiseks:\u00a0<\/strong>Muraste igan\u00e4dalase e-infokirjaga liitumiseks saada sellekohane teade muraste@muraste.ee<br \/>\n<strong>Muraste kogukonnakeskus\u00a0<\/strong>(Lee tee 9, Muraste) avatud E-N 10-18, R 10-16. Suveperioodil tasub enne kohaletulemist igaks juhuks helistada 5253128 (Aule Kikas)!<br \/>\n<strong>T\u00e4psustused ja info:<\/strong>\u00a0kogukonnakeskus@muraste.ee;\u00a05253128 (Aule Kikas).<\/p>\n<p><strong>\u00a0<\/strong><\/p>\n<\/div>\n<\/div>\n","protected":false},"excerpt":{"rendered":"<p>N\u00c4DAL \u00a026 MURASTES* 26. juuni \u2013 2. juuli\u00a02017 R\u00f5\u00f5mus m\u00e4lestus Harku valla k\u00fclade p\u00e4evalt. *AT- koolimaja aatrium, SP- spordihoone; KO-kogukonnakeskuse ruum; \u00a0 KL- klassiruum;\u00a0\u00a0 Esmasp\u00e4ev, 26.\u00a0juuni kl 18 AT,\u00a0Rahvatantsur\u00fchma proov kl 19.00\u00a0UUS!\u00a0Muraste liikumisklubi \u00fchisliikumine!\u00a0Head klubiliikmed, kas olete juba j\u00f5udnud hakata muretsema, et kuidas k\u00fcll jaaniga sisseaetavatest kaloritest ja raskev\u00f5itu enesetundest vabaneda? Siin on teile lahendus:<a class=\"moretag\" href=\"https:\/\/muraste.ee\/vana\/?page_id=4088\"><br \/>&#8230;Loe edasi<\/a><\/p>\n","protected":false},"author":2,"featured_media":0,"parent":0,"menu_order":0,"comment_status":"closed","ping_status":"closed","template":"nadalakava.php","meta":{"_bbp_topic_count":0,"_bbp_reply_count":0,"_bbp_total_topic_count":0,"_bbp_total_reply_count":0,"_bbp_voice_count":0,"_bbp_anonymous_reply_count":0,"_bbp_topic_count_hidden":0,"_bbp_reply_count_hidden":0,"_bbp_forum_subforum_count":0,"_mc_calendar":[]},"_links":{"self":[{"href":"https:\/\/muraste.ee\/vana\/index.php?rest_route=\/wp\/v2\/pages\/4088"}],"collection":[{"href":"https:\/\/muraste.ee\/vana\/index.php?rest_route=\/wp\/v2\/pages"}],"about":[{"href":"https:\/\/muraste.ee\/vana\/index.php?rest_route=\/wp\/v2\/types\/page"}],"author":[{"embeddable":true,"href":"https:\/\/muraste.ee\/vana\/index.php?rest_route=\/wp\/v2\/users\/2"}],"replies":[{"embeddable":true,"href":"https:\/\/muraste.ee\/vana\/index.php?rest_route=%2Fwp%2Fv2%2Fcomments&post=4088"}],"version-history":[{"count":2,"href":"https:\/\/muraste.ee\/vana\/index.php?rest_route=\/wp\/v2\/pages\/4088\/revisions"}],"predecessor-version":[{"id":4091,"href":"https:\/\/muraste.ee\/vana\/index.php?rest_route=\/wp\/v2\/pages\/4088\/revisions\/4091"}],"wp:attachment":[{"href":"https:\/\/muraste.ee\/vana\/index.php?rest_route=%2Fwp%2Fv2%2Fmedia&parent=4088"}],"curies":[{"name":"wp","href":"https:\/\/api.w.org\/{rel}","templated":true}]}}