{"id":4712,"date":"2017-10-29T14:44:37","date_gmt":"2017-10-29T12:44:37","guid":{"rendered":"https:\/\/muraste.ee\/vana\/?page_id=4712"},"modified":"2017-10-29T14:45:13","modified_gmt":"2017-10-29T12:45:13","slug":"4712-2","status":"publish","type":"page","link":"https:\/\/muraste.ee\/vana\/?page_id=4712","title":{"rendered":"N\u00e4dal 43"},"content":{"rendered":"<header class=\"entry-header\">\n<h1 class=\"entry-title\" style=\"text-align: center;\"><span style=\"color: #b52424;\"><strong>N\u00c4DAL\u00a043 MURASTES*<br \/>\n23. \u00a0&#8211; 29. oktoober 2017\u00a0<\/strong><\/span><\/h1>\n<p style=\"text-align: center;\"><a href=\"https:\/\/muraste.ee\/vana\/wp-content\/uploads\/2016\/03\/helkur-1.jpg\" rel=\"attachment wp-att-4686\"><img decoding=\"async\" loading=\"lazy\" class=\"alignnone size-medium wp-image-4686\" src=\"https:\/\/muraste.ee\/vana\/wp-content\/uploads\/2016\/03\/helkur-1-300x169.jpg\" alt=\"helkur\" width=\"300\" height=\"169\" srcset=\"https:\/\/muraste.ee\/vana\/wp-content\/uploads\/2016\/03\/helkur-1-300x169.jpg 300w, https:\/\/muraste.ee\/vana\/wp-content\/uploads\/2016\/03\/helkur-1-768x432.jpg 768w, https:\/\/muraste.ee\/vana\/wp-content\/uploads\/2016\/03\/helkur-1-1024x576.jpg 1024w, https:\/\/muraste.ee\/vana\/wp-content\/uploads\/2016\/03\/helkur-1-624x351.jpg 624w, https:\/\/muraste.ee\/vana\/wp-content\/uploads\/2016\/03\/helkur-1-128x72.jpg 128w, https:\/\/muraste.ee\/vana\/wp-content\/uploads\/2016\/03\/helkur-1.jpg 1280w\" sizes=\"(max-width: 300px) 100vw, 300px\" \/><\/a><br \/>\n<span style=\"color: #1ca61c;\"><em><span style=\"color: #b52424;\"><strong>TURVALIST KOOLIVAHEAEGA!<\/strong><\/span><span style=\"color: #003300;\"><br \/>\n<\/span><\/em><\/span><\/p>\n<p style=\"text-align: center;\">\n<\/header>\n<div class=\"entry-content\" style=\"text-align: left;\">\n<p><strong><span style=\"color: #993366;\">Esmasp\u00e4ev,16.\u00a0oktoober<\/span><br \/>\n<\/strong>kl 19 KL.\u00a0<strong>Suurupi naiskoor Meretule\u00a0<\/strong><\/p>\n<p><span style=\"color: #b52424;\"><strong><span style=\"color: #993366;\">Teisip\u00e4ev,\u00a0 17.\u00a0oktoober<\/span><a href=\"https:\/\/muraste.ee\/vana\/wp-content\/uploads\/2016\/03\/jooga-page0001.jpg\" rel=\"attachment wp-att-4624\"><img decoding=\"async\" loading=\"lazy\" class=\"size-medium wp-image-4624 alignright\" src=\"https:\/\/muraste.ee\/vana\/wp-content\/uploads\/2016\/03\/jooga-page0001-300x212.jpg\" sizes=\"(max-width: 300px) 100vw, 300px\" srcset=\"https:\/\/muraste.ee\/vana\/wp-content\/uploads\/2016\/03\/jooga-page0001-300x212.jpg 300w, https:\/\/muraste.ee\/vana\/wp-content\/uploads\/2016\/03\/jooga-page0001-768x543.jpg 768w, https:\/\/muraste.ee\/vana\/wp-content\/uploads\/2016\/03\/jooga-page0001-1024x724.jpg 1024w, https:\/\/muraste.ee\/vana\/wp-content\/uploads\/2016\/03\/jooga-page0001-624x441.jpg 624w\" alt=\"jooga-page0001\" width=\"300\" height=\"212\" \/><\/a><\/strong><\/span><br \/>\nkl 18 KL,\u00a0<strong>Inglise keele kursus\u00a0 (<\/strong><em>I grupp, algteadmisi omajatel on v\u00f5imalus liituda ka juba t\u00f6\u00f6tava grupiga).<\/em>\u00a0K\u00fcsi lisa juhendajalt tel 56575575.<br \/>\nkl 18 KO,\u00a0<strong>Inglise keele vestlusring,\u00a0<\/strong>juhendab James Gill<br \/>\nkl 19 SP,\u00a0<strong>V\u00f5rkpall\u00a0<\/strong><em>(naised\/mehed)- oodatud on k\u00f5ik v\u00f5rkpallihuvilised!;<br \/>\n<\/em>kl 18.30 AT<span style=\"color: #ff0000;\">,<strong>UUS!<\/strong>\u00a0<\/span>\u00a0<strong>Seltskonnatantsu kursus\u00a0<\/strong><strong>t\u00e4iskasvanutele\u00a0 alustab\u00a0<\/strong>31.oktoobril!<strong>\u00a0<\/strong>Vabu\u00a0kohti veel on!<br \/>\nkl 19 KL,\u00a0\u00a0<span style=\"color: #ff0000;\"><strong>UUS!<\/strong><\/span>\u00a0<strong><a href=\"https:\/\/muraste.ee\/vana\/?p=4470\" target=\"_blank\">Kundalini jooga\u00a0<\/a><\/strong><a href=\"mailto:info@lahetervis.ee\">info@lahetervis.ee<\/a><strong>,<\/strong>\u00a0tel.56903049,<br \/>\nkl 19\u00a0<strong>Tilgu h\u00fclged suplevad<\/strong>\u00a0Tilgu sadamas! Info: FB grupp Taliujumine Tilgus.<br \/>\nkl 19.45 AT,\u00a0<strong>Seltskonnatantsude harjutustund<\/strong>\u2013 v\u00f5imalus \u00f5pitut kinnistada ja toredas seltskonnas jalga keerutada.<a href=\"https:\/\/muraste.ee\/vana\/wp-content\/uploads\/2016\/03\/gill-page0001-1.jpg\" rel=\"attachment wp-att-4376\"><img decoding=\"async\" loading=\"lazy\" class=\"size-medium wp-image-4376 alignright\" src=\"https:\/\/muraste.ee\/vana\/wp-content\/uploads\/2016\/03\/gill-page0001-1-300x212.jpg\" alt=\"gill-page0001 (1)\" width=\"300\" height=\"212\" srcset=\"https:\/\/muraste.ee\/vana\/wp-content\/uploads\/2016\/03\/gill-page0001-1-300x212.jpg 300w, https:\/\/muraste.ee\/vana\/wp-content\/uploads\/2016\/03\/gill-page0001-1-768x543.jpg 768w, https:\/\/muraste.ee\/vana\/wp-content\/uploads\/2016\/03\/gill-page0001-1-1024x724.jpg 1024w, https:\/\/muraste.ee\/vana\/wp-content\/uploads\/2016\/03\/gill-page0001-1-624x441.jpg 624w, https:\/\/muraste.ee\/vana\/wp-content\/uploads\/2016\/03\/gill-page0001-1.jpg 1754w\" sizes=\"(max-width: 300px) 100vw, 300px\" \/><\/a><\/p>\n<p><span style=\"color: #993366;\"><strong>Kolmap\u00e4ev, 18.\u00a0oktoober<\/strong><\/span><br \/>\nkl 18.30 AT,\u00a0<strong>Line-tants.<\/strong>\u00a0Tulge k\u00f5ik ja saage osa elur\u00f5\u00f5must!\u00a0Info kristin@huviline.ee<br \/>\n<a href=\"https:\/\/muraste.ee\/vana\/wp-content\/uploads\/2016\/03\/line-tants-page0001-1.jpg\" rel=\"attachment wp-att-4526\"><img decoding=\"async\" loading=\"lazy\" class=\"size-medium wp-image-4526\" src=\"https:\/\/muraste.ee\/vana\/wp-content\/uploads\/2016\/03\/line-tants-page0001-1-300x212.jpg\" alt=\"line-tants-page0001 (1)\" width=\"300\" height=\"212\" srcset=\"https:\/\/muraste.ee\/vana\/wp-content\/uploads\/2016\/03\/line-tants-page0001-1-300x212.jpg 300w, https:\/\/muraste.ee\/vana\/wp-content\/uploads\/2016\/03\/line-tants-page0001-1-768x543.jpg 768w, https:\/\/muraste.ee\/vana\/wp-content\/uploads\/2016\/03\/line-tants-page0001-1-1024x724.jpg 1024w, https:\/\/muraste.ee\/vana\/wp-content\/uploads\/2016\/03\/line-tants-page0001-1-624x441.jpg 624w, https:\/\/muraste.ee\/vana\/wp-content\/uploads\/2016\/03\/line-tants-page0001-1.jpg 1754w\" sizes=\"(max-width: 300px) 100vw, 300px\" \/><\/a><strong><span class=\"alignnone\" style=\"color: #ff6600;\"><span style=\"color: #993366;\">Neljap\u00e4ev, 19. oktoober<br \/>\n<\/span><\/span><\/strong><span style=\"color: #000000;\"><strong><span style=\"color: #b52424;\">NB! KOOLIMAJA SULETUD: majas poonitakse p\u00f5randaid!\u00a0<\/span><\/strong><br \/>\nkl 18.30 AT,\u00a0<strong>Nimetu\u00a0<span style=\"color: #ff0000;\"><span style=\"color: #003300;\">N\u00e4item\u00e4nguselts<\/span>\u00a0\u00a0<\/span><\/strong>(juhendab \u00a0Anne Veesaar)\u00a0<strong>NB<\/strong>! Sissep\u00e4\u00e4s seekord koolimaja peauksest!<br \/>\nkl 19\u00a0<strong>Tilgu h\u00fclged suplevad<\/strong>\u00a0Tilgu sadamas! Info: FB grupp Taliujumine Tilgus.<br \/>\n<span style=\"color: #993366;\"><br \/>\n<\/span><\/span><span style=\"color: #ff6600;\"><span style=\"color: #993366;\"><strong>Reede, 20. oktoober<\/strong>\u00a0<\/span><span style=\"color: #3366ff;\"><span style=\"color: #008000;\"><span style=\"color: #993366;\"><br \/>\n<\/span><\/span><\/span><\/span><strong><span style=\"color: #008000;\"><span style=\"color: #b52424;\">KOOLIMAJA SULETUD: majas poonitakse p\u00f5randaid!<\/span><\/span><span style=\"color: #008000;\"><br \/>\n<\/span><\/strong><\/p>\n<p><span style=\"color: #ff00ff;\"><strong><span style=\"color: #993366;\">TULEKUL!<\/span><br \/>\n<\/strong><\/span><br \/>\n<strong><span style=\"color: #ff0000;\"><a href=\"https:\/\/muraste.ee\/vana\/wp-content\/uploads\/2016\/03\/neleliis.jpg\" rel=\"attachment wp-att-4603\"><img decoding=\"async\" loading=\"lazy\" class=\"size-medium wp-image-4603 alignright\" src=\"https:\/\/muraste.ee\/vana\/wp-content\/uploads\/2016\/03\/neleliis-300x169.jpg\" alt=\"neleliis\" width=\"300\" height=\"169\" srcset=\"https:\/\/muraste.ee\/vana\/wp-content\/uploads\/2016\/03\/neleliis-300x169.jpg 300w, https:\/\/muraste.ee\/vana\/wp-content\/uploads\/2016\/03\/neleliis-768x432.jpg 768w, https:\/\/muraste.ee\/vana\/wp-content\/uploads\/2016\/03\/neleliis-1024x576.jpg 1024w, https:\/\/muraste.ee\/vana\/wp-content\/uploads\/2016\/03\/neleliis-624x351.jpg 624w, https:\/\/muraste.ee\/vana\/wp-content\/uploads\/2016\/03\/neleliis-128x72.jpg 128w, https:\/\/muraste.ee\/vana\/wp-content\/uploads\/2016\/03\/neleliis.jpg 1280w\" sizes=\"(max-width: 300px) 100vw, 300px\" \/><\/a>UUS!<\/span><\/strong>\u00a0P\u00fchap\u00e4eval, 19. novembril kell 18\u00a0Muraste koolimaja aatriumis\u00a0<span style=\"color: #0000ff;\"><strong>Nele-Liis Vaiksoo ja Olav Ehala\u00a0kontserdiga\u00a0&#8220;Vaid see on armastus&#8221;<\/strong>.<\/span>\u00a0Piletid eelm\u00fc\u00fcgist 12\u20ac, soodushind\u00a0seenioritele ja \u00f5pilastele 10\u20ac: kontserdip\u00e4eval 15\u20ac\/12\u20ac. Piletid saadaval Muraste kogukonnakeskuses (Lee tee 9, Muraste). Piletiinfo ja broneerimine\u00a0<a href=\"mailto:kogukonnakeskus@muraste.ee\">kogukonnakeskus@muraste.ee<\/a>, tel 5253128. Loe lisa<span style=\"color: #ff0000;\">\u00a0<strong><a style=\"color: #ff0000;\" href=\"https:\/\/muraste.ee\/vana\/?p=4634\" target=\"_blank\">SIIT<\/a><\/strong><\/span><\/p>\n<p><span style=\"color: #ff0000;\"><strong>UUS!<\/strong>\u00a0<\/span>Laup\u00e4e<a href=\"https:\/\/muraste.ee\/vana\/wp-content\/uploads\/2016\/03\/hollywood.jpg\" rel=\"attachment wp-att-4628\"><img decoding=\"async\" loading=\"lazy\" class=\"size-medium wp-image-4628 alignright\" src=\"https:\/\/muraste.ee\/vana\/wp-content\/uploads\/2016\/03\/hollywood-208x300.jpg\" alt=\"hollywood\" width=\"208\" height=\"300\" srcset=\"https:\/\/muraste.ee\/vana\/wp-content\/uploads\/2016\/03\/hollywood-208x300.jpg 208w, https:\/\/muraste.ee\/vana\/wp-content\/uploads\/2016\/03\/hollywood.jpg 555w\" sizes=\"(max-width: 208px) 100vw, 208px\" \/><\/a>val. 20. jaanuaril kell 17 Muraste koolimaja aatriumis\u00a0 Kom\u00f6\u00f6diateater etendusega<span style=\"color: #0000ff;\">\u00a0<strong>&#8220;Hollywoody filmit\u00e4hed&#8221;.<\/strong>\u00a0<strong>Osades Helgi Sallo ja Katrin Karisma.<\/strong>\u00a0<\/span>Piletid eelm\u00fc\u00fcgist 15\u20ac, soodushind\u00a0seenioritele ja \u00f5pilastele 13\u20ac: Piletid saadaval Muraste kogukonnakeskuses (Lee tee 9, Muraste). Piletiinfo ja broneerimine\u00a0\u00a0<a href=\"mailto:kogukonnakeskus@muraste.ee\">kogukonnakeskus@muraste.ee<\/a>, tel 5253128. Loe lisa\u00a0<strong><span style=\"color: #ff0000;\"><a style=\"color: #ff0000;\" href=\"https:\/\/muraste.ee\/vana\/?p=4642\" target=\"_blank\">SIIT<\/a><\/span><\/strong><\/p>\n<p><strong><span style=\"color: #ff0000;\">UUS!<\/span>\u00a0Murastes algab 1. novembril kursus &#8220;Praktiline lilleseade&#8221;<\/strong>. T\u00e4psemalt loe\u00a0<span style=\"color: #ff0000;\"><strong><a style=\"color: #ff0000;\" href=\"https:\/\/muraste.ee\/vana\/?p=4561\">SIIT<\/a><\/strong><\/span>!<\/p>\n<p><strong><span style=\"color: #ff0000;\"><a href=\"https:\/\/muraste.ee\/vana\/wp-content\/uploads\/2016\/03\/aave-page0001.jpg\" rel=\"attachment wp-att-4605\"><img decoding=\"async\" loading=\"lazy\" class=\"alignnone size-large wp-image-4605\" src=\"https:\/\/muraste.ee\/vana\/wp-content\/uploads\/2016\/03\/aave-page0001-1024x724.jpg\" alt=\"aave-page0001\" width=\"625\" height=\"442\" srcset=\"https:\/\/muraste.ee\/vana\/wp-content\/uploads\/2016\/03\/aave-page0001-1024x724.jpg 1024w, https:\/\/muraste.ee\/vana\/wp-content\/uploads\/2016\/03\/aave-page0001-300x212.jpg 300w, https:\/\/muraste.ee\/vana\/wp-content\/uploads\/2016\/03\/aave-page0001-768x543.jpg 768w, https:\/\/muraste.ee\/vana\/wp-content\/uploads\/2016\/03\/aave-page0001-624x441.jpg 624w, https:\/\/muraste.ee\/vana\/wp-content\/uploads\/2016\/03\/aave-page0001.jpg 1754w\" sizes=\"(max-width: 625px) 100vw, 625px\" \/><\/a><\/span><\/strong><\/p>\n<p><span style=\"color: #993366;\">\u00a0<strong>UUED ALUSTAVAD TEGEVUSED<\/strong><\/span><\/p>\n<p><strong><span style=\"color: #ff0000;\">UUS!<\/span><\/strong><span style=\"color: #ff0000;\">\u00a0\u00a0<\/span><strong>MT\u00dc Nelja Valla Kogu kuulutab v\u00e4lja kogukondadele konkursi v\u00e4ikeobjektide rajamiseks.\u00a0<\/strong><a href=\"https:\/\/muraste.ee\/vana\/wp-content\/uploads\/2017\/10\/nvk.jpg\" rel=\"attachment wp-att-4680\"><img decoding=\"async\" loading=\"lazy\" class=\" wp-image-4680 alignright\" src=\"https:\/\/muraste.ee\/vana\/wp-content\/uploads\/2017\/10\/nvk.jpg\" alt=\"nvk\" width=\"151\" height=\"110\" \/><\/a>Seoses LEADER rahvusvahelise koost\u00f6\u00f6projekti \u201eFINEST Countryside\u201c k\u00e4ivitumisega, otsib Nelja Valla Kogu oma piirkonnas tegusaid kogukondasid, kes sooviksid kandideerida konkursil, mille tulemusena valmivad elamust loovad\u00a0 avatud objektid kogukonnaliikmetele ja k\u00fclalistele. Loe lisa\u00a0<a href=\"https:\/\/muraste.ee\/vana\/?p=4678\" target=\"_blank\">SIIT<\/a><\/p>\n<p><strong><span style=\"color: #ff0000;\"><br \/>\nUUS!\u00a0<\/span>Naisrahvatantsur\u00fchm<\/strong>. Juhendab Astrid V\u00e4izene. Huvilised, palun andke endast teada kogukonnakeskus@muraste.ee. Treeningud algavad, t\u00f5en\u00e4oliselt 44. n\u00e4dalal. J\u00e4lgige infot!<\/p>\n<\/div>\n<div class=\"entry-content\" style=\"text-align: left;\">\n<p><span style=\"color: #ff00ff;\"><strong><span style=\"color: #993366;\">OSALEME HARKU VALLA KAASAVA EELARVE RAKENDAMISEL!<\/span><a href=\"https:\/\/muraste.ee\/vana\/wp-content\/uploads\/2016\/03\/dream.jpg\" rel=\"attachment wp-att-4370\"><img decoding=\"async\" loading=\"lazy\" class=\"size-thumbnail wp-image-4370 alignright\" src=\"https:\/\/muraste.ee\/vana\/wp-content\/uploads\/2016\/03\/dream-150x150.jpg\" alt=\"A $lodier's Dream HD Desktop Background\" width=\"150\" height=\"150\" \/><\/a><\/strong><\/span><\/p>\n<p>Harku vallavalitsus ootab 1. septembrist kuni 31. oktoobrini vallaelanike\u00a0<strong>ettepanekuid\u00a0kuni 50\u00a0000 eurose maksumusega projekti elluviimiseks<\/strong>, mis pakuks avalikku h\u00fcve ning mis oleks \u00fclevallaliselt k\u00f5igile kasutatav.\u00a0Edasi loe<strong>\u00a0<\/strong>\u00a0<span style=\"color: #ff0000;\"><strong><a style=\"color: #ff0000;\" href=\"http:\/\/www.harku.ee\/et\/uudised-ja-teated\/-\/asset_publisher\/7WOcbaKfFguz\/content\/id\/17017841?redirect=http%3A%2F%2Fwww.harku.ee\" target=\"_blank\">SIIT<\/a><\/strong><\/span><\/p>\n<\/div>\n<div class=\"entry-content\"><span style=\"color: #993366;\"><strong>TEADETETAHVEL<\/strong><\/span><\/div>\n<div class=\"entry-content\">\n<div class=\"_1mf _1mj\" data-offset-key=\"cki46-0-0\">\n<div class=\"_1mf _1mj\" data-offset-key=\"cki46-0-0\"><strong><span style=\"color: #339966;\"><img decoding=\"async\" loading=\"lazy\" class=\"size-medium wp-image-3740 alignright\" src=\"https:\/\/muraste.ee\/vana\/wp-content\/uploads\/2016\/03\/stend-300x224.jpg\" sizes=\"(max-width: 300px) 100vw, 300px\" srcset=\"https:\/\/muraste.ee\/vana\/wp-content\/uploads\/2016\/03\/stend-300x224.jpg 300w, https:\/\/muraste.ee\/vana\/wp-content\/uploads\/2016\/03\/stend-768x572.jpg 768w, https:\/\/muraste.ee\/vana\/wp-content\/uploads\/2016\/03\/stend-1024x763.jpg 1024w, https:\/\/muraste.ee\/vana\/wp-content\/uploads\/2016\/03\/stend-624x465.jpg 624w, https:\/\/muraste.ee\/vana\/wp-content\/uploads\/2016\/03\/stend.jpg 1300w\" alt=\"stend\" width=\"300\" height=\"224\" \/><\/span><\/strong><\/div>\n<div class=\"_1mf _1mj\" data-offset-key=\"cki46-0-0\"><\/div>\n<div class=\"_1mf _1mj\" data-offset-key=\"cki46-0-0\">\n<p><strong>Soovid avaldada oma reklaami<\/strong>\u00a0meie infokanalites? Juhised on\u00a0<strong>siin<\/strong>!<\/p>\n<\/div>\n<div class=\"_1mf _1mj\" data-offset-key=\"cki46-0-0\"><strong>Soovid kasutada<\/strong>\u00a0m\u00f5nd Muraste k\u00fclaseltsi poolt pakutavat<strong>\u00a0teenust<\/strong>? V\u00f5imalused on<strong>\u00a0siin!<\/strong><\/div>\n<div class=\"_1mf _1mj\" data-offset-key=\"cki46-0-0\"><\/div>\n<div class=\"_1mf _1mj\" data-offset-key=\"cki46-0-0\"><\/div>\n<p><strong>Teadmiseks:\u00a0<\/strong>Muraste igan\u00e4dalase e-infokirjaga liitumiseks saada sellekohane teade muraste@muraste.ee<br \/>\n<strong>Muraste kogukonnakeskus\u00a0<\/strong>(Lee tee 9, Muraste) avatud E-N 10-18, R 10-16.<br \/>\n<strong>T\u00e4psustused ja info:<\/strong>\u00a0kogukonnakeskus@muraste.ee;\u00a05253128 (Aule Kikas).<\/p>\n<p><strong>\u00a0<\/strong><\/p>\n<\/div>\n<\/div>\n","protected":false},"excerpt":{"rendered":"<p>N\u00c4DAL\u00a043 MURASTES* 23. \u00a0&#8211; 29. oktoober 2017\u00a0 TURVALIST KOOLIVAHEAEGA! Esmasp\u00e4ev,16.\u00a0oktoober kl 19 KL.\u00a0Suurupi naiskoor Meretule\u00a0 Teisip\u00e4ev,\u00a0 17.\u00a0oktoober kl 18 KL,\u00a0Inglise keele kursus\u00a0 (I grupp, algteadmisi omajatel on v\u00f5imalus liituda ka juba t\u00f6\u00f6tava grupiga).\u00a0K\u00fcsi lisa juhendajalt tel 56575575. kl 18 KO,\u00a0Inglise keele vestlusring,\u00a0juhendab James Gill kl 19 SP,\u00a0V\u00f5rkpall\u00a0(naised\/mehed)- oodatud on k\u00f5ik v\u00f5rkpallihuvilised!; kl 18.30 AT,UUS!\u00a0\u00a0Seltskonnatantsu kursus\u00a0t\u00e4iskasvanutele\u00a0<a class=\"moretag\" href=\"https:\/\/muraste.ee\/vana\/?page_id=4712\"><br \/>&#8230;Loe edasi<\/a><\/p>\n","protected":false},"author":2,"featured_media":0,"parent":0,"menu_order":0,"comment_status":"closed","ping_status":"closed","template":"nadalakava.php","meta":{"_bbp_topic_count":0,"_bbp_reply_count":0,"_bbp_total_topic_count":0,"_bbp_total_reply_count":0,"_bbp_voice_count":0,"_bbp_anonymous_reply_count":0,"_bbp_topic_count_hidden":0,"_bbp_reply_count_hidden":0,"_bbp_forum_subforum_count":0,"_mc_calendar":[]},"_links":{"self":[{"href":"https:\/\/muraste.ee\/vana\/index.php?rest_route=\/wp\/v2\/pages\/4712"}],"collection":[{"href":"https:\/\/muraste.ee\/vana\/index.php?rest_route=\/wp\/v2\/pages"}],"about":[{"href":"https:\/\/muraste.ee\/vana\/index.php?rest_route=\/wp\/v2\/types\/page"}],"author":[{"embeddable":true,"href":"https:\/\/muraste.ee\/vana\/index.php?rest_route=\/wp\/v2\/users\/2"}],"replies":[{"embeddable":true,"href":"https:\/\/muraste.ee\/vana\/index.php?rest_route=%2Fwp%2Fv2%2Fcomments&post=4712"}],"version-history":[{"count":2,"href":"https:\/\/muraste.ee\/vana\/index.php?rest_route=\/wp\/v2\/pages\/4712\/revisions"}],"predecessor-version":[{"id":4715,"href":"https:\/\/muraste.ee\/vana\/index.php?rest_route=\/wp\/v2\/pages\/4712\/revisions\/4715"}],"wp:attachment":[{"href":"https:\/\/muraste.ee\/vana\/index.php?rest_route=%2Fwp%2Fv2%2Fmedia&parent=4712"}],"curies":[{"name":"wp","href":"https:\/\/api.w.org\/{rel}","templated":true}]}}