{"id":5836,"date":"2018-09-04T22:29:06","date_gmt":"2018-09-04T19:29:06","guid":{"rendered":"https:\/\/muraste.ee\/vana\/?page_id=5836"},"modified":"2018-09-04T22:29:06","modified_gmt":"2018-09-04T19:29:06","slug":"august-murastes","status":"publish","type":"page","link":"https:\/\/muraste.ee\/vana\/?page_id=5836","title":{"rendered":"August Murastes"},"content":{"rendered":"<header class=\"entry-header\">\n<h1 class=\"entry-title\" style=\"text-align: center;\"><span style=\"color: #ff6600;\"><strong><span style=\"color: #008000;\">AUGUSTIKUU MURASTES<\/span>\u00a0*<br \/>\n<\/strong><\/span><\/h1>\n<div class=\"entry-content\"><\/div>\n<div class=\"entry-content\" style=\"text-align: left;\"><span style=\"color: #808080;\"><em>* AT- koolimaja aatrium, SP- spordihoone; KO-kogukonnakeskus; \u00a0 KL- klassiruum;<br \/>\n<\/em><\/span><br \/>\n<strong><span style=\"color: #99cc00;\">Esmasp\u00e4ev,<br \/>\n<\/span><\/strong><span style=\"color: #000000;\">13.\u00a0august<\/span><strong><span style=\"color: #99cc00;\"> &#8211;\u00a0<\/span><\/strong>19 <strong><span style=\"color: #ff0000;\">UUS!<\/span> <\/strong>Muraste Liikumisklubi &#8220;Lihtsalt Liikuma!&#8221; kutsub k\u00f5iki: Troopika eri!<br \/>\n20. august\u00a0 &#8211; taasiseseisvusp\u00e4ev<\/div>\n<div class=\"entry-content\" style=\"text-align: left;\"><\/div>\n<div class=\"entry-content\" style=\"text-align: left;\"><\/div>\n<div class=\"entry-content\" style=\"text-align: left;\">\n<p><span style=\"color: #ff9900;\"><strong><span style=\"color: #99cc00;\">Teisip\u00e4ev,<br \/>\n<\/span><\/strong><\/span>kl 18.30 K0,\u00a0<strong>Inglise keele kursus edasij\u00f5udnutele\u00a0<\/strong>(tase B 1.2 -B 2.1).\u00a0Juhendab marethein@gmail.com, tel 56575575.<br \/>\nkl 19 <strong>V\u00f5rkpall<br \/>\n<\/strong><span style=\"color: #ff9900;\"><span style=\"color: #99cc00;\"><span style=\"color: #000000;\">14.august &#8211;\u00a0<\/span><\/span><\/span>kl\u00a011 <strong>Leader &#8211; tegevusgruppide juhtide <a href=\"https:\/\/maainfo.ee\/index.php?id=5883&amp;page=3394&amp;\" target=\"_blank\">suveseminar &#8220;S\u00e4\u00e4stev kogukond&#8221;<\/a> Hiiumaal turismikoosolek<\/strong>\u00a0(Muraste K\u00fclaselts on <strong><a href=\"http:\/\/www.4kogu.ee\/\" target=\"_blank\">Leader-tegevusgrupi<\/a> <\/strong>liige).<\/p>\n<\/div>\n<div class=\"entry-content\" style=\"text-align: left;\"><span style=\"color: #99cc00;\"><strong>Kolmap\u00e4ev,<\/strong><\/span><\/div>\n<div class=\"entry-content\" style=\"text-align: left;\">\n<p>kl\u00a019 KO, \u00a0<strong>Inglise keele kursus<\/strong>\u00a0uuesti alustajatele ja algajatele. Lisainfo \u00a0juhendajalt tel 56575575 (Maret Hein).<br \/>\n<span style=\"color: #99cc00;\"><span style=\"color: #000000;\">15. juuni &#8211;\u00a0<\/span><\/span>kl\u00a011\u00a0<strong>Leader &#8211; tegevusgruppide juhtide <a href=\"https:\/\/maainfo.ee\/index.php?id=5883&amp;page=3394&amp;\" target=\"_blank\">suveseminar &#8220;S\u00e4\u00e4stev kogukond&#8221;<\/a> Hiiumaal turismikoosolek<\/strong>\u00a0(Muraste K\u00fclaselts on\u00a0<strong><a href=\"http:\/\/www.4kogu.ee\/\" target=\"_blank\">Leader-tegevusgrupi<\/a>\u00a0<\/strong>liige).<br \/>\nkl 17 Harku valla\u00a0vaba\u00fchenduste <strong>\u00fcmarlaud<\/strong> (Suurupis)<\/p>\n<\/div>\n<div class=\"entry-content\" style=\"text-align: left;\">\n<p><strong><span style=\"color: #ff6600;\"><span style=\"color: #99cc00;\">Neljap\u00e4ev,<br \/>\n<\/span><\/span><\/strong>kl\u00a019.00\u00a0KO,\u00a0Inglise keele\u00a0kursus edasij\u00f5udnutele\u00a0(tase A2-B 1.1) \u00a0Juhendab marethein@gmail.com, tel 56575575.<br \/>\n<strong>24. augustil kell 16<\/strong> olete oodatud\u00a0 Harku valla kooliv\u00f5rgu strateegiale koostatud\u00a0<strong><em>eksperthinnangu<\/em>\u00a0avalikule \u00a0tutvustusele<\/strong>. \u00dcrutus toimud Tabasalu \u00dchisg\u00fcmnaasiumi aulas.<\/p>\n<\/div>\n<div class=\"entry-content\" style=\"text-align: left;\">\n<p><strong><span style=\"color: #339966;\">TULEKUL<\/span><\/strong><\/p>\n<p>5. september kell 18.30 <strong>Muraste kohviklubi.<\/strong> Loe lisa <strong><span style=\"color: #ff0000;\"><a style=\"color: #ff0000;\" href=\"https:\/\/muraste.ee\/vana\/?p=5819\" target=\"_blank\">SIIT<\/a><\/span><\/strong><\/p>\n<\/div>\n<\/header>\n<header class=\"entry-header\">\n<div class=\"entry-content\" style=\"text-align: left;\">\n<p><strong><span style=\"color: #ff0000;\">KORSTNAP\u00dcHKIJA TULEB TAAS<a href=\"https:\/\/muraste.ee\/vana\/wp-content\/uploads\/2016\/03\/J\u00fcrmo.jpg\" rel=\"attachment wp-att-5796\"><img decoding=\"async\" loading=\"lazy\" class=\"size-medium wp-image-5796 alignright\" src=\"https:\/\/muraste.ee\/vana\/wp-content\/uploads\/2016\/03\/J\u00fcrmo-169x300.jpg\" alt=\"J\u00fcrmo\" width=\"169\" height=\"300\" srcset=\"https:\/\/muraste.ee\/vana\/wp-content\/uploads\/2016\/03\/J\u00fcrmo-169x300.jpg 169w, https:\/\/muraste.ee\/vana\/wp-content\/uploads\/2016\/03\/J\u00fcrmo.jpg 403w\" sizes=\"(max-width: 169px) 100vw, 169px\" \/><\/a><\/span><\/strong><\/p>\n<p>Murastesse tuleb taas meie vana tuttav, kuldsete n\u00f6\u00f6pide ja osavate k\u00e4tega korstnap\u00fchkija <a href=\"http:\/\/www.korstnapuhastaja.ee\/\" target=\"_blank\">J\u00fcrmo Piberman<\/a>.<br \/>\nMuraste jaoks on ta broneerinud ajad 24.- 25. augustil (reede ja laup\u00e4ev) ning hinnakirigi on meie k\u00fcla kui pikaaegse partneri jaoks soodsam (1korsten 35\u20ac, 2korstent 40\u20ac ja 2 ning enam 45\u20ac).<br \/>\nAegade broneerimine (vahemikus 9-18) algab n\u00fc\u00fcd: telefonil 5253128 (Aule) v\u00f5i (kui kellaaeg ei oma t\u00e4htsust) e-kirjaga muraste@muraste.ee.<br \/>\nTeeme korstnad puhtaks ja l\u00e4hme k\u00fcttehooajale turvaliselt vastu!<\/p>\n<p><span style=\"color: #ff6600;\"><strong>TULEKUL!<br \/>\n<\/strong><\/span><\/p>\n<p>Seltskonnatantsu tunnid edasij\u00f5udnutele algavad 4. septembril, uus algajate kursus alustab 25.septembril.\u00a0 Olete oodatud!<\/p>\n<p><a href=\"https:\/\/muraste.ee\/vana\/wp-content\/uploads\/2016\/03\/revalia_muraste_A4.jpg\" rel=\"attachment wp-att-5800\"><img decoding=\"async\" loading=\"lazy\" class=\"alignnone size-large wp-image-5800\" src=\"https:\/\/muraste.ee\/vana\/wp-content\/uploads\/2016\/03\/revalia_muraste_A4-724x1024.jpg\" alt=\"revalia_muraste_A4\" width=\"625\" height=\"884\" srcset=\"https:\/\/muraste.ee\/vana\/wp-content\/uploads\/2016\/03\/revalia_muraste_A4-724x1024.jpg 724w, https:\/\/muraste.ee\/vana\/wp-content\/uploads\/2016\/03\/revalia_muraste_A4-212x300.jpg 212w, https:\/\/muraste.ee\/vana\/wp-content\/uploads\/2016\/03\/revalia_muraste_A4-768x1086.jpg 768w, https:\/\/muraste.ee\/vana\/wp-content\/uploads\/2016\/03\/revalia_muraste_A4-624x882.jpg 624w\" sizes=\"(max-width: 625px) 100vw, 625px\" \/><\/a><\/p>\n<p><strong><span style=\"color: #0000ff;\">SOOVITAME!<\/span><\/strong><\/p>\n<p><span style=\"color: #0000ff;\"><strong>Head mikroettev\u00f5tjad ja turismiarendajad<\/strong> <\/span>&#8211; n\u00fc\u00fcd on teil v\u00f5imalus viia ellu m\u00f5ni unistus: Nelja Valla Kogu kuulutas v\u00e4lja 2018.a II <strong>taotlusvooru<\/strong> just teile! T\u00e4psem info <strong><span style=\"color: #ff0000;\"><a style=\"color: #ff0000;\" href=\"http:\/\/www.4kogu.ee\/node\/390\" target=\"_blank\">SIIT<\/a><\/span><\/strong>!<\/p>\n<p><span style=\"color: #ff6600;\"><br \/>\n<strong><br \/>\nN\u00c4ITUS SAADAVAL!<\/strong><\/span><\/p>\n<\/div>\n<\/header>\n<div class=\"entry-content\" style=\"text-align: left;\">\n<p>Kui kellelgi on soovi oma ruumides eksponeerida n\u00e4itust\u00a0\u00a0&#8220;<strong><a href=\"https:\/\/muraste.ee\/vana\/?p=5228\" target=\"_blank\">Tuulepealne maa &#8211; siin on sinu kodu<\/a><\/strong>&#8221; siis andke endast teada kogukonnakeskus@muraste.ee. N\u00e4itus koosneb 10st roll-up stendist.<\/p>\n<p><strong><span style=\"color: #ff0000;\">H\u00c4ID EMOTSIOONE\u00a0<a href=\"https:\/\/muraste.ee\/vana\/wp-content\/uploads\/2016\/03\/evelin.jpg\" rel=\"attachment wp-att-5798\"><img decoding=\"async\" loading=\"lazy\" class=\"size-medium wp-image-5798 alignright\" src=\"https:\/\/muraste.ee\/vana\/wp-content\/uploads\/2016\/03\/evelin-156x300.jpg\" alt=\"evelin\" width=\"156\" height=\"300\" srcset=\"https:\/\/muraste.ee\/vana\/wp-content\/uploads\/2016\/03\/evelin-156x300.jpg 156w, https:\/\/muraste.ee\/vana\/wp-content\/uploads\/2016\/03\/evelin.jpg 500w\" sizes=\"(max-width: 156px) 100vw, 156px\" \/><\/a><\/span><\/strong><\/p>\n<div id=\"js_i57\" class=\"_5pbx userContent _3576\" data-ft=\"{&quot;tn&quot;:&quot;K&quot;}\">\n<div id=\"id_5b768f8fba9be2535483224\" class=\"text_exposed_root text_exposed\">\n<p>Augustikuu\u00a0t\u00f5i p\u00f5nevat kaasaelamist meie Nimetule N\u00e4item\u00e4nguseltskonnale. Nimelt andis Tallinnas toimuva Birgitta festivali korraldusmeeskond v\u00f5imaluse ka meie n\u00e4item\u00e4ngurahvale festivali avaetenduses, Giacomi Puccini ooperis &#8220;Boheem&#8221; kaasal\u00f6\u00f6miseks.<br \/>\nKonkursis\u00f5ela l\u00e4bis Evelin Tiirik, kehastudes k\u00f5rtsiemandaks, kes lavalaudadel (<em>\u00fcllatus-\u00fcllatus:)<\/em>) m\u00e4ngleva kergusega pea kohale t\u00f5stetud kandikuga ringi liugles, laudu kraamis ja peategelase k\u00e4estki (aaria saatel) kinni hoidis<span class=\"text_exposed_show\">\u00a0ning end t\u00f5eliselt h\u00e4sti tundis:)<br \/>\nEvelin ise kirjeldas kogetut \u00fcliv\u00f5rdes: Itaalias tegutseva Puccini teatri suurep\u00e4rase lavastaja k\u00e4e all rahvusvaheliste ooperilauljatega \u00fchist lava jagada, kogu lavakujundus ja kost\u00fc\u00fcmid Itaaliast, saalis m\u00f5lemal etendusel \u00fcle tuhande ooperis\u00f5bra &#8211; see k\u00f5lab nagu muinasjutt:)<br \/>\nAit\u00e4h meie soovitajale ja Filarmoonia rahvale usalduse ja v\u00f5maluse eest! Evelin, sinu \u00fcle tunneme siirast r\u00f5\u00f5mu!<br \/>\nUus n\u00e4item\u00e4nguhooaeg ka koduk\u00fclas algab \u00fcsna pea ning kes teab, mis j\u00e4rgmiseks \u00fcllatuseks-v\u00e4ljakutseks olema saab;);)<\/span><\/p>\n<\/div>\n<\/div>\n<div class=\"_3x-2\" data-ft=\"{&quot;tn&quot;:&quot;H&quot;}\"><\/div>\n<p><span style=\"color: #ff6600;\"><strong style=\"color: #99cc00;\">TEADETETAHVEL<\/strong><\/span><\/p>\n<div class=\"text_exposed_show\"><\/div>\n<\/div>\n<header class=\"entry-header\">\n<div class=\"entry-content\">\n<div class=\"_1mf _1mj\" data-offset-key=\"cki46-0-0\">\n<div class=\"_1mf _1mj\" data-offset-key=\"cki46-0-0\"><strong><span style=\"color: #339966;\"><img decoding=\"async\" loading=\"lazy\" class=\"size-medium wp-image-3740 alignright\" src=\"https:\/\/muraste.ee\/vana\/wp-content\/uploads\/2016\/03\/stend-300x224.jpg\" sizes=\"(max-width: 300px) 100vw, 300px\" srcset=\"https:\/\/muraste.ee\/vana\/wp-content\/uploads\/2016\/03\/stend-300x224.jpg 300w, https:\/\/muraste.ee\/vana\/wp-content\/uploads\/2016\/03\/stend-768x572.jpg 768w, https:\/\/muraste.ee\/vana\/wp-content\/uploads\/2016\/03\/stend-1024x763.jpg 1024w, https:\/\/muraste.ee\/vana\/wp-content\/uploads\/2016\/03\/stend-624x465.jpg 624w, https:\/\/muraste.ee\/vana\/wp-content\/uploads\/2016\/03\/stend.jpg 1300w\" alt=\"stend\" width=\"300\" height=\"224\" \/><\/span><\/strong><\/div>\n<div class=\"_1mf _1mj\" data-offset-key=\"cki46-0-0\"><strong>Soovid avaldada oma reklaami<\/strong>\u00a0meie infokanalites? Juhised on\u00a0<strong>siin<\/strong>!<\/div>\n<div class=\"_1mf _1mj\" data-offset-key=\"cki46-0-0\"><strong>Soovid kasutada<\/strong>\u00a0m\u00f5nd Muraste k\u00fclaseltsi poolt pakutavat<strong>\u00a0teenust<\/strong>? V\u00f5imalused on<strong>\u00a0siin!<\/strong><\/div>\n<div class=\"_1mf _1mj\" data-offset-key=\"cki46-0-0\"><\/div>\n<div class=\"_1mf _1mj\" data-offset-key=\"cki46-0-0\"><\/div>\n<p><strong>Teadmiseks:\u00a0<\/strong>Muraste igan\u00e4dalase e-infokirjaga liitumiseks saada sellekohane teade muraste@muraste.ee<br \/>\n<strong>Muraste kogukonnakeskus\u00a0<\/strong>(Lee tee 9, Muraste) avatud E-N 10 -18, R 10-16.<br \/>\n<strong>T\u00e4psustused ja info:<\/strong>\u00a0kogukonnakeskus@muraste.ee;\u00a05253128 (Aule Kikas).<\/p>\n<\/div>\n<\/div>\n<\/header>\n","protected":false},"excerpt":{"rendered":"<p>AUGUSTIKUU MURASTES\u00a0* * AT- koolimaja aatrium, SP- spordihoone; KO-kogukonnakeskus; \u00a0 KL- klassiruum; Esmasp\u00e4ev, 13.\u00a0august &#8211;\u00a019 UUS! Muraste Liikumisklubi &#8220;Lihtsalt Liikuma!&#8221; kutsub k\u00f5iki: Troopika eri! 20. august\u00a0 &#8211; taasiseseisvusp\u00e4ev Teisip\u00e4ev, kl 18.30 K0,\u00a0Inglise keele kursus edasij\u00f5udnutele\u00a0(tase B 1.2 -B 2.1).\u00a0Juhendab marethein@gmail.com, tel 56575575. kl 19 V\u00f5rkpall 14.august &#8211;\u00a0kl\u00a011 Leader &#8211; tegevusgruppide juhtide suveseminar &#8220;S\u00e4\u00e4stev kogukond&#8221; Hiiumaal<a class=\"moretag\" href=\"https:\/\/muraste.ee\/vana\/?page_id=5836\"><br \/>&#8230;Loe edasi<\/a><\/p>\n","protected":false},"author":2,"featured_media":0,"parent":0,"menu_order":0,"comment_status":"closed","ping_status":"closed","template":"nadalakava.php","meta":{"_bbp_topic_count":0,"_bbp_reply_count":0,"_bbp_total_topic_count":0,"_bbp_total_reply_count":0,"_bbp_voice_count":0,"_bbp_anonymous_reply_count":0,"_bbp_topic_count_hidden":0,"_bbp_reply_count_hidden":0,"_bbp_forum_subforum_count":0,"_mc_calendar":[]},"_links":{"self":[{"href":"https:\/\/muraste.ee\/vana\/index.php?rest_route=\/wp\/v2\/pages\/5836"}],"collection":[{"href":"https:\/\/muraste.ee\/vana\/index.php?rest_route=\/wp\/v2\/pages"}],"about":[{"href":"https:\/\/muraste.ee\/vana\/index.php?rest_route=\/wp\/v2\/types\/page"}],"author":[{"embeddable":true,"href":"https:\/\/muraste.ee\/vana\/index.php?rest_route=\/wp\/v2\/users\/2"}],"replies":[{"embeddable":true,"href":"https:\/\/muraste.ee\/vana\/index.php?rest_route=%2Fwp%2Fv2%2Fcomments&post=5836"}],"version-history":[{"count":1,"href":"https:\/\/muraste.ee\/vana\/index.php?rest_route=\/wp\/v2\/pages\/5836\/revisions"}],"predecessor-version":[{"id":5838,"href":"https:\/\/muraste.ee\/vana\/index.php?rest_route=\/wp\/v2\/pages\/5836\/revisions\/5838"}],"wp:attachment":[{"href":"https:\/\/muraste.ee\/vana\/index.php?rest_route=%2Fwp%2Fv2%2Fmedia&parent=5836"}],"curies":[{"name":"wp","href":"https:\/\/api.w.org\/{rel}","templated":true}]}}