{"id":6096,"date":"2018-10-14T10:21:07","date_gmt":"2018-10-14T07:21:07","guid":{"rendered":"https:\/\/muraste.ee\/vana\/?page_id=6096"},"modified":"2018-10-14T10:21:07","modified_gmt":"2018-10-14T07:21:07","slug":"nadal-41-3","status":"publish","type":"page","link":"https:\/\/muraste.ee\/vana\/?page_id=6096","title":{"rendered":"N\u00e4dal 41"},"content":{"rendered":"<header class=\"entry-header\">\n<h1 class=\"entry-title\" style=\"text-align: center;\"><span style=\"color: #ff6600;\"><strong><a href=\"https:\/\/muraste.ee\/vana\/wp-content\/uploads\/2016\/03\/IMG_0060.jpg\" rel=\"attachment wp-att-6082\"><img decoding=\"async\" loading=\"lazy\" class=\"size-thumbnail wp-image-6082 aligncenter\" src=\"https:\/\/muraste.ee\/vana\/wp-content\/uploads\/2016\/03\/IMG_0060-150x150.jpg\" alt=\"IMG_0060\" width=\"150\" height=\"150\" \/><\/a>N\u00c4DAL 41 MURASTES<br \/>\n8.- 14. oktoober 2018\u00a0*<br \/>\n<\/strong><\/span><\/h1>\n<div class=\"entry-content\"><span style=\"color: #ff6600;\">\u00a0<\/span><\/div>\n<div class=\"entry-content\" style=\"text-align: left;\">\n<p><span style=\"color: #808080;\"><em>* AT- koolimaja aatrium, SP- spordihoone; KO-kogukonnakeskus; \u00a0 KL- klassiruum; SS- s\u00f6\u00f6gisaal.<\/em><\/span><\/p>\n<p><em><span style=\"color: #808080;\">Kaanefoto: S\u00fcgisene ilu praktilise lilleseade kursuselt.\u00a0<\/span><\/em><\/p>\n<\/div>\n<div class=\"entry-content\" style=\"text-align: left;\"><\/div>\n<div class=\"entry-content\" style=\"text-align: left;\">\n<p><span style=\"color: #ff6600;\"><strong>Esmasp\u00e4ev, 8. oktoober\u00a0<\/strong><\/span><br \/>\n<span style=\"color: #000000;\">kl 14.40 KO,\u00a0<strong>Fa Stuudio kandlering<\/strong> (lapsed, algajad)<\/span><br \/>\n<span style=\"color: #000000;\">kl 16.15 SP,\u00a0<strong>Judoklubi \u201cAitado\u201d\u00a0Judo<\/strong>\u00a0(alustajad ja uuesti alustajad). \u00a0(www.aitado.ee, Edward, tel 58053039) NB! 7-9 aastased spordis\u00f5brad, veel on vabu kohti treeningr\u00fchmaga liitumiseks!<br \/>\nkl 17.30 KL, <strong>V\u00e4ikekandleansambel LiULi<\/strong> (\u00fcle n\u00e4dala)<br \/>\n<\/span><span style=\"color: #000000;\">kl 17.45 SP,\u00a0<strong>Judoklubi \u201cAitado\u201d\u00a0Judo<\/strong>\u00a0(edasij\u00f5udnud. \u00a0(www.aitado.ee, treener Edward, tel 58053039)\u00a0<\/span><br \/>\n<span style=\"color: #000000;\">kl 18.30-20.30 SS,\u00a0<strong><span style=\"color: #ff0000;\">UUS!\u00a0 15. oktoobril!<\/span>\u00a0<a href=\"https:\/\/muraste.ee\/vana\/?p=5927\" target=\"_blank\">GRAAFIKARING<\/a>, <\/strong>juhendab graafik Lembe Ruben\u00a0\u00a0<em>(j\u00e4tkame\u00a0\u00a0karborundumiga ja valmistame ette ts\u00fcanot\u00fc\u00fcpia tehnikas alused, millele ilmutada foto)<br \/>\n<\/em>kl 19.15 SP, <strong>V\u00f5rkpall<\/strong><br \/>\n<\/span><span style=\"color: #000000;\">kl 19 \u00a0<\/span><strong style=\"color: #000000;\"><span style=\"color: #000000;\">Suurup<\/span>i naiskoor Meretule\u00a0 <\/strong><br \/>\n<span style=\"color: #99cc00;\"><span style=\"color: #808000;\"><span style=\"color: #000000;\">kl 19 KL, <strong>V\u00e4ikekandleansambel LiULi<\/strong> \u00a0(t\u00e4iskasvanud, algajate grupp (\u00fcle n\u00e4dala)<br \/>\n<\/span><\/span><\/span><\/p>\n<p><strong style=\"color: #ff9900; font-size: 1rem;\"><span style=\"color: #99cc00;\"><span style=\"color: #808000;\"><span style=\"color: #ff6600;\">Teisip\u00e4ev, 9. oktoober<br \/>\n<\/span><\/span><\/span><\/strong><span style=\"color: #ff9900;\"><strong><span style=\"color: #99cc00;\"><span style=\"color: #808000;\"><img decoding=\"async\" loading=\"lazy\" class=\"wp-image-5800 size-medium alignright\" src=\"https:\/\/muraste.ee\/vana\/wp-content\/uploads\/2016\/03\/revalia_muraste_A4-212x300.jpg\" alt=\"revalia_muraste_A4\" width=\"212\" height=\"300\" srcset=\"https:\/\/muraste.ee\/vana\/wp-content\/uploads\/2016\/03\/revalia_muraste_A4-212x300.jpg 212w, https:\/\/muraste.ee\/vana\/wp-content\/uploads\/2016\/03\/revalia_muraste_A4-768x1086.jpg 768w, https:\/\/muraste.ee\/vana\/wp-content\/uploads\/2016\/03\/revalia_muraste_A4-724x1024.jpg 724w, https:\/\/muraste.ee\/vana\/wp-content\/uploads\/2016\/03\/revalia_muraste_A4-624x882.jpg 624w\" sizes=\"(max-width: 212px) 100vw, 212px\" \/><\/span><\/span><\/strong><\/span>kl 14.40 KO, Fa Stuudio <strong>fl\u00f6\u00f6diring<\/strong><span style=\"color: #ff9900;\"><strong><span style=\"color: #99cc00;\"><br \/>\n<\/span><\/strong><\/span>kl 18.30 KL,\u00a0<strong>Inglise keele kursus \u00a0<\/strong>(kesktase B 1.2).\u00a0Lisainfo \u00a0juhendajalt tel 56575575 v\u00f5i marethein@gmail.com (Maret Hein).<br \/>\nkl 18.30 AT, <strong><span style=\"color: #ff0000;\">UUS!<\/span><\/strong> <strong>SELTSKONNATANTSU KURSUS<\/strong> alustas!<br \/>\nkl 19.45 AT,\u00a0<strong>Seltskonnatantsude harjutustund<\/strong>\u2013 v\u00f5imalus \u00f5pitut kinnistada ja toredas seltskonnas jalga keerutada.<br \/>\n<strong>UUS TANTSUKURSUS TULEKUL! 25. septembril<\/strong>\u00a0algab uus seltskonnatantsu kursus algajatele! (vt plakatilt t\u00e4psemat infot)<a href=\"https:\/\/muraste.ee\/vana\/wp-content\/uploads\/2016\/03\/show.jpg\" rel=\"attachment wp-att-5946\"><img decoding=\"async\" loading=\"lazy\" class=\"size-medium wp-image-5946 alignleft\" src=\"https:\/\/muraste.ee\/vana\/wp-content\/uploads\/2016\/03\/show-200x300.jpg\" alt=\"show\" width=\"200\" height=\"300\" srcset=\"https:\/\/muraste.ee\/vana\/wp-content\/uploads\/2016\/03\/show-200x300.jpg 200w, https:\/\/muraste.ee\/vana\/wp-content\/uploads\/2016\/03\/show.jpg 480w\" sizes=\"(max-width: 200px) 100vw, 200px\" \/><\/a><\/p>\n<p><span style=\"color: #99cc00;\"><strong><span style=\"color: #ff6600;\">Kolmap\u00e4ev, 10. oktoober<\/span><br \/>\n<\/strong><span style=\"color: #000000;\">kl 14.40 KO, Fa Stuudio <strong>kandlering<\/strong> (lapsed, edasij\u00f5udnud)<strong><br \/>\n<\/strong>kl 15 AT,<strong>\u00a0<span style=\"color: #ff0000;\">UUS!<\/span>\u00a0\u00a0Showtants &amp; cheerleading. Lisainfo bron@prodance.ee, tel 55577821<br \/>\nkl 15.30-17 KL,<span style=\"color: #ff0000;\"> UUS HUVIRING NOORTELE!<\/span> PROGRAMMEERIMINE (loe lisa<a href=\"https:\/\/muraste.ee\/vana\/?p=6059\" target=\"_blank\"> SIIT<\/a>)<br \/>\n<\/strong>kl 16.15 SP,\u00a0<strong>Judoklubi \u201cAitado\u201d\u00a0Judo<\/strong>\u00a0(alustajad ja uuesti alustajad). \u00a0(www.aitado.ee, Edward, tel 58053039) <span style=\"color: #ff0000;\">NB! 7-9 aastased spordis\u00f5brad, veel on vabu kohti treeningr\u00fchmaga liitumiseks!<br \/>\n<\/span><\/span><\/span><span style=\"color: #99cc00;\"><span style=\"color: #000000;\">kl 17 KL, <strong><a href=\"https:\/\/muraste.ee\/vana\/?p=5969\" target=\"_blank\">MUDELISMIRING<\/a><\/strong> algajatele. Juhendab Andres Madissoo<br \/>\nkl 18.15, <strong><a href=\"https:\/\/muraste.ee\/vana\/?p=5969\" target=\"_blank\">MUDELISMIRING<\/a><\/strong> edasij\u00f5udnutele. Juhendab Andres Madissoo<a href=\"https:\/\/muraste.ee\/vana\/wp-content\/uploads\/2016\/03\/motokrossipisik.jpg\" rel=\"attachment wp-att-6066\"><img decoding=\"async\" loading=\"lazy\" class=\"size-medium wp-image-6066 alignright\" src=\"https:\/\/muraste.ee\/vana\/wp-content\/uploads\/2016\/03\/motokrossipisik-212x300.jpg\" alt=\"motokrossipisik\" width=\"212\" height=\"300\" srcset=\"https:\/\/muraste.ee\/vana\/wp-content\/uploads\/2016\/03\/motokrossipisik-212x300.jpg 212w, https:\/\/muraste.ee\/vana\/wp-content\/uploads\/2016\/03\/motokrossipisik-624x884.jpg 624w, https:\/\/muraste.ee\/vana\/wp-content\/uploads\/2016\/03\/motokrossipisik.jpg 678w\" sizes=\"(max-width: 212px) 100vw, 212px\" \/><\/a><br \/>\nkl 17.45 SP,\u00a0<strong>Judoklubi \u201cAitado\u201d\u00a0Judo<\/strong>\u00a0(edasij\u00f5udnud. \u00a0(www.aitado.ee, treener Edward, tel 58053039)<br \/>\nkl 18 AT, <span style=\"color: #ff0000;\"><strong>UUS!<\/strong><\/span> <strong>Algab <a href=\"https:\/\/muraste.ee\/vana\/?p=6090\" target=\"_blank\">Line-tantsu<\/a> uus hooaeg!<\/strong> K\u00f5ik uued ja senised tantsijad on oodatud!<br \/>\n<\/span><\/span><strong><a href=\"https:\/\/muraste.ee\/vana\/?p=5879\" target=\"_blank\">kl 18 KO,\u00a0<span style=\"color: #ff0000;\">UUS!\u00a0<\/span>PRAKTILISE LILLESEADE KURSUS. T\u00e4psemalt loe <\/a><a href=\"https:\/\/muraste.ee\/vana\/?p=5843\" target=\"_blank\">SIIT.<br \/>\n<\/a><\/strong>kl 18.30 KL,\u00a0<strong> Naiskodukaitse <\/strong>Harku jaoskonna koosolek<strong><br \/>\n<\/strong>19 KL, \u00a0<strong>Inglise keele kursus<\/strong>\u00a0(algtase A2) uuesti alustajatele ja algajatele. Lisainfo \u00a0juhendajalt tel 56575575 v\u00f5i marethein@gmail.com (Maret Hein).<br \/>\nkl 19.30 SP, <strong><span style=\"color: #ff0000;\">UUS!<\/span>\u00a0\u00dcldkehalise ettevalmistuse treening.\u00a0<\/strong>Lisainfo:\u00a0<a href=\"http:\/\/motokrossipisik.eu\/saalitrennid\/\" target=\"_blank\" rel=\"noopener nofollow\" data-ft=\"{&quot;tn&quot;:&quot;-U&quot;}\" data-lynx-mode=\"async\" data-lynx-uri=\"https:\/\/l.facebook.com\/l.php?u=http%3A%2F%2Fmotokrossipisik.eu%2Fsaalitrennid%2F&amp;h=ATMtTHYPByHFd3Ejb-M_bw3_McwWuVo6SD2thhdIQy0F3YVpA_h8WkckKLGErB5uFSUlktLr926FwJ0TEtQ-jB1FBraRjZFjM3beY2s_WKOJD6YfrxE6Mt1hjwfw9ksYAGjgdHZC18BIeDnAuwSsYczTILfnnMLOzQF24cH3R6VS26raqEtS2BUg7_WQqbEtEpxp1xS_pyotI8RQyh4c32tfhGm_t2n7ldi5cdnf0XZ3A7pBLlADRaD37BfrOmuJ2do5HhcLCgaUhRx9NIHS07XqH95qhCVLIPfFZlqnktc\">http:\/\/motokrossipisik.eu\/saalitrennid\/<\/a>, hannes@motokrossipisik.ee, telefon 5296556<\/p>\n<div id=\"js_bfj\" class=\"_5pbx userContent _3576\" data-ad-preview=\"message\" data-ft=\"{&quot;tn&quot;:&quot;K&quot;}\">\n<p><strong style=\"font-size: 1rem;\"><span style=\"color: #ff6600;\"><span style=\"color: #99cc00;\"><span style=\"color: #800080;\">Neljap\u00e4ev, 11. oktoober\u00a0<\/span><\/span><\/span><\/strong><\/p>\n<\/div>\n<\/div>\n<p><strong><span style=\"color: #ff6600;\"><span style=\"color: #99cc00;\"><span style=\"color: #800080;\"><a href=\"https:\/\/muraste.ee\/vana\/wp-content\/uploads\/2016\/03\/n\u00e4ite.jpg\" rel=\"attachment wp-att-6024\"><img decoding=\"async\" loading=\"lazy\" class=\"size-medium wp-image-6024 alignright\" src=\"https:\/\/muraste.ee\/vana\/wp-content\/uploads\/2016\/03\/n\u00e4ite-232x300.jpg\" alt=\"n\u00e4ite\" width=\"232\" height=\"300\" srcset=\"https:\/\/muraste.ee\/vana\/wp-content\/uploads\/2016\/03\/n\u00e4ite-232x300.jpg 232w, https:\/\/muraste.ee\/vana\/wp-content\/uploads\/2016\/03\/n\u00e4ite-624x808.jpg 624w, https:\/\/muraste.ee\/vana\/wp-content\/uploads\/2016\/03\/n\u00e4ite.jpg 695w\" sizes=\"(max-width: 232px) 100vw, 232px\" \/><\/a><a href=\"https:\/\/muraste.ee\/vana\/wp-content\/uploads\/2016\/03\/n\u00e4itering-1.jpg\" rel=\"attachment wp-att-5918\"><br \/>\n<\/a><\/span><\/span><\/span><\/strong><span style=\"color: #000000;\">kl 13.40 &#8211; (18.15) KO, <strong>Triinu laulustuudio<\/strong><br \/>\n<\/span><span style=\"color: #000000;\">kl 19 KL, <strong>Jooga<br \/>\n<\/strong><\/span>kl\u00a019.00\u00a0KO,\u00a0<strong>Inglise keele\u00a0kursus<\/strong> edasij\u00f5udnutele\u00a0(eel-kesktase B 1.1) \u00a0Lisainfo \u00a0juhendajalt tel 56575575 v\u00f5i marethein@gmail.com (Maret Hein).<br \/>\nkl 18.30 AT, <strong><span style=\"color: #ff0000;\">UUS HOOAEG<\/span><span style=\"color: #ff0000;\">!<\/span><\/strong>\u00a0\u00a0<strong><span style=\"color: #ff0000;\"><span style=\"color: #000000;\">N\u00c4ITERING, <\/span><\/span><\/strong><span style=\"color: #ff0000;\"><span style=\"color: #000000;\">juhendab Anne Veesaar.<\/span><\/span><\/p>\n<p><span style=\"color: #800080;\"><span style=\"color: #ff6600;\"><strong>Reede, 12. oktoober\u00a0<\/strong><\/span><br \/>\n<span style=\"color: #000000;\">kl 15 T,\u00a0\u00a0<span style=\"color: #ff0000;\"><strong>UUS!<\/strong> <\/span>\u00a0<strong>Showtants &amp; cheerleading<\/strong>. Lisainfo bron@prodance.ee, tel 55577821<\/span><br \/>\n<span style=\"color: #000000;\">kl 17.45 SP,\u00a0<strong>Judoklubi \u201cAitado\u201d\u00a0Judo<\/strong>\u00a0(edasij\u00f5udnud. \u00a0(www.aitado.ee, treener Edward, tel 58053039)<\/span><\/span><\/p>\n<p><span style=\"color: #000000;\"><a href=\"https:\/\/muraste.ee\/vana\/wp-content\/uploads\/2016\/03\/tuultetahutud.jpg\" rel=\"attachment wp-att-6080\"><img decoding=\"async\" loading=\"lazy\" class=\"size-medium wp-image-6080 alignright\" src=\"https:\/\/muraste.ee\/vana\/wp-content\/uploads\/2016\/03\/tuultetahutud-300x169.jpg\" alt=\"tuultetahutud\" width=\"300\" height=\"169\" srcset=\"https:\/\/muraste.ee\/vana\/wp-content\/uploads\/2016\/03\/tuultetahutud-300x169.jpg 300w, https:\/\/muraste.ee\/vana\/wp-content\/uploads\/2016\/03\/tuultetahutud-768x432.jpg 768w, https:\/\/muraste.ee\/vana\/wp-content\/uploads\/2016\/03\/tuultetahutud-1024x576.jpg 1024w, https:\/\/muraste.ee\/vana\/wp-content\/uploads\/2016\/03\/tuultetahutud-624x351.jpg 624w, https:\/\/muraste.ee\/vana\/wp-content\/uploads\/2016\/03\/tuultetahutud-128x72.jpg 128w, https:\/\/muraste.ee\/vana\/wp-content\/uploads\/2016\/03\/tuultetahutud.jpg 1280w\" sizes=\"(max-width: 300px) 100vw, 300px\" \/><\/a>kl 19 AT,\u00a0 <strong><span style=\"color: #ff0000;\">UUS!<\/span>\u00a0MURASTE KINOPUNKT ESITLEB:<\/strong><\/span>\u00a0uus Eesti loodusfilm<strong>\u00a0<a href=\"https:\/\/www.youtube.com\/watch?v=u2KRllzkrvI\" target=\"_blank\">TUULTE TAHUTUD MAA<\/a><br \/>\n<\/strong><em>Joosep Matjuse eepiline loodusfilm <strong>&#8220;Tuulte tahutud maa&#8221;<\/strong> teeb kummarduse Eesti loodusele, loodusele mis on meie visiitkaardiks.\u00a0Aegadest, mida keegi ei m\u00e4leta, k\u00f5nelevad meile aastatuhandete jooksul kootud maastikud. \u00dckski element ei ole siia potsatanud juhuslikult, vaid on tahutud siinsete asukate ja stiihiate omavahelise v\u00f5itluse kiuste. Igat puud ja rohuk\u00f5rt on hoolikalt l\u00f5igatud v\u00f5i l\u00f5ikamata j\u00e4etud, loomi on hoitud ja eemale peletatud, h\u00e4\u00e4led on toodud l\u00e4hemale ja s\u00e4titud kooris k\u00f5lama. K\u00f5ik vastavalt v\u00f5imalustele-tarvidusele. Maastike mustrites on kestma j\u00e4\u00e4nud meie esivanemate p\u00fc\u00fcdlused ja ilumeel.\u00a0<\/em><br \/>\n<em>Tuulte tahutud maa on<strong> film Eestimaa metsikust ja \u00fcrgsest loodusest,<\/strong> kus vaataja ees avanevad meie kodumaa eriilmelised maastikud koos metsloomade ja tuhandete l\u00e4bir\u00e4ndavate lindudega<strong>.<\/strong><\/em><\/p>\n<p><strong><span style=\"color: #ff6600;\">Laup\u00e4ev, 13. oktoober<\/span><\/strong><br \/>\n<strong><span style=\"color: #ff0000;\">UUS!<\/span><\/strong> kl 11 antakse Muraste paeplatsil start <strong>mototraieli<\/strong> v\u00f5istlusele. V\u00f5istlusel osalevad pisikestel elektrimootorratastel lapsed ning n\u00e4iliselt f\u00fc\u00fcsikaseadustega vastuollu mineva s\u00f5iduga t\u00e4iskasvanud. \u00dcrituse korraldab MT\u00dc Motospordiklubi Gasgas ja on pealtvaatajatele tasuta.<br \/>\n<a href=\"https:\/\/muraste.ee\/vana\/wp-content\/uploads\/2016\/03\/motomehed.jpg\" rel=\"attachment wp-att-6088\"><img decoding=\"async\" loading=\"lazy\" class=\"size-medium wp-image-6088 aligncenter\" src=\"https:\/\/muraste.ee\/vana\/wp-content\/uploads\/2016\/03\/motomehed-300x157.jpg\" alt=\"motomehed\" width=\"300\" height=\"157\" srcset=\"https:\/\/muraste.ee\/vana\/wp-content\/uploads\/2016\/03\/motomehed-300x157.jpg 300w, https:\/\/muraste.ee\/vana\/wp-content\/uploads\/2016\/03\/motomehed-768x402.jpg 768w, https:\/\/muraste.ee\/vana\/wp-content\/uploads\/2016\/03\/motomehed-624x327.jpg 624w, https:\/\/muraste.ee\/vana\/wp-content\/uploads\/2016\/03\/motomehed.jpg 960w\" sizes=\"(max-width: 300px) 100vw, 300px\" \/><\/a><\/p>\n<p class=\"m_-1161461259794121851c-eventmeta\"><strong style=\"font-size: 1rem;\"><span style=\"color: #ff6600;\">P\u00fchap\u00e4ev, 14. oktoober<\/span><\/strong><\/p>\n<p>kl 18 AT, <span style=\"color: #ff0000;\"><strong>NB!<\/strong><\/span>\u00a0<strong>N\u00e4iteringi<\/strong> etenduse (8 armastavat naist) <strong>taastusproov<\/strong> .<br \/>\n<span style=\"color: #ffffff;\">..<\/span><\/p>\n<p><span style=\"text-decoration: underline; color: #0000ff;\"><strong>M U R A S T E S \u00a0L\u00c4HIAJAL \u00a0 T U L E K U L<\/strong><\/span><\/p>\n<ul>\n<li><span style=\"font-size: 1rem;\">21. oktoober kell 18.30\u00a0<strong>teatri\u00f5htu<\/strong>: Andrus Kivir\u00e4hk <strong>ULJAS NEITSI<\/strong> Kuusalurahva Teatri esituses<br \/>\n<\/span><\/li>\n<li>22. november <strong>kohtumis\u00f5htu<\/strong>\u00a0 ehk <strong>Raivo &#8220;4&#215;4&#8221; Malter<\/strong> (korraldab Naiskodukaitse Harku jaoskond &#8211; j\u00e4lgige reklaami!)<\/li>\n<li>25. november <strong>Harku valla vabatahtlike tunnustamise \u00f5htu<\/strong> (<a href=\"https:\/\/muraste.ee\/vana\/?p=6043\" target=\"_blank\">lisainfo<\/a>)<a href=\"https:\/\/muraste.ee\/vana\/wp-content\/uploads\/2016\/03\/triipkood.jpg\" rel=\"attachment wp-att-6041\"><img decoding=\"async\" loading=\"lazy\" class=\"size-large wp-image-6041 aligncenter\" src=\"https:\/\/muraste.ee\/vana\/wp-content\/uploads\/2016\/03\/triipkood-1024x366.jpg\" alt=\"triipkood\" width=\"625\" height=\"223\" srcset=\"https:\/\/muraste.ee\/vana\/wp-content\/uploads\/2016\/03\/triipkood-1024x366.jpg 1024w, https:\/\/muraste.ee\/vana\/wp-content\/uploads\/2016\/03\/triipkood-300x107.jpg 300w, https:\/\/muraste.ee\/vana\/wp-content\/uploads\/2016\/03\/triipkood-768x274.jpg 768w, https:\/\/muraste.ee\/vana\/wp-content\/uploads\/2016\/03\/triipkood-624x223.jpg 624w, https:\/\/muraste.ee\/vana\/wp-content\/uploads\/2016\/03\/triipkood.jpg 1789w\" sizes=\"(max-width: 625px) 100vw, 625px\" \/><\/a><br \/>\n<span style=\"color: #3366ff;\"><strong><span style=\"color: #ffffff;\">.<\/span><\/strong><\/span><\/li>\n<\/ul>\n<p><span style=\"color: #3366ff;\"><strong>M U R A S T E \u00a0K I N O P U N K T ESITLEB<span style=\"caret-color: #3366ff;\">:<img decoding=\"async\" loading=\"lazy\" class=\"size-medium wp-image-5988 alignright\" src=\"https:\/\/muraste.ee\/vana\/wp-content\/uploads\/2016\/03\/kino-1-300x169.jpg\" alt=\"kino\" width=\"300\" height=\"169\" srcset=\"https:\/\/muraste.ee\/vana\/wp-content\/uploads\/2016\/03\/kino-1-300x169.jpg 300w, https:\/\/muraste.ee\/vana\/wp-content\/uploads\/2016\/03\/kino-1-768x432.jpg 768w, https:\/\/muraste.ee\/vana\/wp-content\/uploads\/2016\/03\/kino-1-1024x576.jpg 1024w, https:\/\/muraste.ee\/vana\/wp-content\/uploads\/2016\/03\/kino-1-624x351.jpg 624w, https:\/\/muraste.ee\/vana\/wp-content\/uploads\/2016\/03\/kino-1-128x72.jpg 128w, https:\/\/muraste.ee\/vana\/wp-content\/uploads\/2016\/03\/kino-1.jpg 1920w\" sizes=\"(max-width: 300px) 100vw, 300px\" \/><\/span><\/strong><\/span><\/p>\n<p><strong><em><span style=\"color: #0000ff;\">NB!<\/span> L\u00c4HITULEVIKU FILMIPROGRAMM ON N\u00c4HTAV<\/em><span style=\"color: #ff0000;\"> <a style=\"color: #ff0000;\" href=\"https:\/\/muraste.ee\/vana\/?p=5961\" target=\"_blank\">SIIN!<\/a><\/span><\/strong><\/p>\n<ul>\n<li><strong><span style=\"color: #ff0000;\">UUS!<\/span><\/strong>\u00a012. oktoober kell 19 loodusfilm <strong><a href=\"https:\/\/www.youtube.com\/watch?v=u2KRllzkrvI\" target=\"_blank\">TUULTE TAHUTUD MAA<\/a><\/strong><\/li>\n<li><strong><span style=\"color: #ff0000;\">UUS!<\/span>\u00a0<\/strong>19. oktoober kell 19 uus Eesti film <strong><a href=\"https:\/\/www.youtube.com\/watch?v=hQO-WubwEQk\" target=\"_blank\">V\u00d5TA V\u00d5I J\u00c4TA<br \/>\n<span style=\"color: #ffffff;\">.<\/span><br \/>\n<\/a><\/strong><span style=\"color: #ff6600;\"><strong>N\u00c4ITUS SAADAVAL!<\/strong><\/span><\/li>\n<\/ul>\n<\/header>\n<div class=\"entry-content\" style=\"text-align: left;\">\n<p>Kui kellelgi on soovi oma ruumides eksponeerida n\u00e4itust\u00a0\u00a0&#8220;<strong><a href=\"https:\/\/muraste.ee\/vana\/?p=5228\" target=\"_blank\">Tuulepealne maa &#8211; siin on sinu kodu<\/a><\/strong>&#8221; siis andke endast teada kogukonnakeskus@muraste.ee. N\u00e4itus koosneb 10st roll-up stendist.<\/p>\n<p><strong><span style=\"color: #ff0000;\"><span style=\"color: #800080;\">\u00a0<\/span><\/span><\/strong><strong><span style=\"color: #ff0000;\"><span style=\"color: #800080;\">PAKKUMINE!<br \/>\n<\/span><br \/>\n<\/span><\/strong><em><span style=\"color: #008080;\"><strong>Taas on v\u00f5imalus tellida head, maitsvat talutoodangut suisa koju. Meie k\u00f5igi terviseks!\u00a0<\/strong><br \/>\n<span style=\"color: #000000;\">Tahaks tulla vahvale<img decoding=\"async\" loading=\"lazy\" class=\"size-thumbnail wp-image-5938 alignright\" src=\"https:\/\/muraste.ee\/vana\/wp-content\/uploads\/2018\/09\/800px-Vegetables-e1537092662857-150x150.jpg\" alt=\"800px-Vegetables\" width=\"150\" height=\"150\" \/><\/span><br \/>\n<span style=\"color: #000000;\">Muraste kandi rahvale<\/span><br \/>\n<span style=\"color: #000000;\">pakkuma kraami, mis hea<\/span><br \/>\n<span style=\"color: #000000;\">ja kasvanud Eestimaa peal.<\/span><br \/>\n<strong>T\u00e4psemalt \u00a0v\u00f5imaluste kohta \u00a0loe\u00a0 <a style=\"color: #008080;\" href=\"https:\/\/muraste.ee\/vana\/?p=5935\" target=\"_blank\">S I I T<\/a><\/strong><\/span><\/em><\/p>\n<p><strong><span style=\"color: #99cc00;\">T\u00d6\u00d6KUULUTUS<a href=\"https:\/\/muraste.ee\/vana\/wp-content\/uploads\/2016\/03\/apt.jpg\" rel=\"attachment wp-att-5984\"><img decoding=\"async\" loading=\"lazy\" class=\"size-thumbnail wp-image-5984 alignleft\" src=\"https:\/\/muraste.ee\/vana\/wp-content\/uploads\/2016\/03\/apt-150x150.jpg\" alt=\"apt\" width=\"150\" height=\"150\" \/><\/a><\/span><\/strong><br \/>\nMuraste apteek vajab alates 01. novembrist 2018. a t\u00e4iskohaga PROVIISORIT V\u00d5I FARMATSEUTI \u00a0seoses t\u00f6\u00f6taja lapsehoolduspuhkusele minemisega.<br \/>\nRohkem teavet Muraste apteegist, tel 614 0115; e-post murasteapteek@apotheka.ee<\/p>\n<p><span style=\"color: #ff6600;\"><strong>V\u00c4LJAKUTSED<\/strong><\/span><\/p>\n<ul>\n<li>HEAK ootab <strong>Aasta tegija<\/strong> tiitli v\u00e4\u00e4rilisi kandidaate. Rohkem loe <span style=\"color: #ff6600;\"><strong><a href=\"https:\/\/www.heak.ee\/harjumaa-aasta-tegija\/\" target=\"_blank\">SIIT<\/a><\/strong><\/span><\/li>\n<li><strong>Avatud ettev\u00f5tete p\u00e4eva<\/strong> raames avavad ettev\u00f5tted oma uksed. Rohkem loe <strong><a href=\"https:\/\/www.ettevotlusnadal.ee\/avatud-ettevotted\/\" target=\"_blank\">SIIT<br \/>\n<\/a><\/strong><\/li>\n<li>Harku vallavaitsus otsib kandidaate <strong>Tui preemiale<\/strong>. Rohkem loe <strong><a href=\"http:\/\/www.harku.ee\/et\/uudised-ja-teated\/-\/asset_publisher\/7WOcbaKfFguz\/content\/esita-taotlus-tui-preemiale?redirect=http%3A%2F%2Fwww.harku.ee%2Fet%2Fuudised-ja-teated%3Fp_p_id%3D101_INSTANCE_7WOcbaKfFguz%26p_p_lifecycle%3D0%26p_p_state%3Dnormal%26p_p_mode%3Dview%26p_p_col_id%3Dcolumn-2%26p_p_col_count%3D1\" target=\"_blank\">SIIT<\/a><\/strong><\/li>\n<\/ul>\n<p><span style=\"color: #ff6600;\"><strong style=\"color: #99cc00;\">TEADETETAHVEL<\/strong><\/span><\/p>\n<div class=\"text_exposed_show\">\u00a0<a href=\"https:\/\/muraste.ee\/vana\/wp-content\/uploads\/2016\/03\/stend.jpg\" rel=\"attachment wp-att-3740\"><img decoding=\"async\" loading=\"lazy\" class=\"size-medium wp-image-3740 alignright\" src=\"https:\/\/muraste.ee\/vana\/wp-content\/uploads\/2016\/03\/stend-300x224.jpg\" alt=\"stend\" width=\"300\" height=\"224\" srcset=\"https:\/\/muraste.ee\/vana\/wp-content\/uploads\/2016\/03\/stend-300x224.jpg 300w, https:\/\/muraste.ee\/vana\/wp-content\/uploads\/2016\/03\/stend-768x572.jpg 768w, https:\/\/muraste.ee\/vana\/wp-content\/uploads\/2016\/03\/stend-1024x763.jpg 1024w, https:\/\/muraste.ee\/vana\/wp-content\/uploads\/2016\/03\/stend-624x465.jpg 624w, https:\/\/muraste.ee\/vana\/wp-content\/uploads\/2016\/03\/stend.jpg 1300w\" sizes=\"(max-width: 300px) 100vw, 300px\" \/><\/a><\/div>\n<\/div>\n<header class=\"entry-header\">\n<div class=\"entry-content\">\n<div class=\"_1mf _1mj\" data-offset-key=\"cki46-0-0\">\n<div class=\"_1mf _1mj\" data-offset-key=\"cki46-0-0\"><strong>Soovid avaldada oma reklaami<\/strong>\u00a0meie infokanalites? Juhised on\u00a0<strong>siin<\/strong>!<\/div>\n<div class=\"_1mf _1mj\" data-offset-key=\"cki46-0-0\"><strong>Soovid kasutada<\/strong>\u00a0m\u00f5nd Muraste k\u00fclaseltsi poolt pakutavat<strong>\u00a0teenust<\/strong>? V\u00f5imalused on<strong>\u00a0siin!<\/strong><\/div>\n<div class=\"_1mf _1mj\" data-offset-key=\"cki46-0-0\"><\/div>\n<div class=\"_1mf _1mj\" data-offset-key=\"cki46-0-0\"><\/div>\n<p><strong>Teadmiseks:\u00a0<\/strong>Muraste igan\u00e4dalase e-infokirjaga liitumiseks saada sellekohane teade muraste@muraste.ee<br \/>\n<strong>Muraste kogukonnakeskus\u00a0<\/strong>(Lee tee 9, Muraste) avatud E-N 10 -18, R 10-16.<br \/>\n<strong>T\u00e4psustused ja info:<\/strong>\u00a0kogukonnakeskus@muraste.ee;\u00a05253128 (Aule Kikas).<\/p>\n<\/div>\n<\/div>\n<\/header>\n","protected":false},"excerpt":{"rendered":"<p>N\u00c4DAL 41 MURASTES 8.- 14. oktoober 2018\u00a0* \u00a0 * AT- koolimaja aatrium, SP- spordihoone; KO-kogukonnakeskus; \u00a0 KL- klassiruum; SS- s\u00f6\u00f6gisaal. Kaanefoto: S\u00fcgisene ilu praktilise lilleseade kursuselt.\u00a0 Esmasp\u00e4ev, 8. oktoober\u00a0 kl 14.40 KO,\u00a0Fa Stuudio kandlering (lapsed, algajad) kl 16.15 SP,\u00a0Judoklubi \u201cAitado\u201d\u00a0Judo\u00a0(alustajad ja uuesti alustajad). \u00a0(www.aitado.ee, Edward, tel 58053039) NB! 7-9 aastased spordis\u00f5brad, veel on vabu kohti<a class=\"moretag\" href=\"https:\/\/muraste.ee\/vana\/?page_id=6096\"><br \/>&#8230;Loe edasi<\/a><\/p>\n","protected":false},"author":2,"featured_media":0,"parent":0,"menu_order":0,"comment_status":"closed","ping_status":"closed","template":"nadalakava.php","meta":{"_bbp_topic_count":0,"_bbp_reply_count":0,"_bbp_total_topic_count":0,"_bbp_total_reply_count":0,"_bbp_voice_count":0,"_bbp_anonymous_reply_count":0,"_bbp_topic_count_hidden":0,"_bbp_reply_count_hidden":0,"_bbp_forum_subforum_count":0,"_mc_calendar":[]},"_links":{"self":[{"href":"https:\/\/muraste.ee\/vana\/index.php?rest_route=\/wp\/v2\/pages\/6096"}],"collection":[{"href":"https:\/\/muraste.ee\/vana\/index.php?rest_route=\/wp\/v2\/pages"}],"about":[{"href":"https:\/\/muraste.ee\/vana\/index.php?rest_route=\/wp\/v2\/types\/page"}],"author":[{"embeddable":true,"href":"https:\/\/muraste.ee\/vana\/index.php?rest_route=\/wp\/v2\/users\/2"}],"replies":[{"embeddable":true,"href":"https:\/\/muraste.ee\/vana\/index.php?rest_route=%2Fwp%2Fv2%2Fcomments&post=6096"}],"version-history":[{"count":1,"href":"https:\/\/muraste.ee\/vana\/index.php?rest_route=\/wp\/v2\/pages\/6096\/revisions"}],"predecessor-version":[{"id":6098,"href":"https:\/\/muraste.ee\/vana\/index.php?rest_route=\/wp\/v2\/pages\/6096\/revisions\/6098"}],"wp:attachment":[{"href":"https:\/\/muraste.ee\/vana\/index.php?rest_route=%2Fwp%2Fv2%2Fmedia&parent=6096"}],"curies":[{"name":"wp","href":"https:\/\/api.w.org\/{rel}","templated":true}]}}