{"id":6553,"date":"2018-12-08T11:32:35","date_gmt":"2018-12-08T09:32:35","guid":{"rendered":"https:\/\/muraste.ee\/vana\/?page_id=6553"},"modified":"2018-12-08T11:32:35","modified_gmt":"2018-12-08T09:32:35","slug":"nadal-49-2","status":"publish","type":"page","link":"https:\/\/muraste.ee\/vana\/?page_id=6553","title":{"rendered":"N\u00e4dal 49"},"content":{"rendered":"<h1 class=\"entry-title\" style=\"text-align: center;\"><span style=\"color: #ff9900;\"><strong><span style=\"color: #339966;\">N\u00c4DAL 49 MURASTES<\/span><br \/>\n<span style=\"color: #339966;\">3. &#8211; 9.\u00a0detsember 2018\u00a0*<\/span><\/strong><\/span><span style=\"color: #ff9900;\"><strong><br \/>\n<\/strong>\u00a0<\/span><\/h1>\n<div class=\"entry-content\" style=\"text-align: left;\">\n<p><span style=\"color: #808080;\"><em>* AT- koolimaja aatrium, SP- spordihoone; KO-kogukonnakeskus; \u00a0 KL- klassiruum; PS &#8211; peegelsaal; SS- s\u00f6\u00f6gisaal, LS- lavasaal, MR- meediaruum<\/em><\/span><\/p>\n<p><em><span style=\"color: #808080;\">Kaanefoto: P\u00fchap\u00e4eval, 2. detsembril\u00a0\u00a0kuulutasid j\u00f5ulurahu ning s\u00fc\u00fctasid esimese advendik\u00fc\u00fcnla Harku vallavanem Erik Sandla ja EELK Rannam\u00f5isa kiriku \u00f5petaja Aare Kimmel.<br \/>\nFoto: Harku vald<\/span><\/em><\/p>\n<p><strong style=\"color: #339966; font-size: 1rem;\">Esmasp\u00e4ev,\u00a03. detsember<\/strong><\/p>\n<\/div>\n<div class=\"entry-content\" style=\"text-align: left;\">\n<header class=\"entry-header\">\n<div class=\"entry-content\">\n<p><span style=\"color: #339966;\"><strong><img decoding=\"async\" loading=\"lazy\" class=\"size-medium wp-image-6527 alignright\" src=\"https:\/\/muraste.ee\/vana\/wp-content\/uploads\/2016\/03\/46479586_326425761516681_2186889891336421376_n-127x300.jpg\" alt=\"46479586_326425761516681_2186889891336421376_n\" width=\"127\" height=\"300\" srcset=\"https:\/\/muraste.ee\/vana\/wp-content\/uploads\/2016\/03\/46479586_326425761516681_2186889891336421376_n-127x300.jpg 127w, https:\/\/muraste.ee\/vana\/wp-content\/uploads\/2016\/03\/46479586_326425761516681_2186889891336421376_n.jpg 236w\" sizes=\"(max-width: 127px) 100vw, 127px\" \/><\/strong><\/span>kl 14.40 KO,\u00a0<strong>Fa Stuudio kandlering<\/strong> (lapsed, algajad)<br \/>\nkl 16.15 SP,\u00a0<strong>Judoklubi \u201cAitado\u201d\u00a0Judo<\/strong>\u00a0(alustajad ja uuesti alustajad). \u00a0(www.aitado.ee, Edward, tel 58053039) NB! 7-9 aastased spordis\u00f5brad, veel on vabu kohti treeningr\u00fchmaga liitumiseks!<br \/>\nkl 17.00 <strong><span style=\"color: #ff0000;\">UUS!<\/span> Skaudiring<\/strong><br \/>\nkl 17.30 KO, <strong>V\u00e4ikekandleansambel LiULi <\/strong><em>(p\u00f5hikoosseis)<\/em><br \/>\nkl 17.45 SP,\u00a0<strong>Judoklubi \u201cAitado\u201d\u00a0Judo<\/strong>\u00a0(edasij\u00f5udnud. \u00a0(www.aitado.ee, treener Edward, tel 58053039)<br \/>\nkl 18 KO, <span style=\"color: #ff0000;\"><strong>UUS! <span style=\"color: #339966;\">K\u00e4sit\u00f6\u00f6tuba kutsub<\/span><\/strong><\/span><strong><span style=\"color: #339966;\">:<\/span> Tiffany tehnika<\/strong><br \/>\n<em>Mis saab olla veel parem ise meisterdatud kingitusest? Sedakorda kutsume teid k\u00f5iki kogukonnakeskusesse, et teha midagi Tiffany-tehnikas: olgu selleks siis aknakaunistuseks sobiv linnuke, ainulaaadne kaelaehe v\u00f5i muu v\u00e4iksem vitraa\u017e.<\/em><br \/>\n<em>T\u00f6\u00f6toa juhendajaks on Kaja Roosvee Loovuslaborist. <\/em><br \/>\n<em>T\u00f6\u00f6toa hind: 15\u20ac (kohapeal)\u00a0<\/em><em>T\u00f6\u00f6tuppa registreerumine kajar@autoid.ee v\u00f5i muraste@muraste.ee<\/em><br \/>\nOlete oodatud!<br \/>\nkl 18.30 KO, kl 19.15 SP, <strong>V\u00f5rkpall<\/strong><br \/>\nkl 19 AT, \u00a0<strong>Suurupi naiskoor Meretule\u00a0 <\/strong><br \/>\nkl 19 KO, <strong>V\u00e4ikekandleansambel LiULi<\/strong> \u00a0<em>(t\u00e4iskasvanud, algajate grupp, \u00fcle n\u00e4dala)<\/em><\/p>\n<p><strong><span style=\"color: #339966;\">Teisip\u00e4ev,\u00a04. detsember<a href=\"https:\/\/muraste.ee\/vana\/wp-content\/uploads\/2016\/03\/revalia_muraste_A4-1.jpg\" rel=\"attachment wp-att-6523\"><img decoding=\"async\" loading=\"lazy\" class=\"wp-image-6523 size-medium alignright\" src=\"https:\/\/muraste.ee\/vana\/wp-content\/uploads\/2016\/03\/revalia_muraste_A4-1-212x300.jpg\" alt=\"revalia_muraste_A4\" width=\"212\" height=\"300\" srcset=\"https:\/\/muraste.ee\/vana\/wp-content\/uploads\/2016\/03\/revalia_muraste_A4-1-212x300.jpg 212w, https:\/\/muraste.ee\/vana\/wp-content\/uploads\/2016\/03\/revalia_muraste_A4-1.jpg 595w\" sizes=\"(max-width: 212px) 100vw, 212px\" \/><\/a><\/span><br \/>\n<\/strong>kl 14.40 KO, Fa Stuudio <strong>fl\u00f6\u00f6diring<\/strong><strong><br \/>\n<\/strong>kl 18.30 KL,\u00a0<strong>Inglise keele kursus \u00a0<\/strong>(kesktase B 1.2).\u00a0Lisainfo \u00a0juhendajalt tel 56575575 v\u00f5i marethein@gmail.com (Maret Hein).<br \/>\nkl 18.30 PS, <strong>SELTSKONNATANTSU KURSUS<\/strong>\u00a0algajatele-<br \/>\nkl 19.45 PS,\u00a0<strong>Seltskonnatantsude harjutustund<\/strong>\u2013 v\u00f5imalus \u00f5pitut kinnistada ja toredas seltskonnas jalga keerutada.<br \/>\n<strong style=\"color: #339966; font-size: 1rem;\">NB! UUED SELTSKONNATANTSU KURSUSED TULEKUL!<\/strong><\/p>\n<p><span style=\"color: #339966;\"><strong style=\"font-size: 1rem;\">Kolmap\u00e4ev, 5. detsember<\/strong><\/span><\/p>\n<p><span style=\"color: #99cc00;\"><span style=\"color: #339966;\"><span style=\"color: #000000;\">kl 14.40 KO, Fa Stuudio <strong>kandlering<\/strong> (lapsed, edasij\u00f5udnud)<\/span><\/span><\/span><span style=\"color: #99cc00;\"><span style=\"color: #339966;\"><br \/>\n<span style=\"color: #000000;\">kl 15 AT,\u00a0<strong>Showtants &amp; cheerleading<\/strong>. Lisainfo bron@prodance.ee, tel 55577821<\/span><br \/>\n<span style=\"color: #000000;\">kl 15.30-17 KL, <span style=\"color: #ff0000;\"><strong>UUS HUVIRING NOORTELE!<\/strong><\/span> PROGRAMMEERIMINE <em>(veel on vabu kohti!)<\/em> (loe lisa<a style=\"color: #000000;\" href=\"https:\/\/muraste.ee\/vana\/?p=6059\" target=\"_blank\"> SIIT<\/a>)<br \/>\nkl 16.15 SP,\u00a0Judoklubi \u201cAitado\u201d\u00a0<strong>Judo<\/strong>\u00a0(alustajad ja uuesti alustajad). \u00a0(www.aitado.ee, Edward, tel 58053039)<br \/>\nNB! 7-9 aastased spordis\u00f5brad, veel on vabu kohti treeningr\u00fchmaga liitumiseks!<br \/>\nkl 17 KL, <strong><a style=\"color: #000000;\" href=\"https:\/\/muraste.ee\/vana\/?p=5969\" target=\"_blank\">MUDELISMIRING<\/a> <\/strong>algajatele. Juhendab Andres Madissoo NB!\u00a0Veel on vabu kohti uutele liitujatele!<\/span><br \/>\n<span style=\"color: #000000;\">kl 18.30 KO, \u00a0<strong><span style=\"color: #ff0000;\">UUS!\u00a0<\/span>Praktiline lilleseade kursus: j\u00f5ulud<img decoding=\"async\" loading=\"lazy\" class=\"size-thumbnail wp-image-6282 alignright\" src=\"https:\/\/muraste.ee\/vana\/wp-content\/uploads\/2016\/03\/kohv-150x150.jpg\" alt=\"kohv\" width=\"150\" height=\"150\" \/><br \/>\n<\/strong>kl 18.30 LS,\u00a0<span style=\"color: #ff0000;\"><strong>UUS!<\/strong><\/span> <strong>Muraste kohviklubi- avatud k\u00fclaseltsi juhatuse koosolek<\/strong><br \/>\nkl 18.15 KL, <strong><a style=\"color: #000000;\" href=\"https:\/\/muraste.ee\/vana\/?p=5969\" target=\"_blank\">MUDELISMIRING<\/a><\/strong> edasij\u00f5udnutele. Juhendab Andres Madissoo<br \/>\n<\/span><\/span><\/span><span style=\"color: #99cc00;\"><span style=\"color: #339966;\"><span style=\"color: #000000;\">kl 17.45 SP,\u00a0Judoklubi \u201cAitado\u201d\u00a0<strong>Judo<\/strong>\u00a0(edasij\u00f5udnud. \u00a0(www.aitado.ee, treener Edward, tel 58053039)<br \/>\n<\/span><\/span><\/span>kl 18 PS,\u00a0<strong><a href=\"https:\/\/muraste.ee\/vana\/?p=6090\" target=\"_blank\">Line-tants<\/a>!<\/strong>\u00a0<strong>K\u00f5ik uued ja senised tantsijad on oodatud!<img decoding=\"async\" loading=\"lazy\" class=\"size-medium wp-image-6091 alignleft\" src=\"https:\/\/muraste.ee\/vana\/wp-content\/uploads\/2018\/10\/line-300x199.jpg\" alt=\"line\" width=\"300\" height=\"199\" srcset=\"https:\/\/muraste.ee\/vana\/wp-content\/uploads\/2018\/10\/line-300x199.jpg 300w, https:\/\/muraste.ee\/vana\/wp-content\/uploads\/2018\/10\/line-768x510.jpg 768w, https:\/\/muraste.ee\/vana\/wp-content\/uploads\/2018\/10\/line-624x415.jpg 624w, https:\/\/muraste.ee\/vana\/wp-content\/uploads\/2018\/10\/line.jpg 960w\" sizes=\"(max-width: 300px) 100vw, 300px\" \/><br \/>\n<\/strong>kl 19 KL, \u00a0<strong>Inglise keele kursus<\/strong>\u00a0(algtase A2) uuesti alustajatele ja algajatele. Lisainfo \u00a0juhendajalt tel 56575575 v\u00f5i marethein@gmail.com (Maret Hein).<br \/>\nkl 19.30 PS, <strong>Harku Harakad<\/strong> tanstuproov<br \/>\nkl 19.30 SP, <strong>\u00dcldkehalise ettevalmistuse treening.\u00a0<\/strong>Lisainfo:\u00a0<a href=\"http:\/\/motokrossipisik.eu\/saalitrennid\/\" target=\"_blank\" rel=\"noopener nofollow\" data-ft=\"{&quot;tn&quot;:&quot;-U&quot;}\" data-lynx-mode=\"async\" data-lynx-uri=\"https:\/\/l.facebook.com\/l.php?u=http%3A%2F%2Fmotokrossipisik.eu%2Fsaalitrennid%2F&amp;h=ATMtTHYPByHFd3Ejb-M_bw3_McwWuVo6SD2thhdIQy0F3YVpA_h8WkckKLGErB5uFSUlktLr926FwJ0TEtQ-jB1FBraRjZFjM3beY2s_WKOJD6YfrxE6Mt1hjwfw9ksYAGjgdHZC18BIeDnAuwSsYczTILfnnMLOzQF24cH3R6VS26raqEtS2BUg7_WQqbEtEpxp1xS_pyotI8RQyh4c32tfhGm_t2n7ldi5cdnf0XZ3A7pBLlADRaD37BfrOmuJ2do5HhcLCgaUhRx9NIHS07XqH95qhCVLIPfFZlqnktc\">http:\/\/motokrossipisik.eu\/saalitrennid\/<\/a>, hannes@motokrossipisik.ee, telefon 5296556<\/p>\n<div id=\"js_bfj\" class=\"_5pbx userContent _3576\" data-ad-preview=\"message\" data-ft=\"{&quot;tn&quot;:&quot;K&quot;}\">\n<p><span style=\"color: #339966;\"><strong>Neljap\u00e4ev, 6. detsember<\/strong><\/span><em><br \/>\n<\/em>kl 13.40 \u2013 (18.15) KO, <strong>Triinu laulustuudio<\/strong><strong><br \/>\n<\/strong>kl\u00a019.00\u00a0KO,\u00a0<strong>Inglise keele\u00a0kursus<\/strong> edasij\u00f5udnutele\u00a0(eel-kesktase B 1.1) \u00a0Lisainfo \u00a0juhendajalt tel 56575575 v\u00f5i marethein@gmail.com (Maret Hein).<br \/>\nkl 18.00 AT, \u00a0<strong><span style=\"color: #ff0000;\">UUS!<\/span> <\/strong>\u00a0<strong>loeng<\/strong> <strong>&#8220;Latentsi (6-11 a) &#8211; ja teismeliseea areng ja ise\u00e4rasused\u201c.\u00a0<\/strong><em>Loeng puudutab 6- 14 aasta vanuse lapse arengut ning annab v\u00f5imaluse paremini m\u00f5ista ja m\u00e4\u00e4ratleda oma last sel arenguperioodil. Loengut viib l\u00e4bi ps\u00fchhoanal\u00fc\u00fctik ja &#8211; terapeut Edith Herkel. (\u00dcritus kestab 1,5- kuni 2 tundi).<br \/>\n<\/em>kl 17.30\u00a0KO, <strong>Naiskodukaitse <\/strong>huvitegevus<em><br \/>\n<\/em>kl 18.30-20.30 PS, <strong>Rahvatantsur\u00fchma proov<\/strong><em><br \/>\n<\/em>kl 18.30 LS, <strong>N\u00c4ITERING + j\u00f5ulu\u00f5htu, <\/strong>juhendab Anne Veesaar.<\/p>\n<p><span style=\"color: #ff9900;\"><strong style=\"color: #339966; font-size: 1rem;\"><span style=\"color: #339966;\">Reede, 7. detsember<\/span><br \/>\n<\/strong><\/span>kl 15 AT,\u00a0\u00a0<strong>UUS!<\/strong> \u00a0<strong>Showtants &amp; cheerleading<\/strong>. Lisainfo bron@prodance.ee, tel 55577821<br \/>\nkl 17.45 SP,\u00a0<strong>Judoklubi \u201cAitado\u201d\u00a0Judo<\/strong>\u00a0(edasij\u00f5udnud. \u00a0(www.aitado.ee, treener Edward, tel 58053039)<br \/>\nkl 16 AT, <span style=\"color: #ff0000;\"><strong>UUS!<\/strong> <\/span><strong>Muraste kooli j\u00f5ululaat<\/strong><\/p>\n<p><strong><span style=\"color: #339966;\">P\u00fchap\u00e4ev, 9. detsember<\/span><\/strong><br \/>\n<span style=\"color: #ff0000;\"><strong>L\u00c4HME LAADALE! \u00a0<span style=\"color: #000000;\">kl 12-15\u00a0<\/span><\/strong><\/span>Ha<strong>rku valla J\u00f5ululaat V\u00e4\u00e4na m\u00f5isa tall-t\u00f5llakuuris \u00a0<a href=\"https:\/\/muraste.ee\/vana\/wp-content\/uploads\/2016\/03\/laat-2.jpg\" rel=\"attachment wp-att-6544\"><img decoding=\"async\" loading=\"lazy\" class=\"wp-image-6544 aligncenter\" src=\"https:\/\/muraste.ee\/vana\/wp-content\/uploads\/2016\/03\/laat-2-300x189.jpg\" alt=\"laat\" width=\"410\" height=\"258\" srcset=\"https:\/\/muraste.ee\/vana\/wp-content\/uploads\/2016\/03\/laat-2-300x189.jpg 300w, https:\/\/muraste.ee\/vana\/wp-content\/uploads\/2016\/03\/laat-2-768x483.jpg 768w, https:\/\/muraste.ee\/vana\/wp-content\/uploads\/2016\/03\/laat-2-624x393.jpg 624w, https:\/\/muraste.ee\/vana\/wp-content\/uploads\/2016\/03\/laat-2.jpg 960w\" sizes=\"(max-width: 410px) 100vw, 410px\" \/><\/a><\/strong><\/p>\n<p><strong><span style=\"color: #339966;\">TULEKUL<\/span><\/strong><\/p>\n<\/div>\n<\/div>\n<ul>\n<li>\n<ul>\n<li>L\u00c4HITULEVIKU MURASTE\u00a0FILMIPROGRAMM ON N\u00c4HTAV <a href=\"https:\/\/muraste.ee\/vana\/?page_id=774\" target=\"_blank\">SIIN<\/a><\/li>\n<li><span style=\"font-size: 1rem;\">\u00a021. detsember: uus Eesti film lastele\u00a0<\/span><a href=\"https:\/\/www.youtube.com\/watch?v=pxPlRUKYxes\" target=\"_blank\">EIA J\u00d5ULUD TONDIKAKUL<\/a><\/li>\n<li>16. detsember taidlejate j\u00f5ulukontsert (info tulekul)<\/li>\n<\/ul>\n<\/li>\n<\/ul>\n<p><span style=\"color: #333333;\"><strong><span style=\"color: #339966;\">KAUNIS HETK<\/span><a href=\"https:\/\/muraste.ee\/vana\/wp-content\/uploads\/2016\/03\/Maie.jpg\" rel=\"attachment wp-att-6538\"><img decoding=\"async\" loading=\"lazy\" class=\"size-medium wp-image-6538 alignright\" src=\"https:\/\/muraste.ee\/vana\/wp-content\/uploads\/2016\/03\/Maie-300x200.jpg\" alt=\"Maie\" width=\"300\" height=\"200\" srcset=\"https:\/\/muraste.ee\/vana\/wp-content\/uploads\/2016\/03\/Maie-300x200.jpg 300w, https:\/\/muraste.ee\/vana\/wp-content\/uploads\/2016\/03\/Maie-768x512.jpg 768w, https:\/\/muraste.ee\/vana\/wp-content\/uploads\/2016\/03\/Maie-624x416.jpg 624w, https:\/\/muraste.ee\/vana\/wp-content\/uploads\/2016\/03\/Maie.jpg 960w\" sizes=\"(max-width: 300px) 100vw, 300px\" \/><\/a><\/strong><\/span><\/p>\n<p><span style=\"color: #333333;\"><em>Taas on toredaid emotsioone, mida jagada. M\u00e4letatatavasti kuulutasid Harku vald ja O\u00dc Strantum hiljaaegu v\u00e4lja konkursi leidmaks nime Rannam\u00f5isa vastvalminud kaunile tavandimajale.<br \/>\nKonkursi v\u00f5itis supervahva, alati positiivne, abivalmis, s\u00e4rav ja koduk\u00fclast hooliv murastelane Maie Varter. Just tema ettepanekul hakkab Rannam\u00f5isa tavandimaja kandma nime &#8220;Helin&#8221;.<br \/>\nKauneid helinaid Helinasse!<br \/>\nFoto: Harku vald<\/em><\/span><\/p>\n<p><span style=\"color: #000000;\"><strong style=\"font-size: 1rem; color: #339966;\">T\u00c4NAME<\/strong><\/span><\/p>\n<p>M\u00f6\u00f6dunud n\u00e4dalasse mahtus \u00a0\u00fcks tore r\u00f5\u00f5mukild: Muraste tehti pai Harku valla tegusamatele vabatahtlikele.\u00a0Kummardus ja kiitus Harku valla(valitsuse)le \u2013 teie igak\u00fclgne toetus oli n\u00e4htav ja tuntav. Tuhat t\u00e4nu kogu korraldusmeeskonnale \u2013 miski pole v\u00f5imatu, kui seda tahta! Seekordse <em>dream-teami<\/em>liikmetena tooksin v\u00e4lja Evelin Tiiriku, Liisa Oviiri, Evar Ojasaare, Katre Kuusiku ja Katrin Pebsen-Zachrau; peo eel ja j\u00e4rel oli abik\u00e4si m\u00f5istagi rohkem \u2013 k\u00f5ik abivalmilt tublid ja tegusad! Ait\u00e4h! \u00a0Rohkem saab lugeda <a href=\"https:\/\/muraste.ee\/vana\/?p=6297\" target=\"_blank\">SIIT<\/a>\u00a0ning pilte vaadata<a href=\"http:\/\/bit.ly\/ait\u00e4hvabatahtlik\" target=\"_blank\"> SIIT<\/a><\/p>\n<p><span style=\"color: #339966;\"><strong>N\u00c4ITUS SAADAVAL!\u00a0<a href=\"https:\/\/muraste.ee\/vana\/wp-content\/uploads\/2016\/03\/n\u00e4itus-1.jpg\" rel=\"attachment wp-att-6541\"><img decoding=\"async\" loading=\"lazy\" class=\"size-medium wp-image-6541 alignright\" src=\"https:\/\/muraste.ee\/vana\/wp-content\/uploads\/2016\/03\/n\u00e4itus-1-300x169.jpg\" alt=\"n\u00e4itus\" width=\"300\" height=\"169\" srcset=\"https:\/\/muraste.ee\/vana\/wp-content\/uploads\/2016\/03\/n\u00e4itus-1-300x169.jpg 300w, https:\/\/muraste.ee\/vana\/wp-content\/uploads\/2016\/03\/n\u00e4itus-1-768x432.jpg 768w, https:\/\/muraste.ee\/vana\/wp-content\/uploads\/2016\/03\/n\u00e4itus-1-624x351.jpg 624w, https:\/\/muraste.ee\/vana\/wp-content\/uploads\/2016\/03\/n\u00e4itus-1-128x72.jpg 128w, https:\/\/muraste.ee\/vana\/wp-content\/uploads\/2016\/03\/n\u00e4itus-1.jpg 960w\" sizes=\"(max-width: 300px) 100vw, 300px\" \/><\/a><\/strong><\/span><\/p>\n<\/header>\n<div class=\"entry-content\">\n<p>Kui kellelgi on soovi oma ruumides eksponeerida n\u00e4itust\u00a0\u00a0\u201c<strong><a href=\"https:\/\/muraste.ee\/vana\/?p=5228\" target=\"_blank\">Tuulepealne maa \u2013 siin on sinu kodu<\/a><\/strong>\u201d siis andke endast teada kogukonnakeskus@muraste.ee. N\u00e4itus koosneb 10st roll-up stendist.<\/p>\n<p><em>Tore teade: meie postern\u00e4itus \u201eTuultepealne maa \u2013 siin on Sinu kodu\u201c l\u00e4ks esmakordselt r\u00e4ndama ning on Kuresaare Kultuurikeskuses vaatamiseks kuni selle aasta l\u00f5puni. Imeliste fotode autor on Suurupi noormees Johan Boeijkens ning n\u00e4itus valmis kingituseks Eesti Vabariigi s\u00fcnnip\u00e4evaks. N\u00e4ituse k\u00fcllamineku v\u00f5imaluse organiseerisid murastelased \u00d5ie \u00d5ll ja Lemit Michelson fotostuudiost Akriibia. Saarlased ja Kuressaare k\u00fclalised &#8211; head nautimist!<\/em><\/p>\n<p><strong style=\"color: #3366ff; font-size: 1rem;\">TEADETETAHVEL<\/strong><\/p>\n<p><span style=\"color: #3366ff;\"><a style=\"color: #3366ff;\" href=\"https:\/\/muraste.ee\/vana\/wp-content\/uploads\/2016\/03\/stend.jpg\" rel=\"attachment wp-att-3740\"><img decoding=\"async\" loading=\"lazy\" class=\"size-medium wp-image-3740 alignright\" src=\"https:\/\/muraste.ee\/vana\/wp-content\/uploads\/2016\/03\/stend-300x224.jpg\" sizes=\"(max-width: 300px) 100vw, 300px\" srcset=\"https:\/\/muraste.ee\/vana\/wp-content\/uploads\/2016\/03\/stend-300x224.jpg 300w, https:\/\/muraste.ee\/vana\/wp-content\/uploads\/2016\/03\/stend-768x572.jpg 768w, https:\/\/muraste.ee\/vana\/wp-content\/uploads\/2016\/03\/stend-1024x763.jpg 1024w, https:\/\/muraste.ee\/vana\/wp-content\/uploads\/2016\/03\/stend-624x465.jpg 624w, https:\/\/muraste.ee\/vana\/wp-content\/uploads\/2016\/03\/stend.jpg 1300w\" alt=\"stend\" width=\"300\" height=\"224\" \/><\/a><\/span><\/p>\n<\/div>\n<header class=\"entry-header\">\n<div class=\"entry-content\">\n<div class=\"_1mf _1mj\" data-offset-key=\"cki46-0-0\">\n<div class=\"_1mf _1mj\" data-offset-key=\"cki46-0-0\"><strong><br \/>\nSoovid avaldada oma reklaami<\/strong>\u00a0meie infokanalites? Juhised on\u00a0<strong>siin<\/strong>!<\/div>\n<div class=\"_1mf _1mj\" data-offset-key=\"cki46-0-0\"><strong>Soovid kasutada<\/strong>\u00a0m\u00f5nd Muraste k\u00fclaseltsi poolt pakutavat<strong>\u00a0teenust<\/strong>? V\u00f5imalused on<strong>\u00a0siin!<\/strong><\/div>\n<div class=\"_1mf _1mj\" data-offset-key=\"cki46-0-0\"><\/div>\n<div class=\"_1mf _1mj\" data-offset-key=\"cki46-0-0\"><\/div>\n<p><strong>Teadmiseks:\u00a0<\/strong>Muraste igan\u00e4dalase e-infokirjaga liitumiseks saada sellekohane teade muraste@muraste.ee<br \/>\n<strong>Muraste kogukonnakeskus\u00a0<\/strong>(Lee tee 9, Muraste) avatud E-N 10 -18, R 10-16.<br \/>\n<strong>T\u00e4psustused ja info:<\/strong>\u00a0kogukonnakeskus@muraste.ee;\u00a05253128 (Aule Kikas).<\/p>\n<\/div>\n<\/div>\n<\/header>\n<\/div>\n","protected":false},"excerpt":{"rendered":"<p>N\u00c4DAL 49 MURASTES 3. &#8211; 9.\u00a0detsember 2018\u00a0* \u00a0 * AT- koolimaja aatrium, SP- spordihoone; KO-kogukonnakeskus; \u00a0 KL- klassiruum; PS &#8211; peegelsaal; SS- s\u00f6\u00f6gisaal, LS- lavasaal, MR- meediaruum Kaanefoto: P\u00fchap\u00e4eval, 2. detsembril\u00a0\u00a0kuulutasid j\u00f5ulurahu ning s\u00fc\u00fctasid esimese advendik\u00fc\u00fcnla Harku vallavanem Erik Sandla ja EELK Rannam\u00f5isa kiriku \u00f5petaja Aare Kimmel. Foto: Harku vald Esmasp\u00e4ev,\u00a03. detsember kl 14.40 KO,\u00a0Fa<a class=\"moretag\" href=\"https:\/\/muraste.ee\/vana\/?page_id=6553\"><br \/>&#8230;Loe edasi<\/a><\/p>\n","protected":false},"author":2,"featured_media":0,"parent":0,"menu_order":0,"comment_status":"closed","ping_status":"closed","template":"nadalakava.php","meta":{"_bbp_topic_count":0,"_bbp_reply_count":0,"_bbp_total_topic_count":0,"_bbp_total_reply_count":0,"_bbp_voice_count":0,"_bbp_anonymous_reply_count":0,"_bbp_topic_count_hidden":0,"_bbp_reply_count_hidden":0,"_bbp_forum_subforum_count":0,"_mc_calendar":[]},"_links":{"self":[{"href":"https:\/\/muraste.ee\/vana\/index.php?rest_route=\/wp\/v2\/pages\/6553"}],"collection":[{"href":"https:\/\/muraste.ee\/vana\/index.php?rest_route=\/wp\/v2\/pages"}],"about":[{"href":"https:\/\/muraste.ee\/vana\/index.php?rest_route=\/wp\/v2\/types\/page"}],"author":[{"embeddable":true,"href":"https:\/\/muraste.ee\/vana\/index.php?rest_route=\/wp\/v2\/users\/2"}],"replies":[{"embeddable":true,"href":"https:\/\/muraste.ee\/vana\/index.php?rest_route=%2Fwp%2Fv2%2Fcomments&post=6553"}],"version-history":[{"count":1,"href":"https:\/\/muraste.ee\/vana\/index.php?rest_route=\/wp\/v2\/pages\/6553\/revisions"}],"predecessor-version":[{"id":6555,"href":"https:\/\/muraste.ee\/vana\/index.php?rest_route=\/wp\/v2\/pages\/6553\/revisions\/6555"}],"wp:attachment":[{"href":"https:\/\/muraste.ee\/vana\/index.php?rest_route=%2Fwp%2Fv2%2Fmedia&parent=6553"}],"curies":[{"name":"wp","href":"https:\/\/api.w.org\/{rel}","templated":true}]}}