{"id":7249,"date":"2019-05-16T09:12:54","date_gmt":"2019-05-16T06:12:54","guid":{"rendered":"https:\/\/muraste.ee\/vana\/?page_id=7249"},"modified":"2019-05-16T09:12:54","modified_gmt":"2019-05-16T06:12:54","slug":"nadal-18-3","status":"publish","type":"page","link":"https:\/\/muraste.ee\/vana\/?page_id=7249","title":{"rendered":"N\u00e4dal 18"},"content":{"rendered":"<h1 class=\"entry-title\" style=\"text-align: center;\"><span style=\"color: #339966;\">N\u00e4dal 18 Murastes<br \/>\n6.- 12. aprill\u00a02019<\/span><\/h1>\n<div class=\"entry-content\" style=\"text-align: left;\">\n<header class=\"entry-header\">\n<div class=\"entry-content\">\n<div id=\"js_bfj\" class=\"_5pbx userContent _3576\" data-ad-preview=\"message\" data-ft=\"{&quot;tn&quot;:&quot;K&quot;}\">\n<div class=\"entry-content\">\n<p><em>* AT- koolimaja aatrium, SP- spordihoone; KO-kogukonnakeskus; \u00a0 KL- klassiruum; PS \u2013 peegelsaal; SS- s\u00f6\u00f6gisaal, LS- lavasaal, MR- meediaruum<\/em><\/p>\n<p><strong><span style=\"color: #ff6600;\"><span style=\"color: #3366ff;\"><span style=\"color: #339966;\">Esmasp\u00e4ev, 6. mai\u00a0<a href=\"https:\/\/muraste.ee\/vana\/wp-content\/uploads\/2016\/03\/joogafinal.jpg\" rel=\"attachment wp-att-7242\"><img decoding=\"async\" loading=\"lazy\" class=\"size-medium wp-image-7242 alignright\" src=\"https:\/\/muraste.ee\/vana\/wp-content\/uploads\/2016\/03\/joogafinal-300x212.jpg\" alt=\"joogafinal!\" width=\"300\" height=\"212\" srcset=\"https:\/\/muraste.ee\/vana\/wp-content\/uploads\/2016\/03\/joogafinal-300x212.jpg 300w, https:\/\/muraste.ee\/vana\/wp-content\/uploads\/2016\/03\/joogafinal-768x543.jpg 768w, https:\/\/muraste.ee\/vana\/wp-content\/uploads\/2016\/03\/joogafinal-1024x724.jpg 1024w, https:\/\/muraste.ee\/vana\/wp-content\/uploads\/2016\/03\/joogafinal-624x441.jpg 624w\" sizes=\"(max-width: 300px) 100vw, 300px\" \/><\/a><\/span><\/span><span style=\"color: #ff99cc;\"><br \/>\n<\/span><\/span><\/strong>kl 14.40 KO,\u00a0<strong>Fa Stuudio kandlering<\/strong> (lapsed, algajad)<br \/>\nkl 16.15 SP,\u00a0<strong>Judoklubi \u201cAitado\u201d\u00a0Judo<\/strong>\u00a0(alustajad ja uuesti alustajad). \u00a0(www.aitado.ee, Edward, tel 58053039)<br \/>\nkl 17.30 KO, <strong>V\u00e4ikekandleansambel LiULi <\/strong><em>(p\u00f5hikoosseis)<br \/>\n<\/em>kl 17.45 SP,\u00a0<strong>Judoklubi \u201cAitado\u201d\u00a0Judo<\/strong>\u00a0(edasij\u00f5udnud. \u00a0(www.aitado.ee, treener Edward, tel 58053039)<br \/>\nkl 19 AT, \u00a0<strong>Suurupi naiskoor Meretule proov<\/strong><em><br \/>\n<\/em>kl 19 KO, <strong>V\u00e4ikekandleansambel LiULi<\/strong> \u00a0<em>(t\u00e4iskasvanud, algajate grupp, \u00fcle n\u00e4dala)<br \/>\nkl 19 PS,\u00a0<strong><span style=\"color: #ff0000;\">\u00a0<\/span>JOOGA igal esmasp\u00e4eval<br \/>\n<span style=\"color: #ff0000;\">kl 18 KO, UUS!<\/span> Kandletund algatajele!<\/strong><\/em><\/p>\n<p><span style=\"color: #ff0000;\"><strong><em>OLULINE TEADE!\u00a0<a href=\"https:\/\/muraste.ee\/vana\/wp-content\/uploads\/2016\/03\/kannel-1.jpg\" rel=\"attachment wp-att-7239\"><img decoding=\"async\" loading=\"lazy\" class=\"size-medium wp-image-7239 alignright\" src=\"https:\/\/muraste.ee\/vana\/wp-content\/uploads\/2016\/03\/kannel-1-300x168.jpg\" alt=\"kannel\" width=\"300\" height=\"168\" srcset=\"https:\/\/muraste.ee\/vana\/wp-content\/uploads\/2016\/03\/kannel-1-300x168.jpg 300w, https:\/\/muraste.ee\/vana\/wp-content\/uploads\/2016\/03\/kannel-1-128x72.jpg 128w, https:\/\/muraste.ee\/vana\/wp-content\/uploads\/2016\/03\/kannel-1.jpg 526w\" sizes=\"(max-width: 300px) 100vw, 300px\" \/><\/a><br \/>\n<\/em><\/strong><\/span>Kellel on olemas v\u00e4ikekannel, kuid ei oska m\u00e4ngida? Kes tahaks m\u00e4ngida, aga pole veel pilli?<br \/>\nMeie majas toimetab juba mitmeid aastaid helisid v\u00f5luv v\u00e4ikekandleansambel LiULi, andes ohtralt inspiratsiooni rahvamuusikaga tegelemiseks. Suur r\u00f5\u00f5m on, et nende juhendaja Kadri M\u00e4gi alustab n\u00fc\u00fcd kandletundidega t\u00e4iesti algajatele.<br \/>\nKursuse toimumise ajad kell 18-20.<br \/>\n6. mai, 17. mai, 22. mai, 3. juuni, 13. juuni.<br \/>\nKursuse hind on 65.-. Osalema on oodatud ka need, kel hetkel veel oma kannelt ei ole, kuid tahaksid juba \u00f5ppida m\u00e4ngima (s\u00fcgisel teeme kindlasti \u00fche kandlemeisterdamise kursuse veel), seniks saate pilli kohapeal kasutada.<\/p>\n<div class=\"text_exposed_show\">\n<p><strong style=\"font-size: 1rem;\"><span style=\"color: #0000ff;\"><span style=\"color: #3366ff;\"><span style=\"color: #339966;\">Teisip\u00e4ev, 7. mai<\/span><\/span><\/span><\/strong><\/p>\n<\/div>\n<p>kl 14.40 KO, Fa Stuudio <strong>fl\u00f6\u00f6diring<br \/>\n<\/strong>kl 18.30 KL,\u00a0<strong>Inglise keele kursus \u00a0<\/strong>(kesktase B 1.2).\u00a0Lisainfo \u00a0juhendajalt tel 56575575 v\u00f5i marethein@gmail.com (Maret Hein).<br \/>\nkl 19.00 SP, <span style=\"color: #ff0000;\"><strong>UUS AEG!<\/strong><\/span>\u00a0<strong>V\u00f5rkpall. <\/strong><em>Uued m\u00e4ngijad oodatd!<strong><br \/>\n<\/strong><\/em>kl 18.30 PS, <strong>Seltskonnatantsu algkursus<br \/>\n<\/strong>kl 19.45 PS,\u00a0<strong>Seltskonnatantsude harjutustund<\/strong>\u2013 v\u00f5imalus \u00f5pitut kinnistada ja toredas seltskonnas jalga keerutada.<br \/>\n<strong><span style=\"color: #339966;\"><br \/>\nKolmap\u00e4ev, 8. mai<br \/>\n<\/span><\/strong>kl 14.40 KO, Fa Stuudio <strong>kandlering<\/strong> (lapsed, edasij\u00f5udnud)<br \/>\nkl 15 PS,\u00a0<strong>Showtants &amp; cheerleading<\/strong>. Lisainfo bron@prodance.ee, tel 55577821<br \/>\nkl 16.15 SP,\u00a0Judoklubi \u201cAitado\u201d\u00a0<strong>Judo<\/strong>\u00a0(alustajad ja uuesti alustajad). \u00a0(www.aitado.ee, Edward, tel 58053039)\u00a0NB! 7-9 aastased spordis\u00f5brad, veel on vabu kohti treeningr\u00fchmaga liitumiseks!<br \/>\nkl 17 KL, <strong><a href=\"https:\/\/muraste.ee\/vana\/?p=5969\" target=\"_blank\">MUDELISMIRING<\/a> <\/strong>algajatele. Juhendab Andres Madissoo<br \/>\nkl 18 KL, <strong><span style=\"color: #339966;\"><a style=\"color: #339966;\" href=\"https:\/\/muraste.ee\/vana\/?p=6938\" target=\"_blank\">Gordoni perekool<\/a>;<\/span><br \/>\n<\/strong>kl 18.15 KL, <strong><a href=\"https:\/\/muraste.ee\/vana\/?p=5969\" target=\"_blank\">MUDELISMIRING<\/a><\/strong> edasij\u00f5udnutele. Juhendab Andres Madissoo<br \/>\nkl 17.45 SP,\u00a0Judoklubi \u201cAitado\u201d\u00a0<strong>Judo<\/strong>\u00a0(edasij\u00f5udnud. \u00a0(www.aitado.ee, treener Edward, tel 58053039)<br \/>\nkl 18 PS,\u00a0<strong><a href=\"https:\/\/muraste.ee\/vana\/?p=6090\" target=\"_blank\">Line-tants<\/a>!\u00a0<\/strong><strong>NB!\u00a0<\/strong><strong>K\u00f5ik uued ja senised tantsijad on oodatud!<br \/>\n<\/strong>kl 19 KL, \u00a0<strong>Inglise keele kursus<\/strong>\u00a0(algtase A2) uuesti alustajatele ja algajatele. Lisainfo \u00a0juhendajalt tel 56575575 v\u00f5i marethein@gmail.com (Maret Hein).<br \/>\nkl 19.30 SP,\u00a0<strong>\u00dcldkehalise ettevalmistuse treening.\u00a0<\/strong>Lisainfo:\u00a0<a href=\"http:\/\/motokrossipisik.eu\/saalitrennid\/\" target=\"_blank\" rel=\"noopener nofollow\" data-ft=\"{&quot;tn&quot;:&quot;-U&quot;}\" data-lynx-mode=\"async\" data-lynx-uri=\"https:\/\/l.facebook.com\/l.php?u=http%3A%2F%2Fmotokrossipisik.eu%2Fsaalitrennid%2F&amp;h=ATMtTHYPByHFd3Ejb-M_bw3_McwWuVo6SD2thhdIQy0F3YVpA_h8WkckKLGErB5uFSUlktLr926FwJ0TEtQ-jB1FBraRjZFjM3beY2s_WKOJD6YfrxE6Mt1hjwfw9ksYAGjgdHZC18BIeDnAuwSsYczTILfnnMLOzQF24cH3R6VS26raqEtS2BUg7_WQqbEtEpxp1xS_pyotI8RQyh4c32tfhGm_t2n7ldi5cdnf0XZ3A7pBLlADRaD37BfrOmuJ2do5HhcLCgaUhRx9NIHS07XqH95qhCVLIPfFZlqnktc\">http:\/\/motokrossipisik.eu\/saalitrennid\/<\/a>, hannes@motokrossipisik.ee, telefon 5296556<\/p>\n<\/div>\n<div class=\"entry-content\">\n<header class=\"entry-header\">\n<div class=\"entry-content\">\n<div id=\"js_bfj\" class=\"_5pbx userContent _3576\" data-ad-preview=\"message\" data-ft=\"{&quot;tn&quot;:&quot;K&quot;}\">\n<p><span style=\"color: #339966;\"><strong>Neljap\u00e4ev, 9. mai<\/strong><\/span><em><br \/>\n<\/em>kl 13.40 \u2013 (18.15) KO, <strong>Triinu laulustuudio <\/strong>(juhendab Anett Vaikmaa)<strong><br \/>\n<\/strong>kl\u00a019.00\u00a0KO,\u00a0<strong>Inglise keele\u00a0kursus<\/strong> edasij\u00f5udnutele\u00a0(eel-kesktase B 1.1) \u00a0Lisainfo \u00a0juhendajalt tel 56575575 v\u00f5i marethein@gmail.com (Maret Hein).<br \/>\nkl 18.30 AT, <strong>N\u00c4ITERING, <\/strong>juhendab Anne Veesaar.<br \/>\nkl 19 PS, <strong><span style=\"color: #ff0000;\">UUS! <\/span>JOOGA.\u00a0<em>Loe t\u00e4psemalt <span style=\"color: #ff0000;\"><a style=\"color: #ff0000;\" href=\"https:\/\/muraste.ee\/vana\/?p=6961\" target=\"_blank\">SIIT<\/a><\/span>!<br \/>\n<\/em><\/strong><\/p>\n<p><strong><span style=\"color: #339966;\">Reede, 10. mai<\/span><\/strong><br \/>\nkl 15 PS,\u00a0<strong>Showtants &amp; cheerleading<\/strong>. Lisainfo bron@prodance.ee, tel 55577821<br \/>\nkl 17.45 SP,\u00a0<strong>Judoklubi \u201cAitado\u201d\u00a0Judo<\/strong>\u00a0(edasij\u00f5udnud. \u00a0(www.aitado.ee, treener Edward, tel 58053039)<\/p>\n<p><span style=\"color: #339966;\"><strong>LAUP\u00c4EV, 11. mai<img decoding=\"async\" loading=\"lazy\" class=\"wp-image-7034 size-medium alignright\" src=\"https:\/\/muraste.ee\/vana\/wp-content\/uploads\/2016\/03\/Vaarik-plakat-208x300.jpg\" alt=\"Vaarik plakat\" width=\"208\" height=\"300\" srcset=\"https:\/\/muraste.ee\/vana\/wp-content\/uploads\/2016\/03\/Vaarik-plakat-208x300.jpg 208w, https:\/\/muraste.ee\/vana\/wp-content\/uploads\/2016\/03\/Vaarik-plakat-768x1107.jpg 768w, https:\/\/muraste.ee\/vana\/wp-content\/uploads\/2016\/03\/Vaarik-plakat-710x1024.jpg 710w, https:\/\/muraste.ee\/vana\/wp-content\/uploads\/2016\/03\/Vaarik-plakat-624x900.jpg 624w, https:\/\/muraste.ee\/vana\/wp-content\/uploads\/2016\/03\/Vaarik-plakat.jpg 1000w\" sizes=\"(max-width: 208px) 100vw, 208px\" \/><br \/>\n<\/strong><\/span>L, 11. mai kell 19 AT,<strong><span style=\"color: #ff0000;\"> UUS!<\/span> <\/strong>Kom\u00f6\u00f6diateater Andrus Vaariku monoetendusega <strong>&#8220;Elu on parim meelelahutus (p\u00e4rast surma j\u00f5uab mossitada k\u00fcll)\u201c \u00a0<\/strong>on Andrus Vaariku enda poolt loodud ja\u00a0esitatud lugu, mis vaatleb inimelu l\u00e4bi huumoriprisma. &amp;quot;Mul pole tegelikult midagi karta ja miks mitte k\u00f5igest\u00a0avameelselt ja valeh\u00e4bita r\u00e4\u00e4kida. Me oleme siin maailmas ju esimest korda ja me ei tea ise ka, mida ja kuidas\u00a0teha. Ma olen esimest korda eestlane, esimest korda olen ma isa. Ma pole harjutada saanud. Ma kirjutan oma elu\u00a0\u00fche jutiga puhtandina valmis. Aga see ei t\u00e4henda, et elu ei v\u00f5iks l\u00f5bus olla. Elu on parim meelelahutus! P\u00e4rast\u00a0surma j\u00f5uab mossitada k\u00fcll.\u201c See ei ole valmis tekstiga etendus, vaid s\u00fcnnib igal \u00f5htul uuesti. Publikul on\u00a0v\u00f5imalik n\u00e4itlejaga kaasa r\u00e4\u00e4kida ja k\u00fcsimusi esitada, mis toob ootamatuid p\u00f6\u00f6rdeid ja l\u00f5pptulemus on alati\u00a0erinev. Nalja saab muidugi ka, nagu alati Vaariku puhul \u2013 hoolimata sellest, et ta seekord Ivan Oravana rahva\u00a0ette ei astu.<br \/>\nPilet: 16.- \/14.- (\u00f5pilased, seeniorid) saadaval Piletilevis ja Muraste kogukonnakeskuses ning 1 h enne etenduse algus Muraste koolimajas.<\/p>\n<\/div>\n<\/div>\n<\/header>\n<div class=\"entry-content\">\n<div id=\"js_bfj\" class=\"_5pbx userContent _3576\" data-ad-preview=\"message\" data-ft=\"{&quot;tn&quot;:&quot;K&quot;}\">\n<p><span style=\"color: #993366;\"><strong>TULEKUL<\/strong><\/span><\/p>\n<p>T, 21. mai kell 18 AT, <strong>Fa Stuudio kevdkontsert<\/strong><br \/>\n<a href=\"https:\/\/muraste.ee\/vana\/wp-content\/uploads\/2016\/03\/fastuudio-1.jpg\" rel=\"attachment wp-att-7247\"><img decoding=\"async\" loading=\"lazy\" class=\"alignnone size-full wp-image-7247\" src=\"https:\/\/muraste.ee\/vana\/wp-content\/uploads\/2016\/03\/fastuudio-1.jpg\" alt=\"fastuudio\" width=\"678\" height=\"960\" srcset=\"https:\/\/muraste.ee\/vana\/wp-content\/uploads\/2016\/03\/fastuudio-1.jpg 678w, https:\/\/muraste.ee\/vana\/wp-content\/uploads\/2016\/03\/fastuudio-1-212x300.jpg 212w, https:\/\/muraste.ee\/vana\/wp-content\/uploads\/2016\/03\/fastuudio-1-624x884.jpg 624w\" sizes=\"(max-width: 678px) 100vw, 678px\" \/><\/a><\/p>\n<p>Muraste k\u00fclaseltsi \u00fcldkoosolek (info tulekul)<\/p>\n<p><strong><span style=\"color: #339966;\"><a style=\"color: #339966;\" href=\"https:\/\/muraste.ee\/vana\/?p=6574&amp;fbclid=IwAR2QSQfT4gkgut25GCYcvoQsUVRZZRICU2d_3VrF8B-iaUIHgj-cjAXj-VU\" target=\"_blank\">HOIAME K\u00dcLA PUHTANA!<\/a>\u00a0LOE EDASI <a style=\"color: #339966;\" href=\"https:\/\/muraste.ee\/vana\/?p=6574&amp;fbclid=IwAR2QSQfT4gkgut25GCYcvoQsUVRZZRICU2d_3VrF8B-iaUIHgj-cjAXj-VU\" target=\"_blank\">SIIT<\/a><br \/>\n<\/span><\/strong><\/p>\n<p><span style=\"color: #ff0000;\"><strong>OHTLIKE J\u00c4\u00c4TMETE KOGUMINE 18. mail!<\/strong><\/span><\/p>\n<p>Harku Vallavalitsus annab teada:<br \/>\n&#8220;Ohtlike j\u00e4\u00e4tmete kogumisringil saavad valla elanikud <strong>tasuta<\/strong>\u00e4ra anda majapidamises tekkinud ohtlikud j\u00e4\u00e4tmed nagu kasutatud \u00f5lid, \u00f5li sisaldavad j\u00e4\u00e4tmed, kasutatud akud, v\u00e4rvi-, liimi- ja lakij\u00e4\u00e4tmed, lahustid, m\u00fcrgid ja t\u00f5rjeained, elavh\u00f5bedat sisaldavad j\u00e4\u00e4tmed, raskeid metalle sisaldavad patareid ja v\u00e4ikeakud.<\/p>\n<p>Kogumisringid on m\u00f5eldud ainult eraisikutele, ettev\u00f5tetelt ohtlike j\u00e4\u00e4tmeid vastu ei v\u00f5eta. Eraettev\u00f5tted on kohustatud ise \u00fcle andma oma ohtlikud j\u00e4\u00e4tmed vastavat j\u00e4\u00e4tmeluba omavatele j\u00e4\u00e4tmek\u00e4itlejatele.<\/p>\n<p>Ohtlike j\u00e4\u00e4tmete kogumisringil ei v\u00f5eta vastu vanu elektri- ja elektroonikaseadmeid, eterniiti ning autorehve. Komplektsed elektri- ja elektroonikaseadmed, nagu k\u00fclmkapid, pesumasinad, arvutid, telefonid, raadiod, televiisorid, tolmuimejad jms, saab tasuta v\u00f5i eterniiti vastavalt hinnakirjale \u00fcle anda Harku valla j\u00e4\u00e4tmejaama Kooli tn 5a.<\/p>\n<p>K\u00e4esoleval aastal toimub ohtlike j\u00e4\u00e4tmete kogumisring Harku valla territooriumil <strong>laup\u00e4eval 18. mail<\/strong>, mil auto peatub j\u00e4rgmistes peatuspaikades:<\/p>\n<p>09.30-09.50 Harkuj\u00e4rve bussipeatuse platsil<br \/>\n10.00-10.20 Harku alevikus, Instituudi tee 5<br \/>\n10.50-11.15 Tutermaa tee 7 vastas, korterelamute piirkonnas<br \/>\n11.25-11.50 KumnaKultuuriaida ees, Kivikirsi tee 1<br \/>\n12.20-12.40 V\u00e4\u00e4nas korterelamute esisel platsil, Tiigi tee 12<br \/>\n13.00-13.20 T\u00fcrisalus Tuulimaa ja Veesilma tee ristmikul<br \/>\n13.30-13.50 Keila-Joa Sanatoorse Internaatkooli katlamaja juures<br \/>\n14.10-14.30 V\u00e4\u00e4na-J\u00f5esuu bussipeatuse platsil<br \/>\n<strong>14.45-15.05 Muraste bussipeatuse juures\u00a0<\/strong><br \/>\n<strong>15.15-15.35 Pangapealse lasteaia parklas, Pangapealse tn 2a<\/strong><\/p>\n<h1><a href=\"https:\/\/muraste.ee\/vana\/wp-content\/uploads\/2018\/12\/prygi5.png\" rel=\"attachment wp-att-6581\"><img decoding=\"async\" loading=\"lazy\" class=\"alignnone size-full wp-image-6581\" src=\"https:\/\/muraste.ee\/vana\/wp-content\/uploads\/2018\/12\/prygi5.png\" alt=\"prygi5\" width=\"777\" height=\"437\" srcset=\"https:\/\/muraste.ee\/vana\/wp-content\/uploads\/2018\/12\/prygi5.png 777w, https:\/\/muraste.ee\/vana\/wp-content\/uploads\/2018\/12\/prygi5-300x169.png 300w, https:\/\/muraste.ee\/vana\/wp-content\/uploads\/2018\/12\/prygi5-768x432.png 768w, https:\/\/muraste.ee\/vana\/wp-content\/uploads\/2018\/12\/prygi5-624x351.png 624w, https:\/\/muraste.ee\/vana\/wp-content\/uploads\/2018\/12\/prygi5-128x72.png 128w\" sizes=\"(max-width: 777px) 100vw, 777px\" \/><\/a><\/h1>\n<p><em><strong><span style=\"color: #800080;\"><a href=\"https:\/\/muraste.ee\/vana\/wp-content\/uploads\/2016\/03\/hardi2.jpg\" rel=\"attachment wp-att-7244\"><img decoding=\"async\" loading=\"lazy\" class=\"size-medium wp-image-7244 alignright\" src=\"https:\/\/muraste.ee\/vana\/wp-content\/uploads\/2016\/03\/hardi2-300x199.jpg\" alt=\"hardi2\" width=\"300\" height=\"199\" srcset=\"https:\/\/muraste.ee\/vana\/wp-content\/uploads\/2016\/03\/hardi2-300x199.jpg 300w, https:\/\/muraste.ee\/vana\/wp-content\/uploads\/2016\/03\/hardi2-768x510.jpg 768w, https:\/\/muraste.ee\/vana\/wp-content\/uploads\/2016\/03\/hardi2-624x414.jpg 624w, https:\/\/muraste.ee\/vana\/wp-content\/uploads\/2016\/03\/hardi2.jpg 1000w\" sizes=\"(max-width: 300px) 100vw, 300px\" \/><\/a>PAKKUMISEL T\u00d6\u00d6SUTSAK<\/span><br \/>\n<\/strong><\/em><\/p>\n<div id=\"js_e64\" class=\"_5pbx userContent _3576\" data-testid=\"post_message\" data-ft=\"{&quot;tn&quot;:&quot;K&quot;}\">\n<p>Meie oma k\u00fcla mees Hardi vajab paari tugevat meest appi aiat\u00f6\u00f6\u00f6dele. Kui saad abik\u00e4e ulatada, siis kirjuta otse Hardile -hardivolmer@gmail.com.<br \/>\nAitame filmi-kunsti-muusikameest, eks!<\/p>\n<\/div>\n<div class=\"_3x-2\" data-ft=\"{&quot;tn&quot;:&quot;H&quot;}\"><\/div>\n<p><em><strong><br \/>\n<\/strong><\/em><strong><span style=\"color: #ff6600;\">TEADETETAHVEL<\/span><\/strong><\/p>\n<\/div>\n<\/div>\n<\/div>\n<\/div>\n<\/div>\n<\/header>\n<div class=\"entry-content\">\n<p><span style=\"color: #3366ff;\"><a style=\"color: #3366ff;\" href=\"https:\/\/muraste.ee\/vana\/wp-content\/uploads\/2016\/03\/stend.jpg\" rel=\"attachment wp-att-3740\"><img decoding=\"async\" loading=\"lazy\" class=\"size-medium wp-image-3740 alignright\" src=\"https:\/\/muraste.ee\/vana\/wp-content\/uploads\/2016\/03\/stend-300x224.jpg\" sizes=\"(max-width: 300px) 100vw, 300px\" srcset=\"https:\/\/muraste.ee\/vana\/wp-content\/uploads\/2016\/03\/stend-300x224.jpg 300w, https:\/\/muraste.ee\/vana\/wp-content\/uploads\/2016\/03\/stend-768x572.jpg 768w, https:\/\/muraste.ee\/vana\/wp-content\/uploads\/2016\/03\/stend-1024x763.jpg 1024w, https:\/\/muraste.ee\/vana\/wp-content\/uploads\/2016\/03\/stend-624x465.jpg 624w, https:\/\/muraste.ee\/vana\/wp-content\/uploads\/2016\/03\/stend.jpg 1300w\" alt=\"stend\" width=\"300\" height=\"224\" \/><\/a><\/span><\/p>\n<\/div>\n<header class=\"entry-header\">\n<div class=\"entry-content\">\n<div class=\"_1mf _1mj\" data-offset-key=\"cki46-0-0\">\n<p><strong>Teadmiseks:\u00a0<\/strong>Muraste igan\u00e4dalase e-infokirjaga liitumiseks saada sellekohane teade muraste@muraste.ee<br \/>\n<strong>Muraste kogukonnakeskus\u00a0<\/strong>(Lee tee 9, Muraste) avatud E-N 10 -18, R ja muudel aegadel vastavalt tegevustele<br \/>\n<strong>T\u00e4psustused ja info:<\/strong>\u00a0kogukonnakeskus@muraste.ee;\u00a05253128 (Aule Kikas).<\/p>\n<\/div>\n<\/div>\n<\/header>\n<\/div>\n","protected":false},"excerpt":{"rendered":"<p>N\u00e4dal 18 Murastes 6.- 12. aprill\u00a02019 * AT- koolimaja aatrium, SP- spordihoone; KO-kogukonnakeskus; \u00a0 KL- klassiruum; PS \u2013 peegelsaal; SS- s\u00f6\u00f6gisaal, LS- lavasaal, MR- meediaruum Esmasp\u00e4ev, 6. mai\u00a0 kl 14.40 KO,\u00a0Fa Stuudio kandlering (lapsed, algajad) kl 16.15 SP,\u00a0Judoklubi \u201cAitado\u201d\u00a0Judo\u00a0(alustajad ja uuesti alustajad). \u00a0(www.aitado.ee, Edward, tel 58053039) kl 17.30 KO, V\u00e4ikekandleansambel LiULi (p\u00f5hikoosseis) kl 17.45 SP,\u00a0Judoklubi<a class=\"moretag\" href=\"https:\/\/muraste.ee\/vana\/?page_id=7249\"><br \/>&#8230;Loe edasi<\/a><\/p>\n","protected":false},"author":2,"featured_media":0,"parent":0,"menu_order":0,"comment_status":"closed","ping_status":"closed","template":"nadalakava.php","meta":{"_bbp_topic_count":0,"_bbp_reply_count":0,"_bbp_total_topic_count":0,"_bbp_total_reply_count":0,"_bbp_voice_count":0,"_bbp_anonymous_reply_count":0,"_bbp_topic_count_hidden":0,"_bbp_reply_count_hidden":0,"_bbp_forum_subforum_count":0,"_mc_calendar":[]},"_links":{"self":[{"href":"https:\/\/muraste.ee\/vana\/index.php?rest_route=\/wp\/v2\/pages\/7249"}],"collection":[{"href":"https:\/\/muraste.ee\/vana\/index.php?rest_route=\/wp\/v2\/pages"}],"about":[{"href":"https:\/\/muraste.ee\/vana\/index.php?rest_route=\/wp\/v2\/types\/page"}],"author":[{"embeddable":true,"href":"https:\/\/muraste.ee\/vana\/index.php?rest_route=\/wp\/v2\/users\/2"}],"replies":[{"embeddable":true,"href":"https:\/\/muraste.ee\/vana\/index.php?rest_route=%2Fwp%2Fv2%2Fcomments&post=7249"}],"version-history":[{"count":1,"href":"https:\/\/muraste.ee\/vana\/index.php?rest_route=\/wp\/v2\/pages\/7249\/revisions"}],"predecessor-version":[{"id":7251,"href":"https:\/\/muraste.ee\/vana\/index.php?rest_route=\/wp\/v2\/pages\/7249\/revisions\/7251"}],"wp:attachment":[{"href":"https:\/\/muraste.ee\/vana\/index.php?rest_route=%2Fwp%2Fv2%2Fmedia&parent=7249"}],"curies":[{"name":"wp","href":"https:\/\/api.w.org\/{rel}","templated":true}]}}