{"id":7629,"date":"2019-10-12T15:53:49","date_gmt":"2019-10-12T12:53:49","guid":{"rendered":"https:\/\/muraste.ee\/vana\/?page_id=7629"},"modified":"2019-10-12T15:53:49","modified_gmt":"2019-10-12T12:53:49","slug":"nadal-41-4","status":"publish","type":"page","link":"https:\/\/muraste.ee\/vana\/?page_id=7629","title":{"rendered":"N\u00e4dal 41"},"content":{"rendered":"<h1 class=\"entry-title\" style=\"text-align: center;\"><span style=\"color: #ff6600;\">N\u00c4DAL 41\u00a0MURASTES<\/span><\/h1>\n<div class=\"entry-content\">\n<header class=\"entry-header\">\n<div class=\"entry-content\">\n<div id=\"js_bfj\" class=\"_5pbx userContent _3576\" data-ad-preview=\"message\" data-ft=\"{&quot;tn&quot;:&quot;K&quot;}\">\n<div class=\"entry-content\">\n<p><em>* AT- koolimaja aatrium, SP- spordihoone; KO-kogukonnakeskus; \u00a0 KL- klassiruum; PS \u2013 peegelsaal; SS- s\u00f6\u00f6gisaal, LS- lavasaal, MR- meediaruum<br \/>\nKaanefoto: T\u00e4histame \u00f5petajate p\u00e4eva.\u00a0<\/em><\/p>\n<p><span style=\"color: #800000;\"><strong>ESMASP\u00c4EV, 7. oktoober<a href=\"https:\/\/muraste.ee\/vana\/wp-content\/uploads\/2016\/03\/2019.jpg\" rel=\"attachment wp-att-7450\"><img decoding=\"async\" loading=\"lazy\" class=\"wp-image-7450 size-medium alignright\" src=\"https:\/\/muraste.ee\/vana\/wp-content\/uploads\/2016\/03\/2019-300x287.jpg\" alt=\"2019\" width=\"300\" height=\"287\" srcset=\"https:\/\/muraste.ee\/vana\/wp-content\/uploads\/2016\/03\/2019-300x287.jpg 300w, https:\/\/muraste.ee\/vana\/wp-content\/uploads\/2016\/03\/2019-768x735.jpg 768w, https:\/\/muraste.ee\/vana\/wp-content\/uploads\/2016\/03\/2019-1024x980.jpg 1024w, https:\/\/muraste.ee\/vana\/wp-content\/uploads\/2016\/03\/2019-624x597.jpg 624w\" sizes=\"(max-width: 300px) 100vw, 300px\" \/><\/a><\/strong><\/span><br \/>\nkl 14 PS, <strong>MyDance tantsutund<\/strong> (I-II kl, www.mydance.ee)<br \/>\nkl 15 PS, <strong>MyDance tantsutund<\/strong> (III-IV kl,\u00a0www.mydance.ee)<br \/>\nkl 15.40-16.25 KO, Fa Stuudio <strong>kandlering<\/strong> edasij\u00f5udnutele<br \/>\nkl 16-18.30 Lahe Huvikooli <strong>eelkool. <\/strong>(www.lahehuvikool.ee)<\/p>\n<p>kl 17.30 KO, <strong>V\u00e4ikekandleansambel LiULi<\/strong> (p\u00f5hikoosseis)<br \/>\nkl 19.00 KO, <strong>V\u00e4ikekandleansambel LiULi<\/strong> (alustajad)<br \/>\nkl 19.00 AT, <strong>Suurupi naiskoor Meretule<\/strong><br \/>\nkl 20 PS, <strong>Aeroobika<\/strong> (treener Kaja Tuisk)<br \/>\n<a href=\"https:\/\/muraste.ee\/vana\/wp-content\/uploads\/2016\/03\/aeroouus.jpg\" rel=\"attachment wp-att-7449\"><img decoding=\"async\" loading=\"lazy\" class=\"alignnone size-medium wp-image-7449\" src=\"https:\/\/muraste.ee\/vana\/wp-content\/uploads\/2016\/03\/aeroouus-300x169.jpg\" alt=\"aeroouus\" width=\"300\" height=\"169\" srcset=\"https:\/\/muraste.ee\/vana\/wp-content\/uploads\/2016\/03\/aeroouus-300x169.jpg 300w, https:\/\/muraste.ee\/vana\/wp-content\/uploads\/2016\/03\/aeroouus-768x432.jpg 768w, https:\/\/muraste.ee\/vana\/wp-content\/uploads\/2016\/03\/aeroouus-624x351.jpg 624w, https:\/\/muraste.ee\/vana\/wp-content\/uploads\/2016\/03\/aeroouus-128x72.jpg 128w, https:\/\/muraste.ee\/vana\/wp-content\/uploads\/2016\/03\/aeroouus.jpg 960w\" sizes=\"(max-width: 300px) 100vw, 300px\" \/><\/a><\/p>\n<p><span style=\"color: #800000;\"><strong>TEISIP\u00c4EV, 8. oktoober<br \/>\n<\/strong><\/span><br \/>\nkl 14.30 &#8211; 18.20 KO, <strong>Triinu Laulustuudio <\/strong><em>(klaver ja soololaul)\u00a0<a href=\"https:\/\/muraste.ee\/vana\/wp-content\/uploads\/2016\/03\/s\u00f5ir.jpg\" rel=\"attachment wp-att-7587\"><img decoding=\"async\" loading=\"lazy\" class=\"size-medium wp-image-7587 alignright\" src=\"https:\/\/muraste.ee\/vana\/wp-content\/uploads\/2016\/03\/s\u00f5ir-300x186.jpg\" alt=\"s\u00f5ir\" width=\"300\" height=\"186\" srcset=\"https:\/\/muraste.ee\/vana\/wp-content\/uploads\/2016\/03\/s\u00f5ir-300x186.jpg 300w, https:\/\/muraste.ee\/vana\/wp-content\/uploads\/2016\/03\/s\u00f5ir-768x475.jpg 768w, https:\/\/muraste.ee\/vana\/wp-content\/uploads\/2016\/03\/s\u00f5ir-624x386.jpg 624w, https:\/\/muraste.ee\/vana\/wp-content\/uploads\/2016\/03\/s\u00f5ir.jpg 860w\" sizes=\"(max-width: 300px) 100vw, 300px\" \/><\/a><br \/>\n<\/em><br \/>\nkl 18\u00a0KL, &#8211; <strong><span style=\"color: #ff0000;\">UUS T\u00c4NA!<\/span><\/strong>\u00a0<strong>Muraste k\u00e4sit\u00f6\u00f6tuba: valmistame s\u00f5ira<\/strong><em><strong>. \u00a0<\/strong><em>Kas oled maitsnud s\u00f5ira? Aga teinud seda ise?\u00a0Teisip\u00e4eval, 8. oktoobril algusega kell 18 ootab piimateadlane Tiiu-Maie Laht (PhD) huvilisi Muraste kogukonnakeskusesse s\u00f5ira ehk kohupiimajuustu valmistamise t\u00f6\u00f6tuppa. Osalustasu 5.-. Et toiduaineid varume osav\u00f5tjate arvu j\u00e4rgi, on vajalik eelregistreerumine (muraste@muraste.ee) hiljemalt teisip\u00e4eva keskp\u00e4evaks.<\/em><br \/>\n<em>Kel isu ja lusti, tuleb s\u00f5ira valmistama!<br \/>\n<\/em><\/em><br \/>\nkl 18.30 KL,\u00a0<strong>Inglise keele kursus \u00a0<\/strong>(kesktase B 1.2).\u00a0Lisainfo \u00a0juhendajalt tel 56575575 v\u00f5i marethein@gmail.com (Maret Hein).<br \/>\n18.30 PS, <strong>Seltskonnatantsu algkursus<\/strong><em>\u00a0<\/em><br \/>\nkl 19 KO, <strong>Figuuris\u00f5brad\u00a0<\/strong><br \/>\nkl 19 SP, <strong>V\u00f5rkpall <\/strong><em>(oodatud k\u00f5ik m\u00e4nguhuvilised)<\/em><br \/>\nkl 19.45 PS, <strong>Seltskonnatantsude harjutustund<br \/>\n<\/strong><strong style=\"color: #800000; font-size: 1rem;\"><a href=\"https:\/\/muraste.ee\/vana\/wp-content\/uploads\/2016\/03\/kaalu.png\" rel=\"attachment wp-att-7493\"><img decoding=\"async\" loading=\"lazy\" class=\"wp-image-7493 size-medium alignright\" src=\"https:\/\/muraste.ee\/vana\/wp-content\/uploads\/2016\/03\/kaalu-237x300.png\" alt=\"kaalu\" width=\"237\" height=\"300\" srcset=\"https:\/\/muraste.ee\/vana\/wp-content\/uploads\/2016\/03\/kaalu-237x300.png 237w, https:\/\/muraste.ee\/vana\/wp-content\/uploads\/2016\/03\/kaalu-624x789.png 624w, https:\/\/muraste.ee\/vana\/wp-content\/uploads\/2016\/03\/kaalu.png 759w\" sizes=\"(max-width: 237px) 100vw, 237px\" \/><\/a><br \/>\n<\/strong><\/p>\n<p><strong style=\"color: #800000; font-size: 1rem;\">KOLMAP\u00c4EV, 9. oktoober<br \/>\n<\/strong><span style=\"font-size: 1rem;\">kl 13\u00a0PS, <strong>MyDance tantsutund<\/strong> (I-II kl, www.mydance.ee)<br \/>\nkl 14\u00a0PS, <strong>MyDance tantsutund<\/strong> (III-IV kl,\u00a0www.mydance.ee)<br \/>\nkl 14.40-15.25 KO, Fa Stuudio <strong>kandlering<\/strong>\u00a0algajatele<br \/>\nkl 15.30-16.15 KO, Fa Stuudio <strong>kandlering<\/strong>\u00a0algajatele<br \/>\nkl 15 PS,<strong> Showtants &amp; cheerleading<\/strong>. Lisainfo bron@prodance.ee, tel 55577821<br \/>\nkl 17.30 KO, <strong><span style=\"color: #ff0000;\">UUS T\u00c4NASEST!\u00a0<\/span>Temaatiline floristikakursus.\u00a0<\/strong>Vaata lisa <strong><a href=\"https:\/\/muraste.ee\/vana\/?p=7505\" target=\"_blank\">SIIT<br \/>\n<\/a><\/strong>kl 17.30 KL<strong>, <strong><a href=\"https:\/\/muraste.ee\/vana\/?p=5969\" target=\"_blank\">MUDELISMIRING<\/a> <\/strong>algajatele<a href=\"https:\/\/muraste.ee\/vana\/?p=7505\" target=\"_blank\">. <\/a><\/strong>Juhendab Andres Madissoo<br \/>\nkl 17.30 KL<strong>, <strong><a href=\"https:\/\/muraste.ee\/vana\/?p=5969\" target=\"_blank\">MUDELISMIRING<\/a>\u00a0edasij\u00f5udnutele<\/strong>\u00a0<\/strong>Juhendab Andres Madissoo<br \/>\nkl 18 -21 KO, <strong>Gordoni perekool<\/strong> (kursus 30.10-18.12) Vaata\u00a0lisa <a href=\"https:\/\/muraste.ee\/vana\/?p=7462\" target=\"_blank\">SIIT<\/a><br \/>\nkl 18.30-19.30 PS, <strong>Line-tants<\/strong><br \/>\nkl 19 KL, \u00a0<strong>Inglise keele kursus<\/strong>\u00a0(algtase A2) uuesti alustajatele ja algajatele. Lisainfo \u00a0juhendajalt tel 56575575 v\u00f5i marethein@gmail.com (Maret Hein).<br \/>\nkl 20- 21 PS, <strong>Aeroobika<\/strong> (Kaja Tuisk)\u00a0<\/span><\/p>\n<p><span style=\"font-size: 1rem;\"><span style=\"color: #800000;\"><strong>NELJAP\u00c4EV, 10. oktoober<br \/>\n<\/strong><span style=\"color: #000000;\">kl 14.40-15.25 KO, Fa Stuudio <strong>muusikaring<\/strong>\u00a0I grupp<br \/>\n<\/span><\/span><\/span><span style=\"color: #000000;\"><span style=\"font-size: 1rem;\">kl 15.30-16.15 KO, Fa Stuudio <strong>muusikaring<\/strong>\u00a0II grupp<br \/>\nkl 16.15-17 KO, <strong>Fa Stuudio<\/strong> fl\u00f6\u00f6diring<br \/>\nkl 15.30-16.15 <\/span><strong style=\"font-size: 1rem;\">Beebide ja v\u00e4ikelaste muusikaring<\/strong><\/span><span style=\"font-size: 1rem;\"><span style=\"color: #000000;\"> Pangapealse lasteaias (www.loovuslaps.ee)<a href=\"https:\/\/muraste.ee\/vana\/wp-content\/uploads\/2016\/03\/n\u00e4ite-1.jpg\" rel=\"attachment wp-att-7548\"><img decoding=\"async\" loading=\"lazy\" class=\"size-thumbnail wp-image-7548 alignright\" src=\"https:\/\/muraste.ee\/vana\/wp-content\/uploads\/2016\/03\/n\u00e4ite-1-150x150.jpg\" alt=\"n\u00e4ite\" width=\"150\" height=\"150\" \/><\/a><\/span><\/span><span style=\"color: #000000;\"><br \/>\nkl 18.30 AT, <strong>N\u00e4itering, <\/strong>juhendaja Anne Veesaar<strong>\u00a0<\/strong><em><br \/>\n<\/em><\/span>kl 18.15-19.45 KO, <span style=\"color: #000000;\"><strong>Prantsuse keel<\/strong><\/span>, juhendab Ines J\u00e4rvsoo (jarvsoo@hotmail.com)<br \/>\n<span style=\"color: #000000;\">kl\u00a019.00\u00a0KL,\u00a0<strong>Inglise keele\u00a0kursus<\/strong> edasij\u00f5udnutele\u00a0(eel-kesktase B 1.1) \u00a0Lisainfo \u00a0juhendajalt tel 56575575 v\u00f5i marethein@gmail.com (Maret Hein).<br \/>\nkl 19.00 PS, <strong><span style=\"color: #ff0000;\">UUS! T\u00c4NASEST!\u00a0<\/span>Jooga<\/strong> (juhendab Daire Tammik)<br \/>\n<a href=\"https:\/\/muraste.ee\/vana\/wp-content\/uploads\/2016\/03\/joogamurastepar.jpg\" rel=\"attachment wp-att-7577\"><img decoding=\"async\" loading=\"lazy\" class=\"alignnone size-medium wp-image-7577\" src=\"https:\/\/muraste.ee\/vana\/wp-content\/uploads\/2016\/03\/joogamurastepar-300x212.jpg\" alt=\"joogamurastepar\" width=\"300\" height=\"212\" srcset=\"https:\/\/muraste.ee\/vana\/wp-content\/uploads\/2016\/03\/joogamurastepar-300x212.jpg 300w, https:\/\/muraste.ee\/vana\/wp-content\/uploads\/2016\/03\/joogamurastepar-768x543.jpg 768w, https:\/\/muraste.ee\/vana\/wp-content\/uploads\/2016\/03\/joogamurastepar-1024x724.jpg 1024w, https:\/\/muraste.ee\/vana\/wp-content\/uploads\/2016\/03\/joogamurastepar-624x441.jpg 624w\" sizes=\"(max-width: 300px) 100vw, 300px\" \/><\/a><br \/>\n<\/span><\/p>\n<p><span style=\"color: #000000;\"><span style=\"color: #800000;\"><strong>REEDE, 11. oktoober<\/strong><\/span><br \/>\nkl 13.45-14.40 PS,<strong> Showtants &amp; cheerleading<\/strong>. Lisainfo bron@prodance.ee, tel 55577821<\/span><\/p>\n<p>kl 19 <strong>Filmi\u00f5htu. <span style=\"color: #ff0000;\">UUS FILM!<\/span>\u00a0\u00dcKSSARVIK<\/strong>\u00a0( (<a href=\"https:\/\/muraste.ee\/vana\/?page_id=774\" target=\"_blank\">j\u00e4lgi uut filmikava<\/a>!)<br \/>\nTreiler vaatamiseks <b><a href=\"https:\/\/www.youtube.com\/watch?v=8DF15ZxWXog\" target=\"_blank\">SIIN<\/a>\u00a0<a href=\"https:\/\/muraste.ee\/vana\/wp-content\/uploads\/2016\/03\/ver.jpg\" rel=\"attachment wp-att-7596\"><img decoding=\"async\" loading=\"lazy\" class=\"alignright wp-image-7596 size-full\" src=\"https:\/\/muraste.ee\/vana\/wp-content\/uploads\/2016\/03\/ver.jpg\" alt=\"ver\" width=\"320\" height=\"480\" srcset=\"https:\/\/muraste.ee\/vana\/wp-content\/uploads\/2016\/03\/ver.jpg 320w, https:\/\/muraste.ee\/vana\/wp-content\/uploads\/2016\/03\/ver-200x300.jpg 200w\" sizes=\"(max-width: 320px) 100vw, 320px\" \/><\/a><\/b><\/p>\n<p><em>Startupkom\u00f6\u00f6dia \u00dcKSSARVIK jutustab Liisa Pulga ja Henrik Kalmeti poolt kehastatud kahe noore iduettev\u00f5tja teekonnast \u201ckodugaraa\u017eist\u201d maailma tehnoloogia mekasse Silicon Valleysse. Tempokas film annab autentse ja v\u00e4rvika pildi tehnoloogiafirma tegemise v\u00f5lust ja valust, usaldamisest ja unistamisest, hullusest ja hulljulgusest&#8230; inspiratsiooniks m\u00f5istagi k\u00f5ik maailma Steve Jobsid, Bill Gatesid, Mark Zuckerbergid ja Elon Muskid. K\u00f5ik unistavad miljardist\u2026<\/em><\/p>\n<p><em>Lugu p\u00f5hineb enam kui 30 reaalse Eesti startup-ettev\u00f5tja kohati uskumatutel ja humoorikatel juhtumistel ning kogemusel viimase 15 aasta jooksul. <\/em><\/p>\n<p><em>Filmi autoriks ja lavastajaks on edukas tehnoloogia-ettev\u00f5tja Rain Rannu, kes proovis filmi alal esimest korda k\u00e4tt 2016. aastal gerilja-stiilis v\u00e4ndatud kom\u00f6\u00f6diaga \u201cAmeerika suvi\u201d. \u201c\u00dckssarvik\u201d on tema teine t\u00e4ispikk m\u00e4ngufilm.<\/em><\/p>\n<p><em>Lisaks peaosades s\u00e4ravatele Liisa Pulgale ja Henrik Kalmetile olid ka kaadri taga kodumaised tipp-filmitegijad. Operaator Ants Tammiku eelmised t\u00f6\u00f6d olid paljukiidetud koguperefilm \u201eEia j\u00f5ulud Tondikakul\u201c ning \u201eT\u00f5de ja \u00f5igus\u201c, filmi kunstnik Katrin Sipelgas oli filmide \u201eSangarid\u201c ning \u201eMust alpinist\u201c tiimis, helilooja Janek Murd tegi muusikat noortefilmile \u201eNullpunkt\u201c ning kaasprodutsent Aet Laigu draama \u201eEma\u201c on v\u00f5itnud mitmeid auhindu.<\/em><\/p>\n<p><em>Olulistes k\u00f5rvalosades l\u00f6\u00f6vad kaasa Hollywoodis tegutsev Eesti p\u00e4ritolu n\u00e4itleja Johann Urb (\u201cCSI: Miami\u201d, \u201cEastwick\u201d, \u201cZoolander\u201d) ning Rogelio Douglas Jr, kes muuhulgas m\u00e4ngis kolme Oscariga p\u00e4rjatud m\u00e4ngufilmis \u201cWhiplash\u201d ning \u00fclimenukas kassahitis \u201cStraight Outta Compton.\u201d Lisaks teevad kaasa tuntud Eesti n\u00e4itlejad Anti Kobin, Roland Laos, Riivo Anton, Rain Tolk jpt.<\/em><\/p>\n<p><em>Film v\u00f5eti \u00fcles 2018. ja 2019. aastal Eestis ja San Franciscos. Filmi toodab Rain Rannu ja T\u00f5nu Hiielaidi produktsioonifirma Tallifornia. Filmi kaasrahastajateks on Eesti Filmi Instituut ja Kultuurkapital. Levitab VaataFilmi.<\/em><em><br \/>\nFilmi pikkus 1 h 47\u00a0min. Pilet 5.-\/3.50<\/em><\/p>\n<p><span style=\"color: #800000;\"><span style=\"color: #800000;\"><span style=\"color: #000000;\"><span style=\"color: #800080;\"><strong>TULEKUL<\/strong><\/span><\/span><\/span><\/span><\/p>\n<p>16. oktoobril kell 18-20.30 <strong><a href=\"https:\/\/www.facebook.com\/events\/494566661386067\/\" target=\"_blank\">Meigikoolitus iseendale<br \/>\n<\/a><a href=\"https:\/\/muraste.ee\/vana\/wp-content\/uploads\/2016\/03\/71141204_390629178284474_954467962260029440_o.jpg\" rel=\"attachment wp-att-7556\"><img decoding=\"async\" loading=\"lazy\" class=\"size-medium wp-image-7556 alignright\" src=\"https:\/\/muraste.ee\/vana\/wp-content\/uploads\/2016\/03\/71141204_390629178284474_954467962260029440_o-300x200.jpg\" alt=\"71141204_390629178284474_954467962260029440_o\" width=\"300\" height=\"200\" srcset=\"https:\/\/muraste.ee\/vana\/wp-content\/uploads\/2016\/03\/71141204_390629178284474_954467962260029440_o-300x200.jpg 300w, https:\/\/muraste.ee\/vana\/wp-content\/uploads\/2016\/03\/71141204_390629178284474_954467962260029440_o-768x512.jpg 768w, https:\/\/muraste.ee\/vana\/wp-content\/uploads\/2016\/03\/71141204_390629178284474_954467962260029440_o-1024x683.jpg 1024w, https:\/\/muraste.ee\/vana\/wp-content\/uploads\/2016\/03\/71141204_390629178284474_954467962260029440_o-624x416.jpg 624w, https:\/\/muraste.ee\/vana\/wp-content\/uploads\/2016\/03\/71141204_390629178284474_954467962260029440_o.jpg 2048w\" sizes=\"(max-width: 300px) 100vw, 300px\" \/><\/a><em>Praktiline jumestuskoolitus, kus modelliks oled Sina ise.\u00a0<\/em><em>V\u00f5ta enda jaoks aega ja tule \u00f5pi ning proovi koos meiega\u00a0<\/em><em>igap\u00e4evast jumestamist, et olla kaunis nagu Sulle meeldib<\/em><br \/>\n<em>&#8211; N\u00c4OHOOLDUS enne meiki<\/em><br \/>\n<em>&#8211; JUMESTUSKREEMI valik<\/em><br \/>\n<em>&#8211; P\u00d5SEPUNA ja kerge KONTUURIMINE<\/em><br \/>\n<em>&#8211; KULMUD<\/em><br \/>\n<em>&#8211; KERGE SILMAMEIK<\/em><br \/>\n<em>&#8211; HUULED, HUULED, HUULED<\/em><\/strong><\/p>\n<p><em>K\u00f5ik vajalikud vahendid ja peeglid on kohapeal olemas.<\/em><\/p>\n<p><em>Koolitajaks \u00fcle 10-aastase ilukoolitaja kogemusega K\u00fclli Pootsik, kes on oma meigioskused omandanud erinevate tippjumestajate, nagu n\u00e4iteks Reet H\u00e4rmat, Loore H\u00e4rmat, TFW meigitiimi juhi K\u00e4tlin Kuuspalu koolitustel. T\u00e4iendkoolitusena \u00f5ppinud ka Glam jumestamist koolitaja Maaja Tuulingu juures.<\/em><br \/>\n<em><br \/>\nOsalustasu 25\u20ac,<br \/>\nKutsu s\u00f5ber kaasa ja kahele kokku osalustasu 40\u20ac<br \/>\nVajalik eelregistreerimine kuni 15.10: krekiri@gmail.com.<br \/>\nkoolitus toimub kui registreerunuid on min 4 osalejat<a href=\"https:\/\/www.facebook.com\/events\/494566661386067\/\" target=\"_blank\"><br \/>\n<\/a><\/em><br \/>\nNB! Oktoobris alustab\u00a0<strong>eakate v\u00f5imlemine<\/strong>. Info tulekul.<\/p>\n<p>24. nov &#8211; 19. dets &#8211; <strong>v\u00e4ikelaevajuhtide kursus<\/strong>. Vaata lisa<strong> <a href=\"https:\/\/muraste.ee\/vana\/?p=7455\" target=\"_blank\">SIIT<\/a><\/strong><\/p>\n<p><span style=\"color: #ff0000;\"><strong>UUS!<\/strong> <\/span>Reede, 15. november kell 20:00<br \/>\n<strong>KONTSERT: Lauri Saatpalu ja Jaan S\u00f6\u00f6t &#8211; Olemise tahumatu kergus.<\/strong>\u00a0Piletid saadaval! Loe lisa <a href=\"https:\/\/muraste.ee\/vana\/?p=7607\" target=\"_blank\"><strong>SIIT<\/strong><\/a>!<\/p>\n<\/div>\n<\/div>\n<\/div>\n<\/header>\n<\/div>\n","protected":false},"excerpt":{"rendered":"<p>N\u00c4DAL 41\u00a0MURASTES * AT- koolimaja aatrium, SP- spordihoone; KO-kogukonnakeskus; \u00a0 KL- klassiruum; PS \u2013 peegelsaal; SS- s\u00f6\u00f6gisaal, LS- lavasaal, MR- meediaruum Kaanefoto: T\u00e4histame \u00f5petajate p\u00e4eva.\u00a0 ESMASP\u00c4EV, 7. oktoober kl 14 PS, MyDance tantsutund (I-II kl, www.mydance.ee) kl 15 PS, MyDance tantsutund (III-IV kl,\u00a0www.mydance.ee) kl 15.40-16.25 KO, Fa Stuudio kandlering edasij\u00f5udnutele kl 16-18.30 Lahe Huvikooli eelkool.<a class=\"moretag\" href=\"https:\/\/muraste.ee\/vana\/?page_id=7629\"><br \/>&#8230;Loe edasi<\/a><\/p>\n","protected":false},"author":2,"featured_media":0,"parent":0,"menu_order":0,"comment_status":"closed","ping_status":"closed","template":"nadalakava.php","meta":{"_bbp_topic_count":0,"_bbp_reply_count":0,"_bbp_total_topic_count":0,"_bbp_total_reply_count":0,"_bbp_voice_count":0,"_bbp_anonymous_reply_count":0,"_bbp_topic_count_hidden":0,"_bbp_reply_count_hidden":0,"_bbp_forum_subforum_count":0,"_mc_calendar":[]},"_links":{"self":[{"href":"https:\/\/muraste.ee\/vana\/index.php?rest_route=\/wp\/v2\/pages\/7629"}],"collection":[{"href":"https:\/\/muraste.ee\/vana\/index.php?rest_route=\/wp\/v2\/pages"}],"about":[{"href":"https:\/\/muraste.ee\/vana\/index.php?rest_route=\/wp\/v2\/types\/page"}],"author":[{"embeddable":true,"href":"https:\/\/muraste.ee\/vana\/index.php?rest_route=\/wp\/v2\/users\/2"}],"replies":[{"embeddable":true,"href":"https:\/\/muraste.ee\/vana\/index.php?rest_route=%2Fwp%2Fv2%2Fcomments&post=7629"}],"version-history":[{"count":1,"href":"https:\/\/muraste.ee\/vana\/index.php?rest_route=\/wp\/v2\/pages\/7629\/revisions"}],"predecessor-version":[{"id":7631,"href":"https:\/\/muraste.ee\/vana\/index.php?rest_route=\/wp\/v2\/pages\/7629\/revisions\/7631"}],"wp:attachment":[{"href":"https:\/\/muraste.ee\/vana\/index.php?rest_route=%2Fwp%2Fv2%2Fmedia&parent=7629"}],"curies":[{"name":"wp","href":"https:\/\/api.w.org\/{rel}","templated":true}]}}