{"id":770,"date":"2016-03-07T21:49:10","date_gmt":"2016-03-07T19:49:10","guid":{"rendered":"https:\/\/muraste.ee\/vana\/?page_id=770"},"modified":"2022-03-07T15:43:06","modified_gmt":"2022-03-07T13:43:06","slug":"kogukonnakeskus-2","status":"publish","type":"page","link":"https:\/\/muraste.ee\/vana\/?page_id=770","title":{"rendered":"Kogukonnakeskus"},"content":{"rendered":"<div id=\"js_3\" class=\"_5pbx userContent\" data-ft=\"{&quot;tn&quot;:&quot;K&quot;}\">\n<blockquote>\n<p style=\"text-align: center;\"><a href=\"https:\/\/muraste.ee\/vana\/wp-content\/uploads\/2016\/03\/harku-logo.jpg\"><img decoding=\"async\" loading=\"lazy\" class=\"alignnone wp-image-1068\" src=\"https:\/\/muraste.ee\/vana\/wp-content\/uploads\/2016\/03\/harku-logo-150x117.jpg\" alt=\"harku logo\" width=\"170\" height=\"132\" \/><\/a><\/p>\n<p style=\"text-align: center;\">R\u00f5\u00f5m ei mahu \u00f5ue, tuppa ega p\u00f5ue! Seet\u00f5ttu jagame seda, mida meil jagada on: r\u00f5\u00f5mu, siirust, armastust. Oma koduk\u00fcla tunnet ja tunnetust. Koos tegemist. Kalleid inimesi. Hetki ja emotsioone. \u00a0Ait\u00e4h, Muraste! Ait\u00e4h, Muraste kool! Ait\u00e4h, Harku vald! \u00a0 Ait\u00e4h, meie kandi inimesed, meie toetajad, meie s\u00f5brad l\u00e4hedalt ja kaugelt, ait\u00e4h, et jagasite \u00fcht meie \u00f5nnelikest p\u00e4evadest, kui avasime Muraste kogukonnakeskuse uksed &#8211; augustis 2015! \u00a0 \u00a0<strong> \u00a0<\/strong> <strong>Ait\u00e4h, et olete olemas!<\/strong><\/p>\n<p style=\"text-align: center;\"><em><strong>Muraste kogukonnnakeskuse uksed on k\u00f5igile avatud!<br \/>\nTere tulemast ja olemast, kaasa m\u00f5tlemast ja toimetamast!<br \/>\n<\/strong><\/em><\/p>\n<p style=\"text-align: center;\">Meilt saad teavet\u00a0(ja soovi korral v\u00f5imalust kaasa l\u00fc\u00fca) paljudel teemadel: huviringid, ruumide kasutus, \u00fcrituste korraldus, filmi- kontserdi- ja teatri\u00f5htud, kogukonnateenused (s\u00f5iduauto haagise rent, Paeplatsi kasutus, telgid\/lauad, helitehnika jne jne),<\/p>\n<p style=\"text-align: center;\"><em><strong>Kogukonnakeskus on avatud E-N 10-18, R 10-16;<br \/>\n<\/strong>\u00a0 \u00a0 \u00a0 \u00a0 \u00a0 \u00a0 \u00a0 \u00a0 \u00a0 \u00a0 \u00a0 \u00a0 \u00a0 \u00a0 \u00a0 \u00a0 \u00a0 \u00a0 (\u00f5htustel aegadel ja n\u00e4dalavahetustel vt ajaplaani) \u00a0 \u00a0 \u00a0 \u00a0 \u00a0 \u00a0 \u00a0 \u00a0 \u00a0 \u00a0 \u00a0 \u00a0 \u00a0 \u00a0 \u00a0 \u00a0 \u00a0 \u00a0 <strong>\u00a0Lee tee 9, Muraste k\u00fcla, Harku vald, Harju maakond\u00a0<\/strong><\/em><\/p>\n<p style=\"text-align: center;\"><strong>Kontakt:<\/strong> kogukonnakeskus@muraste.ee; 5848 9661 (Urvi Nigu)<\/p>\n<p><a href=\"https:\/\/muraste.ee\/vana\/wp-content\/uploads\/2016\/03\/11224769_817753014990058_5021090767045742924_n.jpg\"><img decoding=\"async\" loading=\"lazy\" class=\"alignnone size-full wp-image-1018\" src=\"https:\/\/muraste.ee\/vana\/wp-content\/uploads\/2016\/03\/11224769_817753014990058_5021090767045742924_n.jpg\" alt=\"11224769_817753014990058_5021090767045742924_n\" width=\"960\" height=\"640\" srcset=\"https:\/\/muraste.ee\/vana\/wp-content\/uploads\/2016\/03\/11224769_817753014990058_5021090767045742924_n.jpg 960w, https:\/\/muraste.ee\/vana\/wp-content\/uploads\/2016\/03\/11224769_817753014990058_5021090767045742924_n-300x200.jpg 300w, https:\/\/muraste.ee\/vana\/wp-content\/uploads\/2016\/03\/11224769_817753014990058_5021090767045742924_n-624x416.jpg 624w\" sizes=\"(max-width: 960px) 100vw, 960px\" \/><\/a><\/p>\n<p>Pildil: Hetk Muraste kogukonnakeskuse loodusliku &#8220;lindi&#8221; l\u00e4bil\u00f5ikamisest. L\u00f5ikavad Muraste kooli direktor Priit J\u00f5e, Harku vallavanem Kaupo R\u00e4tsepp ja Muraste k\u00fclaseltsi juhatuse esimees Andrus Saliste. Assisteerivad kogukonnakeskuse juhataja Aule Kikas ja Evelin Tiirik. (19.08.2015)<\/p><\/blockquote>\n<\/div>\n<div class=\"_3x-2\"><\/div>\n","protected":false},"excerpt":{"rendered":"<p>R\u00f5\u00f5m ei mahu \u00f5ue, tuppa ega p\u00f5ue! Seet\u00f5ttu jagame seda, mida meil jagada on: r\u00f5\u00f5mu, siirust, armastust. Oma koduk\u00fcla tunnet ja tunnetust. Koos tegemist. Kalleid inimesi. Hetki ja emotsioone. \u00a0Ait\u00e4h, Muraste! Ait\u00e4h, Muraste kool! Ait\u00e4h, Harku vald! \u00a0 Ait\u00e4h, meie kandi inimesed, meie toetajad, meie s\u00f5brad l\u00e4hedalt ja kaugelt, ait\u00e4h, et jagasite \u00fcht meie \u00f5nnelikest<a class=\"moretag\" href=\"https:\/\/muraste.ee\/vana\/?page_id=770\"><br \/>&#8230;Loe edasi<\/a><\/p>\n","protected":false},"author":2,"featured_media":0,"parent":0,"menu_order":0,"comment_status":"closed","ping_status":"closed","template":"","meta":{"_bbp_topic_count":0,"_bbp_reply_count":0,"_bbp_total_topic_count":0,"_bbp_total_reply_count":0,"_bbp_voice_count":0,"_bbp_anonymous_reply_count":0,"_bbp_topic_count_hidden":0,"_bbp_reply_count_hidden":0,"_bbp_forum_subforum_count":0,"_mc_calendar":[]},"_links":{"self":[{"href":"https:\/\/muraste.ee\/vana\/index.php?rest_route=\/wp\/v2\/pages\/770"}],"collection":[{"href":"https:\/\/muraste.ee\/vana\/index.php?rest_route=\/wp\/v2\/pages"}],"about":[{"href":"https:\/\/muraste.ee\/vana\/index.php?rest_route=\/wp\/v2\/types\/page"}],"author":[{"embeddable":true,"href":"https:\/\/muraste.ee\/vana\/index.php?rest_route=\/wp\/v2\/users\/2"}],"replies":[{"embeddable":true,"href":"https:\/\/muraste.ee\/vana\/index.php?rest_route=%2Fwp%2Fv2%2Fcomments&post=770"}],"version-history":[{"count":18,"href":"https:\/\/muraste.ee\/vana\/index.php?rest_route=\/wp\/v2\/pages\/770\/revisions"}],"predecessor-version":[{"id":8825,"href":"https:\/\/muraste.ee\/vana\/index.php?rest_route=\/wp\/v2\/pages\/770\/revisions\/8825"}],"wp:attachment":[{"href":"https:\/\/muraste.ee\/vana\/index.php?rest_route=%2Fwp%2Fv2%2Fmedia&parent=770"}],"curies":[{"name":"wp","href":"https:\/\/api.w.org\/{rel}","templated":true}]}}