{"id":774,"date":"2016-03-07T21:50:02","date_gmt":"2016-03-07T19:50:02","guid":{"rendered":"https:\/\/muraste.ee\/vana\/?page_id=774"},"modified":"2023-01-30T15:40:40","modified_gmt":"2023-01-30T13:40:40","slug":"kultuuri-ja-spordikalender-2016","status":"publish","type":"page","link":"https:\/\/muraste.ee\/vana\/?page_id=774","title":{"rendered":"FILMIPROGRAMM"},"content":{"rendered":"<header class=\"entry-header\">\n<h1><span style=\"color: #ff6600;\">2023 a. toimunud seansid<\/span><\/h1>\n<p>17.02. &#8211; <a href=\"https:\/\/www.youtube.com\/watch?v=n0589fEXjNY\">Suvitajad<\/a><\/p>\n<p>27.01. &#8211; <a href=\"https:\/\/www.youtube.com\/watch?v=_KOG2t-D-NA&amp;t=3s\">P\u00f5rsas Ruudi<\/a><\/p>\n<p>20.01. &#8211;<a href=\"https:\/\/www.youtube.com\/watch?v=dCE7aj9jGDQ\"> Kolm soovi Tuhkatriinule<\/a><\/p>\n<p>14.01 &#8211;<a href=\"https:\/\/www.youtube.com\/watch?v=hQctF28Em2I\"> Kuulsuse narrid<\/a><\/p>\n<h1><span style=\"color: #ff6600;\">2022 a. toimunud seansid<\/span><\/h1>\n<p>Kalev, Nukatuka Metsarahvas, Kapten Morten lollide laeval, Vanamehe multikas, \u00dclelinna Vinski, Erik Kivis\u00fcda, Seenelk\u00e4ik, Apteeker Melchior 1, Apteeker Melchior 2 Viirastused, Pisut p\u00f5runud, Tagurpidi Torn, Kiik, kirves ja igavese armastuse puu, Noore Muumipapa seiklused, Soo, Siin pole midagi naljakat, Vee peal, Kupee nr. 6, Maagiline j\u00f5ulukarp, Jahi hooaeg, Maailma halvim inimene<\/p>\n<h1 class=\"entry-title\"><span style=\"color: #ff6600;\">2020\/2021 hooaja filmiprogramm Murastes<\/span><\/h1>\n<\/header>\n<div class=\"entry-content\">\n<p><a href=\"https:\/\/muraste.ee\/vana\/wp-content\/uploads\/2016\/03\/20776542_10155738473919752_3062074839125444972_o.jpg\" rel=\"attachment wp-att-7583\"><img decoding=\"async\" loading=\"lazy\" class=\"wp-image-7583 alignright\" src=\"https:\/\/muraste.ee\/vana\/wp-content\/uploads\/2016\/03\/20776542_10155738473919752_3062074839125444972_o-1024x305.jpg\" alt=\"20776542_10155738473919752_3062074839125444972_o\" width=\"333\" height=\"99\" srcset=\"https:\/\/muraste.ee\/vana\/wp-content\/uploads\/2016\/03\/20776542_10155738473919752_3062074839125444972_o-1024x305.jpg 1024w, https:\/\/muraste.ee\/vana\/wp-content\/uploads\/2016\/03\/20776542_10155738473919752_3062074839125444972_o-300x89.jpg 300w, https:\/\/muraste.ee\/vana\/wp-content\/uploads\/2016\/03\/20776542_10155738473919752_3062074839125444972_o-768x229.jpg 768w, https:\/\/muraste.ee\/vana\/wp-content\/uploads\/2016\/03\/20776542_10155738473919752_3062074839125444972_o-624x186.jpg 624w\" sizes=\"(max-width: 333px) 100vw, 333px\" \/><\/a>Taas t\u00f5otab tulla mitmekesiselt p\u00f5nev filmihooaeg \u2013 seda ka koduse Muraste kinopunkti ekraanil. \u00a0 Tulekul on palju kodu- ja v\u00e4lismaiseid linateoseid, filme lastele ja looduss\u00f5pradele.<\/p>\n<p><span style=\"color: #ff6600;\"><strong>MURASTE KINOPUNKT ESITLEB:<br \/>\n<\/strong><\/span><\/p>\n<p style=\"padding-left: 120px;\"><em><span style=\"color: #ff6600;\"><strong>2019\/2020 \u00a0HOOAJAL TOIMUNUD SEANSID<\/strong><\/span><\/em><\/p>\n<p style=\"padding-left: 120px;\"><em><span style=\"color: #ff6600;\"><strong><br \/>\n<a href=\"https:\/\/www.youtube.com\/watch?v=H-pWKHnGRJg\" target=\"_blank\" rel=\"noopener noreferrer\">P\u00e4ikese t\u00fctred<\/a><br \/>\n<span style=\"color: #000000;\"><a href=\"https:\/\/www.youtube.com\/watch?v=w5QJ2sFBxZg\" target=\"_blank\" rel=\"noopener noreferrer\">Mina, Leonardo<\/a><br \/>\n<a href=\"https:\/\/www.youtube.com\/watch?v=TBIMNvmzueg\" target=\"_blank\" rel=\"noopener noreferrer\">\u00dchemeheshow<br \/>\n<\/a><\/span><a href=\"https:\/\/www.youtube.com\/watch?v=BHtmq2d8CKc\" target=\"_blank\" rel=\"noopener noreferrer\">Britt-Marie oli siin<\/a><br \/>\n<\/strong><\/span><strong><span style=\"color: #000000;\">Fred J\u00fcssi &#8211; Olemise ilu<br \/>\n<\/span><\/strong><span style=\"color: #000000;\"><strong>Kahjuks ei olnud teid kohal<br \/>\nS\u00fcdamering<br \/>\nKonstatin Vassiljev &#8211; Kastist v\u00e4ljas<br \/>\nJagada v\u00f5i mitte jagada<\/strong><\/span><\/em><\/p>\n<p><span style=\"color: #0000ff;\">PS! J\u00e4lgige regulaarselt n\u00e4dalakava\/filmiprogrammi &#8211; tulemas on lisa ja v\u00f5imalikud on m\u00f5ningased ajalised muudatused.\u00a0\u00a0<\/span><\/p>\n<p>N, 31. oktoober &#8211;<strong> <span style=\"color: #ff6600;\">\u00a0<a href=\"https:\/\/www.youtube.com\/watch?v=zWqB-irRMCI\" target=\"_blank\" rel=\"noopener noreferrer\">Kiirtee p\u00f5rgusse<br \/>\n<\/a><\/span><\/strong>R,1. november<strong><span style=\"color: #000000;\"> &#8211; <a href=\"https:\/\/www.youtube.com\/watch?v=pwySVCk94K4\" target=\"_blank\" rel=\"noopener noreferrer\">Pettson ja Findus. Findus kolib \u00e4ra<\/a>\u00a0<\/span><\/strong><strong><span style=\"color: #ff6600;\"><br \/>\n<\/span><\/strong><span style=\"color: #000000;\">R, 25. oktoober &#8211;<strong>\u00a0<strong><a style=\"color: #000000;\" href=\"https:\/\/www.youtube.com\/watch?v=c7A0rsGr1GA\" target=\"_blank\" rel=\"noopener noreferrer\">Aasta t\u00e4is draamat<\/a><\/strong><br \/>\n<\/strong><\/span>R, 4. oktoober &#8211;\u00a0<strong><a href=\"https:\/\/www.youtube.com\/watch?v=GJ0q5zpH-OM\" target=\"_blank\" rel=\"noopener noreferrer\">Kohtunik<\/a><\/strong><br \/>\nR, 11. oktoober &#8211; <strong><a href=\"https:\/\/www.youtube.com\/watch?v=8DF15ZxWXog\" target=\"_blank\" rel=\"noopener noreferrer\">\u00dckssarvik<\/a><\/strong><br \/>\n27. september &#8211; \u00a0<a href=\"https:\/\/www.youtube.com\/watch?v=Sjcf19B4Viw\" target=\"_blank\" rel=\"noopener noreferrer\">Vanamehe film<\/a><\/p>\n<p><strong style=\"color: #ff6600; font-size: 1rem;\">2018\/2019 TOIMUNUD SEANSID:<br \/>\n<\/strong>5. oktoober: Eesti film: <a href=\"https:\/\/vimeo.com\/284772660\" target=\"_blank\" rel=\"noopener noreferrer\">P\u00d5RGU JAAN<\/a><br \/>\n12. oktoober: Eesti loodusfilm <a href=\"https:\/\/www.youtube.com\/watch?v=u2KRllzkrvI\" target=\"_blank\" rel=\"noopener noreferrer\">TUULTE TAHUTUD MAA<\/a><br \/>\n19. oktoober: Eesti film <a href=\"https:\/\/www.youtube.com\/watch?v=hQO-WubwEQk\" target=\"_blank\" rel=\"noopener noreferrer\">V\u00d5TA V\u00d5I J\u00c4TA<br \/>\n<\/a>26. oktoober: \u00a0Eesti-Islandi film <strong><a href=\"https:\/\/www.youtube.com\/watch?v=h-MTcXW67KE\" target=\"_blank\" rel=\"noopener noreferrer\">MIHKEL<\/a><\/strong>;<br \/>\n9. november: <a href=\"https:\/\/www.youtube.com\/watch?v=GbxpAAT5-3k\" target=\"_blank\" rel=\"noopener noreferrer\">\u00a0Soome film lastele <\/a><strong><a href=\"https:\/\/www.youtube.com\/watch?v=eIvOrB48EQA\" target=\"_blank\" rel=\"noopener noreferrer\">MUUMID JA TALVINE IMEDEMAA<br \/>\n<\/a><\/strong>16. november kell 19.00 \u00a0uus Rootsi eluloofilm<strong> <a href=\"https:\/\/www.youtube.com\/watch?v=GbxpAAT5-3k\" target=\"_blank\" rel=\"noopener noreferrer\">ASTRID LINDGRENI R\u00c4\u00c4KIMATA LUGU\u00a0<\/a>\u00a0<\/strong>29.november: kell 19.00: uues Eesti film<em><strong> <a href=\"https:\/\/www.youtube.com\/watch?v=HiwvKvMk-KQ\" target=\"_blank\" rel=\"noopener noreferrer\">\u00d5IGUS \u00d5NNELE<br \/>\n<\/a><\/strong><\/em>30. november kell 18.30: \u00a0uus Saksamaa film lastele\u00a0<strong><a href=\"https:\/\/www.youtube.com\/watch?v=GZlCIVdgzUY\" target=\"_blank\" rel=\"noopener noreferrer\">PAPA MOLL JA \u0161OKOLAADIVABRIK<br \/>\n<\/a><\/strong>21. detsember kell 19.00: UUS!\u00a0Eesti kogupere film<strong><a href=\"https:\/\/www.youtube.com\/watch?v=GZlCIVdgzUY\" target=\"_blank\" rel=\"noopener noreferrer\">\u00a0<\/a><strong><a href=\"https:\/\/www.youtube.com\/watch?v=pxPlRUKYxes\" target=\"_blank\" rel=\"noopener noreferrer\">EIA J\u00d5ULUD TONDIKAKUL<\/a><br \/>\n<\/strong><\/strong>R, 11. jaanuar kell 18.30:\u00a0<strong><strong><strong><strong><strong><a href=\"https:\/\/www.youtube.com\/watch?v=oFQ8WL0i2zw\" target=\"_blank\" rel=\"noopener noreferrer\">LOTTE JA KADUNUD LOHED<br \/>\n<\/a><\/strong><\/strong><\/strong><\/strong><\/strong><a href=\"https:\/\/www.youtube.com\/watch?v=oFQ8WL0i2zw\" target=\"_blank\" rel=\"noopener noreferrer\">R, 18. jaanuar kell 19<\/a><strong><strong><strong><strong><strong><a href=\"https:\/\/www.youtube.com\/watch?v=oFQ8WL0i2zw\" target=\"_blank\" rel=\"noopener noreferrer\"><strong><strong><strong> \u00a0<\/strong><\/strong><\/strong><\/a><strong><strong><strong><a href=\"https:\/\/www.youtube.com\/watch?v=9BND8NV0dlQ\" target=\"_blank\" rel=\"noopener noreferrer\">STAATUSE UUENDAMINE<br \/>\n<\/a><\/strong><\/strong><\/strong><\/strong><\/strong><\/strong><\/strong><\/strong>R, 25. jaanuar kell 19<strong><strong><strong>\u00a0<strong><a href=\"https:\/\/www.youtube.com\/watch?v=9RiJkOE0fls\" target=\"_blank\" rel=\"noopener noreferrer\">JOHANNES P\u00c4\u00c4SUKESE T\u00d5ELINE ELU<\/a><br \/>\n<\/strong><\/strong><\/strong><\/strong>R, 1. veebruar kell 19<strong><strong><strong>\u00a0<strong><a href=\"https:\/\/www.youtube.com\/watch?v=RAHctGYYuWE\" target=\"_blank\" rel=\"noopener noreferrer\">L\u00d5BUS PEREKOND<br \/>\n<\/a><\/strong><\/strong><\/strong><\/strong>R,\u00a08. veebruar<strong><strong><strong><strong> <strong><a href=\"https:\/\/www.youtube.com\/watch?v=aWDdiYrSRDs\" target=\"_blank\" rel=\"noopener noreferrer\">Klassikokkutulek III<br \/>\n<\/a><\/strong><\/strong><\/strong><\/strong><\/strong>R, 15. veebruar\u00a0kell 18.30\u00a0<strong><strong><strong><strong><strong><a href=\"https:\/\/www.youtube.com\/watch?v=aWDdiYrSRDs\" target=\"_blank\" rel=\"noopener noreferrer\">\u00a0<\/a><strong><strong><strong><a href=\"https:\/\/www.youtube.com\/watch?v=uLeq78OpQPw\" target=\"_blank\" rel=\"noopener noreferrer\"><strong>MAADEAVASTAJA PULKSON<br \/>\n<\/strong><\/a><\/strong><\/strong><\/strong><\/strong><\/strong><\/strong><\/strong><\/strong>R, 22. veebruar kell 19<strong><strong><strong><strong><strong><strong><strong><strong><strong>\u00a0<a href=\"https:\/\/www.youtube.com\/watch?v=uLeq78OpQPw\" target=\"_blank\" rel=\"noopener noreferrer\">\u00a0<\/a><strong><strong><a href=\"https:\/\/www.youtube.com\/watch?v=xfVVHm2vK60\" target=\"_blank\" rel=\"noopener noreferrer\">T\u00f5de ja \u00f5igus<\/a><br \/>\n<\/strong><\/strong><\/strong><\/strong><\/strong><\/strong><\/strong><\/strong><\/strong><\/strong><\/strong>R, 15. m\u00e4rts kell 18.30 lastele\u00a0<strong><strong><strong><strong><strong><strong><strong><strong><strong><strong><strong><strong><a href=\"https:\/\/www.youtube.com\/watch?v=kSu9uEP-mcs\" target=\"_blank\" rel=\"noopener noreferrer\">V\u00e4ike draakon Kokosaurus: Seiklus d\u017eunglis<\/a><\/strong><br \/>\n<\/strong><\/strong><\/strong><\/strong><\/strong><\/strong><\/strong><\/strong><\/strong><\/strong><\/strong>L, 16. m\u00e4rts kell 18.30<strong><strong><strong><strong><strong><strong><strong><strong><strong><strong><strong>\u00a0<a href=\"https:\/\/www.youtube.com\/watch?v=uLeq78OpQPw\" target=\"_blank\" rel=\"noopener noreferrer\"><strong>\u00a0<\/strong><\/a><strong><strong><a href=\"https:\/\/www.youtube.com\/watch?v=xfVVHm2vK60\" target=\"_blank\" rel=\"noopener noreferrer\">T\u00f5de ja \u00f5igus<\/a><br \/>\n<\/strong><\/strong><\/strong><\/strong><\/strong><\/strong><\/strong><\/strong><\/strong><\/strong><\/strong><\/strong><\/strong>R, 22. m\u00e4rts kell 19<strong><strong><strong><strong><strong><strong><strong><strong><strong><strong><strong><strong><strong> <strong><a href=\"https:\/\/www.youtube.com\/watch?v=6rtyPwkR5ws\" target=\"_blank\" rel=\"noopener noreferrer\">Raamatupood\u00a0<\/a><br \/>\n<\/strong><\/strong><\/strong><\/strong><\/strong><\/strong><\/strong><\/strong><\/strong><\/strong><\/strong><\/strong><\/strong><\/strong>R, 29. m\u00e4rts kell 19<strong><strong><strong><strong><strong><strong><strong><strong><strong><strong><strong><strong><strong><strong> \u00a0<em><a href=\"https:\/\/www.youtube.com\/watch?v=Q_TA04j7Ooo\" target=\"_blank\" rel=\"noopener noreferrer\"><strong>Mehed<br \/>\n<\/strong><\/a><\/em><\/strong><\/strong><\/strong><\/strong><\/strong><\/strong><\/strong><\/strong><\/strong><\/strong><\/strong><\/strong><\/strong><\/strong><a href=\"https:\/\/www.youtube.com\/watch?v=Q_TA04j7Ooo\" target=\"_blank\" rel=\"noopener noreferrer\">R, 12. aprill kell 19<\/a><strong><strong><strong><strong><strong><strong><strong><strong><strong><strong><strong><strong><strong><strong><em> <strong><strong><a href=\"https:\/\/www.youtube.com\/watch?v=yuLvvbiaa7A\" target=\"_blank\" rel=\"noopener noreferrer\">Skandinaavia vaikus<br \/>\n<\/a><\/strong><\/strong><\/em><\/strong><\/strong><\/strong><\/strong><\/strong><\/strong><\/strong><\/strong><\/strong><\/strong><\/strong><\/strong><\/strong><\/strong>R, 19. aprill<a style=\"color: #000000;\" href=\"https:\/\/etv.err.ee\/v\/kultuurisaated\/op\/videod\/aac57521-3482-433f-be59-6f44665bad19\/riho-undi-ja-kaspar-jancise-koostoos-valmib-uus-nukufilm-morten-lollide-laeval\" target=\"_blank\" rel=\"noopener noreferrer\">\u00a0<\/a>kell 19 kogu perele\u00a0<strong><span style=\"color: #3366ff;\"><a style=\"color: #3366ff;\" href=\"https:\/\/www.youtube.com\/watch?v=X4DqRH5TICE\" target=\"_blank\" rel=\"noopener noreferrer\">V\u00e4ikese p\u00f5hjap\u00f5dra Ailo suur seiklus<\/a><\/span><\/strong><br \/>\nP, 21.04 kell 18.30 lastele \u00a0<strong style=\"color: #000000;\"><span style=\"color: #3366ff;\"><a style=\"color: #000000;\" href=\"https:\/\/etv.err.ee\/v\/kultuurisaated\/op\/videod\/aac57521-3482-433f-be59-6f44665bad19\/riho-undi-ja-kaspar-jancise-koostoos-valmib-uus-nukufilm-morten-lollide-laeval\" target=\"_blank\" rel=\"noopener noreferrer\">Kapten Morten lollide laeval<\/a>. <\/span><\/strong><em><span style=\"color: #808080;\">kohtumine filmi looja Kaspar Jancisega!<\/span><\/em><a style=\"color: #000000;\" href=\"https:\/\/etv.err.ee\/v\/kultuurisaated\/op\/videod\/aac57521-3482-433f-be59-6f44665bad19\/riho-undi-ja-kaspar-jancise-koostoos-valmib-uus-nukufilm-morten-lollide-laeval\" target=\"_blank\" rel=\"noopener noreferrer\"><br \/>\n<\/a>T, 23.04. kell 18.30 lastele\u00a0<strong><span style=\"color: #3366ff;\"><a style=\"color: #3366ff;\" href=\"https:\/\/www.youtube.com\/watch?v=KadLSseSkp8\" target=\"_blank\" rel=\"noopener noreferrer\">Kasper ja Emma l\u00e4hevad aardejahil<br \/>\n<\/a><\/span><\/strong>R, 5. mai kell 19: <strong><a href=\"https:\/\/viv.ee\/watch\/ott-t\u00e4nak-quot-the-movie-quot-2019-ametlik-treiler_YUU1QyI9sonb2KK.html\" target=\"_blank\" rel=\"noopener noreferrer\">Ott T\u00e4nak<\/a><\/strong><\/p>\n<p><strong>Kohtume kinos \u2013 Muraste koolimaja aatriumis (Lee tee 9, Muraste)!<\/strong><\/p>\n<p>Lisainfo: kogukonnakeskus@muraste.ee, 5848 9661 (Urvi Nigu)<\/p>\n<\/div>\n<p><strong><span style=\"color: #ff6600;\">KOOST\u00d6\u00d6PARTNER<\/span><\/strong><br \/>\n<a href=\"https:\/\/muraste.ee\/vana\/wp-content\/uploads\/2016\/03\/20776542_10155738473919752_3062074839125444972_o.jpg\" rel=\"attachment wp-att-7583\"><img decoding=\"async\" loading=\"lazy\" class=\"alignnone size-large wp-image-7583\" src=\"https:\/\/muraste.ee\/vana\/wp-content\/uploads\/2016\/03\/20776542_10155738473919752_3062074839125444972_o-1024x305.jpg\" alt=\"20776542_10155738473919752_3062074839125444972_o\" width=\"625\" height=\"186\" srcset=\"https:\/\/muraste.ee\/vana\/wp-content\/uploads\/2016\/03\/20776542_10155738473919752_3062074839125444972_o-1024x305.jpg 1024w, https:\/\/muraste.ee\/vana\/wp-content\/uploads\/2016\/03\/20776542_10155738473919752_3062074839125444972_o-300x89.jpg 300w, https:\/\/muraste.ee\/vana\/wp-content\/uploads\/2016\/03\/20776542_10155738473919752_3062074839125444972_o-768x229.jpg 768w, https:\/\/muraste.ee\/vana\/wp-content\/uploads\/2016\/03\/20776542_10155738473919752_3062074839125444972_o-624x186.jpg 624w\" sizes=\"(max-width: 625px) 100vw, 625px\" \/><\/a><\/p>\n","protected":false},"excerpt":{"rendered":"<p>2023 a. toimunud seansid 17.02. &#8211; Suvitajad 27.01. &#8211; P\u00f5rsas Ruudi 20.01. &#8211; Kolm soovi Tuhkatriinule 14.01 &#8211; Kuulsuse narrid 2022 a. toimunud seansid Kalev, Nukatuka Metsarahvas, Kapten Morten lollide laeval, Vanamehe multikas, \u00dclelinna Vinski, Erik Kivis\u00fcda, Seenelk\u00e4ik, Apteeker Melchior 1, Apteeker Melchior 2 Viirastused, Pisut p\u00f5runud, Tagurpidi Torn, Kiik, kirves ja igavese armastuse puu,<a class=\"moretag\" href=\"https:\/\/muraste.ee\/vana\/?page_id=774\"><br \/>&#8230;Loe edasi<\/a><\/p>\n","protected":false},"author":2,"featured_media":5988,"parent":0,"menu_order":0,"comment_status":"closed","ping_status":"closed","template":"","meta":{"_bbp_topic_count":0,"_bbp_reply_count":0,"_bbp_total_topic_count":0,"_bbp_total_reply_count":0,"_bbp_voice_count":0,"_bbp_anonymous_reply_count":0,"_bbp_topic_count_hidden":0,"_bbp_reply_count_hidden":0,"_bbp_forum_subforum_count":0,"_mc_calendar":[]},"_links":{"self":[{"href":"https:\/\/muraste.ee\/vana\/index.php?rest_route=\/wp\/v2\/pages\/774"}],"collection":[{"href":"https:\/\/muraste.ee\/vana\/index.php?rest_route=\/wp\/v2\/pages"}],"about":[{"href":"https:\/\/muraste.ee\/vana\/index.php?rest_route=\/wp\/v2\/types\/page"}],"author":[{"embeddable":true,"href":"https:\/\/muraste.ee\/vana\/index.php?rest_route=\/wp\/v2\/users\/2"}],"replies":[{"embeddable":true,"href":"https:\/\/muraste.ee\/vana\/index.php?rest_route=%2Fwp%2Fv2%2Fcomments&post=774"}],"version-history":[{"count":257,"href":"https:\/\/muraste.ee\/vana\/index.php?rest_route=\/wp\/v2\/pages\/774\/revisions"}],"predecessor-version":[{"id":9528,"href":"https:\/\/muraste.ee\/vana\/index.php?rest_route=\/wp\/v2\/pages\/774\/revisions\/9528"}],"wp:featuredmedia":[{"embeddable":true,"href":"https:\/\/muraste.ee\/vana\/index.php?rest_route=\/wp\/v2\/media\/5988"}],"wp:attachment":[{"href":"https:\/\/muraste.ee\/vana\/index.php?rest_route=%2Fwp%2Fv2%2Fmedia&parent=774"}],"curies":[{"name":"wp","href":"https:\/\/api.w.org\/{rel}","templated":true}]}}