{"id":877,"date":"2016-03-15T18:06:14","date_gmt":"2016-03-15T16:06:14","guid":{"rendered":"https:\/\/muraste.ee\/vana\/?page_id=877"},"modified":"2016-03-17T14:30:57","modified_gmt":"2016-03-17T12:30:57","slug":"soovin-olla-vabatahtlik","status":"publish","type":"page","link":"https:\/\/muraste.ee\/vana\/?page_id=877","title":{"rendered":"Soovin olla vabatahtlik"},"content":{"rendered":"<p><a href=\"https:\/\/muraste.ee\/vana\/wp-content\/uploads\/2015\/11\/vabatahtlik_sober-2.jpg\"><img decoding=\"async\" loading=\"lazy\" class=\"alignnone  wp-image-863\" src=\"https:\/\/muraste.ee\/vana\/wp-content\/uploads\/2015\/11\/vabatahtlik_sober-2.jpg\" alt=\"vabatahtlik_sober (2)\" width=\"118\" height=\"116\" \/><\/a><\/p>\n<p>Vabatahtlikud muudavad oma v\u00e4ikeste ja suurte heategudega maailma. Veelgi olulisem \u2013 sellega\u00a0 muutub ka inimese enda maailm. Vabatahtlik tegevus pakub positiivset emotsiooni, vaheldust igap\u00e4evasele rutiinile, v\u00f5imalust ennast arendada ning oma maailmapilti avardada.<\/p>\n<h3>VABATAHTLIKUNA SAAD:<\/h3>\n<ul>\n<li>teha midagi head ja kasulikku<a href=\"http:\/\/vabatahtlikud.ee\/wp-content\/uploads\/2015\/04\/p%C3%B6idlad.jpg\" rel=\"group\"><img decoding=\"async\" loading=\"lazy\" class=\"alignright size-full wp-image-612\" src=\"http:\/\/vabatahtlikud.ee\/wp-content\/uploads\/2015\/04\/p%C3%B6idlad.jpg\" alt=\"p\u00f6idlad\" width=\"259\" height=\"194\" \/><\/a><\/li>\n<li>ennast avastada ja proovile panna<\/li>\n<li>omandada uusi teadmisi, oskusi ja kogemusi<\/li>\n<li>leida uusi s\u00f5pru ja tuttavaid<\/li>\n<li>veeta vaba aega sisukalt ja l\u00f5busalt<\/li>\n<\/ul>\n<p>Tutvu vabatahtliku tegevuse v\u00f5imalustega <a href=\"http:\/\/vabatahtlikud.ee\/sinu-voimalused\/\">siin<\/a>. Juhul kui sa koheselt endale sobivat tegevust ei leia, siis uuri, mida on pakkuda <a title=\"Vabatahtliku tegevuse vahendajad\" href=\"http:\/\/vabatahtlikud.ee\/vabatahtlik-tegevus\/vabatahtliku-tegevuse-vahendajad\/\">vabatahtlikke tegevusi vahendavatel organisatsioonidel<\/a>, ideid, n\u00e4iteid ja lugusid vabatahtlikuks olemisest leiab ka <a href=\"http:\/\/vabatahtlikud.ee\/vabatahtlik-tegevus\/blogi\/\">Vabatahtlike V\u00e4rava blogist<\/a>.\u00a0 Lisanduvate pakkumistega kursis olemiseks telli meie uudiskiri.<\/p>\n<h3>ESITA ENDALE KA J\u00c4RGMISED K\u00dcSIMUSED:<\/h3>\n<p><strong>Miks ma tahan vabatahtlikuks hakata?<\/strong><\/p>\n<p>Kas otsid vaheldust v\u00f5i suuri v\u00e4ljakutseid, tahad teisi aidata v\u00f5i midagi uut \u00f5ppida? L\u00e4htuvalt sellest, mida sa vabatahtlikust t\u00f6\u00f6st ennek\u00f5ike ootad, saad asuda otsima endale sobivat tegevust ja organisatsiooni.<\/p>\n<p><strong>Mis valdkond mind huvitab?<\/strong><\/p>\n<p>Kas m\u00f5ni teema v\u00f5i valdkond on sulle teistest s\u00fcdamel\u00e4hedasem? Kas soovid end proovile panna alal, millest seni suuremat ei tea, kuid mis sind huvitab?<\/p>\n<p><strong>Kui palju aega saan ma vabatahtlikule tegevusele p\u00fchendada?<\/strong><\/p>\n<p>Sageli hinnatakse oma ajalisi v\u00f5imalusi \u00fcle ning v\u00f5etakse endale innukalt vabatahtlikke kohustusi, mida hiljem t\u00e4ita ei j\u00f5uta. Seet\u00f5ttu tasub l\u00e4bi m\u00f5elda, kui palju vaba aega sul tegelikult muude tegemiste k\u00f5rvalt j\u00e4\u00e4b.<\/p>\n<p><strong>Kas eelistan t\u00f6\u00f6tada \u00fcksi v\u00f5i koos teistega?<\/strong><\/p>\n<p>M\u00f5ni tunneb ennast kindlamalt tegutsedes koos teistega, samas on mitmeid vabatahtlikke tegevusi v\u00f5imalik ise paindlikult korraldada \u2013 t\u00f6\u00f6d v\u00f5ib teha endale sobival ajal ja kohas. K\u00fcsi vabatahtlikke kaasavatelt organisatsioonidelt, milline on nende t\u00f6\u00f6korraldus.<\/p>\n<p><strong>Mida on mul teistele pakkuda?<\/strong><\/p>\n<p>Iga\u00fchel on midagi pakkuda, olgu selleks teiste kuulamise oskus, julge pealehakkamine v\u00f5i s\u00e4rav naeratus. V\u00f5i sul on erialaseid oskusi ja v\u00e4\u00e4rt kogemusi, mida oled valmis vabatahtlikus t\u00f6\u00f6s jagama?<\/p>\n<p>Allikas: Eesti K\u00fclaliikumine Kodukant<\/p>\n","protected":false},"excerpt":{"rendered":"<p>Vabatahtlikud muudavad oma v\u00e4ikeste ja suurte heategudega maailma. Veelgi olulisem \u2013 sellega\u00a0 muutub ka inimese enda maailm. Vabatahtlik tegevus pakub positiivset emotsiooni, vaheldust igap\u00e4evasele rutiinile, v\u00f5imalust ennast arendada ning oma maailmapilti avardada. VABATAHTLIKUNA SAAD: teha midagi head ja kasulikku ennast avastada ja proovile panna omandada uusi teadmisi, oskusi ja kogemusi leida uusi s\u00f5pru ja tuttavaid<a class=\"moretag\" href=\"https:\/\/muraste.ee\/vana\/?page_id=877\"><br \/>&#8230;Loe edasi<\/a><\/p>\n","protected":false},"author":2,"featured_media":0,"parent":0,"menu_order":0,"comment_status":"closed","ping_status":"closed","template":"","meta":{"_bbp_topic_count":0,"_bbp_reply_count":0,"_bbp_total_topic_count":0,"_bbp_total_reply_count":0,"_bbp_voice_count":0,"_bbp_anonymous_reply_count":0,"_bbp_topic_count_hidden":0,"_bbp_reply_count_hidden":0,"_bbp_forum_subforum_count":0,"_mc_calendar":[]},"_links":{"self":[{"href":"https:\/\/muraste.ee\/vana\/index.php?rest_route=\/wp\/v2\/pages\/877"}],"collection":[{"href":"https:\/\/muraste.ee\/vana\/index.php?rest_route=\/wp\/v2\/pages"}],"about":[{"href":"https:\/\/muraste.ee\/vana\/index.php?rest_route=\/wp\/v2\/types\/page"}],"author":[{"embeddable":true,"href":"https:\/\/muraste.ee\/vana\/index.php?rest_route=\/wp\/v2\/users\/2"}],"replies":[{"embeddable":true,"href":"https:\/\/muraste.ee\/vana\/index.php?rest_route=%2Fwp%2Fv2%2Fcomments&post=877"}],"version-history":[{"count":2,"href":"https:\/\/muraste.ee\/vana\/index.php?rest_route=\/wp\/v2\/pages\/877\/revisions"}],"predecessor-version":[{"id":973,"href":"https:\/\/muraste.ee\/vana\/index.php?rest_route=\/wp\/v2\/pages\/877\/revisions\/973"}],"wp:attachment":[{"href":"https:\/\/muraste.ee\/vana\/index.php?rest_route=%2Fwp%2Fv2%2Fmedia&parent=877"}],"curies":[{"name":"wp","href":"https:\/\/api.w.org\/{rel}","templated":true}]}}