{"id":9632,"date":"2023-03-20T15:33:54","date_gmt":"2023-03-20T13:33:54","guid":{"rendered":"https:\/\/muraste.ee\/vana\/?page_id=9632"},"modified":"2023-03-20T15:33:55","modified_gmt":"2023-03-20T13:33:55","slug":"nadal-12-5","status":"publish","type":"page","link":"https:\/\/muraste.ee\/vana\/?page_id=9632","title":{"rendered":"N\u00e4dal 12"},"content":{"rendered":"\n<p><img decoding=\"async\" loading=\"lazy\" width=\"624\" height=\"370\" src=\"https:\/\/muraste.ee\/vana\/wp-content\/uploads\/2023\/03\/liverflower-1393813_1920-624x370.jpg\" alt=\"\" srcset=\"https:\/\/muraste.ee\/vana\/wp-content\/uploads\/2023\/03\/liverflower-1393813_1920-624x370.jpg 624w, https:\/\/muraste.ee\/vana\/wp-content\/uploads\/2023\/03\/liverflower-1393813_1920-300x178.jpg 300w, https:\/\/muraste.ee\/vana\/wp-content\/uploads\/2023\/03\/liverflower-1393813_1920-1024x606.jpg 1024w, https:\/\/muraste.ee\/vana\/wp-content\/uploads\/2023\/03\/liverflower-1393813_1920-768x455.jpg 768w, https:\/\/muraste.ee\/vana\/wp-content\/uploads\/2023\/03\/liverflower-1393813_1920-1536x910.jpg 1536w, https:\/\/muraste.ee\/vana\/wp-content\/uploads\/2023\/03\/liverflower-1393813_1920.jpg 1920w\"><\/p>\n\n\n\n<h1 class=\"wp-block-heading\">N\u00e4dal 12<\/h1>\n\n\n\n<p>Tere, armas Muraste! T\u00e4na algab kevad! K\u00fclaseltsis on puhumas ka uued kevadtuuled. Kuna Muraste elanikele meeldib v\u00e4ga oma k\u00fcla kino ja teatrit k\u00fclastada, siis j\u00e4\u00e4b reede \u00f5htutest v\u00e4heks. KINOKLUBIS hakkame n\u00e4itama ka teistel n\u00e4dalap\u00e4evadel tunnustatud dokfilme, v\u00e4\u00e4rtfilme, auhinnatud filme ja kohtume n\u00e4itlejate ning re\u017aiss\u00f6\u00f6ridega.<\/p>\n\n\n\n<p><strong>Esimene KINOKLUBI film on juba 5. aprillil \u2013 \u201cSavvusanna s\u00f5sarad\u201d, mis p\u00e4lvis mainekal Sundance filmifestivalil re\u017aiss\u00f6\u00f6rit\u00f6\u00f6 peapreemia.<\/strong><\/p>\n\n\n\n<figure class=\"wp-block-image is-resized\"><a href=\"https:\/\/muraste.ee\/vana\/wp-content\/uploads\/2023\/03\/Savusanna-1.jpg\"><img decoding=\"async\" loading=\"lazy\" src=\"https:\/\/muraste.ee\/vana\/wp-content\/uploads\/2023\/03\/Savusanna-1-724x1024.jpg\" alt=\"\" class=\"wp-image-9620\" width=\"558\" height=\"789\" srcset=\"https:\/\/muraste.ee\/vana\/wp-content\/uploads\/2023\/03\/Savusanna-1-724x1024.jpg 724w, https:\/\/muraste.ee\/vana\/wp-content\/uploads\/2023\/03\/Savusanna-1-212x300.jpg 212w, https:\/\/muraste.ee\/vana\/wp-content\/uploads\/2023\/03\/Savusanna-1-768x1086.jpg 768w, https:\/\/muraste.ee\/vana\/wp-content\/uploads\/2023\/03\/Savusanna-1-1086x1536.jpg 1086w, https:\/\/muraste.ee\/vana\/wp-content\/uploads\/2023\/03\/Savusanna-1-1448x2048.jpg 1448w, https:\/\/muraste.ee\/vana\/wp-content\/uploads\/2023\/03\/Savusanna-1-624x883.jpg 624w, https:\/\/muraste.ee\/vana\/wp-content\/uploads\/2023\/03\/Savusanna-1.jpg 1587w\" sizes=\"(max-width: 558px) 100vw, 558px\" \/><\/a><\/figure>\n\n\n\n<p>Esimese Eesti dokumentaalfilmina maineka Sundance\u00b4i filmifestivali v\u00f5istlusprogrammis esilinastunud ja seal maailmakino dokumentaalfilmide v\u00f5istlusprogrammi parima re\u017eiss\u00f6\u00f6ri preemia v\u00f5itnud \u201eSavvusanna s\u00f5sarad\u201c on kaasaegne portreefilm naistest, kes suitsusauna kaitsvas pimeduses kokku tulevad, oma s\u00fcgavamaid saladusi jagavad ning kehasse kogunenud h\u00e4bi ja valu maha pesevad.<\/p>\n\n\n\n<p>\u201eSavvusanna s\u00f5sarad\u201c tutvustab ka L\u00f5una-Eesti suitsusauna kombestikku (\u201esavvusanna komb\u00f5\u201c), mis on kantud UNESCO inimkonna vaimse kultuurip\u00e4randi esindusnimekirja.<br><a rel=\"noreferrer noopener\" href=\"https:\/\/www.youtube.com\/watch?v=8Yq9Fej3xGo&amp;fbclid=IwAR3cYJOvTLA4g1oMlyeHVgaNEQobQ79SWvTW2hggr-GG49oqFrrF_t3jOHo\" target=\"_blank\">https:\/\/www.youtube.com\/watch?v=8Yq9Fej3xGo<\/a><\/p>\n\n\n\n<p>Filmi \u201eSavvusanna s\u00f5sarad\u201c re\u017eiss\u00f6\u00f6r ja stsenarist on Anna Hints. Produtsent on Marianne Ostrat (Alexandra Film, Eesti), kaasprodutsendid on Juliette Cazanave (Kepler22 Productions, Prantsusmaa), Hl\u00edn J\u00f3hannesd\u00f3ttir (Ursus Parvus Island) ja Eero Talvistu \u2020 (Eesti). Filmi operaator on Ants Tammik, monteerijad Hendrik M\u00e4gar, Tushar Prakash, Qutaiba Barhamji, Martin M\u00e4nnik ja Anna Hints. Heli salvestas Tanel Kadalipp ja Patrick McGinley. Helire\u017eiss\u00f6\u00f6r on Huldar Freyr Arnarson ning heliloojad Edvard Egilsson ja ansambel EETER (Anna Hints, Marja-Liisa Plats, Ann Reimann).<\/p>\n\n\n\n<p>Filmi valmimist toetasid Eesti Filmi Instituut, Eesti Kultuurkapital, Centre national du cin\u00e9ma et de l\u2019image anim\u00e9e, SACEM, Sundance Institute Documentary Fund, Islandi Filmikeskus ning Tartu Filmifond. Projekti arendati Ice &amp; Fire Docs dokfilmide arendusprogrammis. Projekti esitleti IDFA Forumil ja Nordisk Forumil.<br>\u201eSavvusanna s\u00f5sarad\u201c on esimene Eesti dokumentaalfilm, mis esilinastus mainekal Sundance\u00b4i filmifestivalil maailmakino dokumentaalfilmide v\u00f5istlusprogrammis. Sundance\u2019i filmifestival on iga-aastane k\u00f5rgetasemeline filmis\u00fcndmus, mida korraldab Sundance\u2019i Instituut. See on Ameerika \u00dchendriikide olulisim s\u00f5ltumatute filmide festival ning aasta esimene viiest maailma tippfestivalist, mille hulka kuuluvad veel Berliini, Cannes\u2019i, Veneetsia ja Toronto filmifestival.<\/p>\n\n\n\n<p><strong>ESIETENDUS: KAUNITAR JA KOLETIS<\/strong><\/p>\n\n\n\n<p><strong>24. m\u00e4rtsil kell 19.00<\/strong><\/p>\n\n\n\n<p>Avatud kohvik kell 18.30<strong><br>Muraste NIMETU N\u00c4ITEM\u00c4NGUSELTSKOND<\/strong><\/p>\n\n\n\n<p>Muraste aatriumis (Lee tee 9)<br><strong>osaluspanus 7.00 eur<\/strong><\/p>\n\n\n\n<figure class=\"wp-block-image size-large is-resized\"><a href=\"https:\/\/muraste.ee\/vana\/wp-content\/uploads\/2023\/03\/IMG_48983565-scaled.jpg\"><img decoding=\"async\" loading=\"lazy\" src=\"https:\/\/muraste.ee\/vana\/wp-content\/uploads\/2023\/03\/IMG_48983565-1024x519.jpg\" alt=\"\" class=\"wp-image-9628\" width=\"566\" height=\"286\" srcset=\"https:\/\/muraste.ee\/vana\/wp-content\/uploads\/2023\/03\/IMG_48983565-1024x519.jpg 1024w, https:\/\/muraste.ee\/vana\/wp-content\/uploads\/2023\/03\/IMG_48983565-300x152.jpg 300w, https:\/\/muraste.ee\/vana\/wp-content\/uploads\/2023\/03\/IMG_48983565-768x389.jpg 768w, https:\/\/muraste.ee\/vana\/wp-content\/uploads\/2023\/03\/IMG_48983565-1536x779.jpg 1536w, https:\/\/muraste.ee\/vana\/wp-content\/uploads\/2023\/03\/IMG_48983565-2048x1038.jpg 2048w, https:\/\/muraste.ee\/vana\/wp-content\/uploads\/2023\/03\/IMG_48983565-624x316.jpg 624w\" sizes=\"(max-width: 566px) 100vw, 566px\" \/><\/a><\/figure>\n\n\n\n<figure class=\"wp-block-image is-resized\"><a href=\"https:\/\/muraste.ee\/vana\/wp-content\/uploads\/2023\/02\/Kaunitar-ja-koletis.jpg\"><img decoding=\"async\" loading=\"lazy\" src=\"https:\/\/muraste.ee\/vana\/wp-content\/uploads\/2023\/02\/Kaunitar-ja-koletis-724x1024.jpg\" alt=\"\" class=\"wp-image-9559\" width=\"573\" height=\"810\" srcset=\"https:\/\/muraste.ee\/vana\/wp-content\/uploads\/2023\/02\/Kaunitar-ja-koletis-724x1024.jpg 724w, https:\/\/muraste.ee\/vana\/wp-content\/uploads\/2023\/02\/Kaunitar-ja-koletis-212x300.jpg 212w, https:\/\/muraste.ee\/vana\/wp-content\/uploads\/2023\/02\/Kaunitar-ja-koletis-768x1086.jpg 768w, https:\/\/muraste.ee\/vana\/wp-content\/uploads\/2023\/02\/Kaunitar-ja-koletis-1086x1536.jpg 1086w, https:\/\/muraste.ee\/vana\/wp-content\/uploads\/2023\/02\/Kaunitar-ja-koletis-1448x2048.jpg 1448w, https:\/\/muraste.ee\/vana\/wp-content\/uploads\/2023\/02\/Kaunitar-ja-koletis-624x883.jpg 624w, https:\/\/muraste.ee\/vana\/wp-content\/uploads\/2023\/02\/Kaunitar-ja-koletis.jpg 1587w\" sizes=\"(max-width: 573px) 100vw, 573px\" \/><\/a><\/figure>\n\n\n\n<figure class=\"wp-block-image size-large is-resized\"><a href=\"https:\/\/muraste.ee\/vana\/wp-content\/uploads\/2023\/03\/20230316_2039003566-1-scaled.jpg\"><img decoding=\"async\" loading=\"lazy\" src=\"https:\/\/muraste.ee\/vana\/wp-content\/uploads\/2023\/03\/20230316_2039003566-1-1024x904.jpg\" alt=\"\" class=\"wp-image-9630\" width=\"380\" height=\"335\" srcset=\"https:\/\/muraste.ee\/vana\/wp-content\/uploads\/2023\/03\/20230316_2039003566-1-1024x904.jpg 1024w, https:\/\/muraste.ee\/vana\/wp-content\/uploads\/2023\/03\/20230316_2039003566-1-300x265.jpg 300w, https:\/\/muraste.ee\/vana\/wp-content\/uploads\/2023\/03\/20230316_2039003566-1-768x678.jpg 768w, https:\/\/muraste.ee\/vana\/wp-content\/uploads\/2023\/03\/20230316_2039003566-1-1536x1356.jpg 1536w, https:\/\/muraste.ee\/vana\/wp-content\/uploads\/2023\/03\/20230316_2039003566-1-2048x1807.jpg 2048w, https:\/\/muraste.ee\/vana\/wp-content\/uploads\/2023\/03\/20230316_2039003566-1-624x551.jpg 624w\" sizes=\"(max-width: 380px) 100vw, 380px\" \/><\/a><\/figure>\n\n\n\n<p><strong>Kogupere etendus.<\/strong><\/p>\n\n\n\n<p>Kaunitar Belle on armas ja heatahtlik neiu, kes satub elama kaugesse lossi, kus k\u00f5ik ei ole nii, nagu ta harjunud on. Lossi valitseb koletis, tema teenijaskond on pisut veider ja tagasiteed lossist koju juba naljalt ei leia. Kas ka seekord v\u00f5idab armastus needuse v\u00f5i koletis j\u00e4\u00e4b koletiseks? Seda saad sa ainult siis teada, kui tuled vaatama Anne Veesaare lavastatud \u201eKaunitari ja koletist\u201c meie oma Muraste Nimetu N\u00e4item\u00e4nguseltskonna ja Muraste Kooli n\u00e4iteringi laste esituses juba 24. m\u00e4rtsil kell 19 Muraste koolimajas.<br>Dramaturg ja lavastaja: Anne Veesaar<br>M\u00e4ngivad:<br>Belle \u2013 Evelin Tiirik<br>Koletis \u2013 Rainer Tsirk<br>Prints \u2013 Karel Alamaa<br>Teener\/K\u00fc\u00fcnlajalg \u2013 Urmo Lamp<br>\u00d5ukonnadaam\/Tolmuhari \u2013 Pille Lamp<br>\u00d5ukonnadaam\/Teekann \u2013 \u00dclle Jurtom<br>Kerjusnaine \u2013 Katrin Pebsen-Zachrau<br>Kaupmees \u2013 Armand Danilson<br>1. \u00f5de \u2013 Veronica Pebsen-Zachrau<br>2. \u00f5de \u2013 Anete Niinemets<br>1.turum\u00fc\u00fcja \u2013 Tessa Tsirk<br>2.turum\u00fc\u00fcja \u2013 Nora Lee Adamson<br>3.turum\u00fc\u00fcja \u2013 Maivi Vainola<br>4.turum\u00fc\u00fcja \u2013 Jakob J\u00e4rvam\u00e4gi<\/p>\n\n\n\n<p>Heli ja valgus: Sebastian Pebsen-Zachrau,<\/p>\n\n\n\n<p>Lossi p\u00e4\u00e4seb 7 kuldm\u00fcndi eest alates kella 18.30.<\/p>\n\n\n\n<p>Kui kuldm\u00fcnte pole, v\u00f5ib pakkuda ka euroraha.<\/p>\n\n\n\n<p><strong>IMPROTEATRI ETENDUS:<\/strong><\/p>\n\n\n\n<p><strong>MASK MAHA<\/strong><\/p>\n\n\n\n<p><strong>30. m\u00e4rts kell 19.00<\/strong><\/p>\n\n\n\n<p>Muraste aatriumis (Lee tee 9)<\/p>\n\n\n\n<p>osaluspanus: 5.00 eur&nbsp;<strong>PILETID EELM\u00dc\u00dcGIS<\/strong>:&nbsp;<a rel=\"noreferrer noopener\" href=\"https:\/\/fienta.com\/et\/mask-maha?fbclid=IwAR1AJGm9N22CVNKMtvU2U9WmxmBN1EqLbTBG-mP9cSuX2ZGP3mOIqPEBVX8\" target=\"_blank\">https:\/\/fienta.com\/et\/mask-maha<\/a><\/p>\n\n\n\n<figure class=\"wp-block-image is-resized\"><a href=\"https:\/\/muraste.ee\/vana\/wp-content\/uploads\/2023\/02\/Maskid-langevad.jpg\"><img decoding=\"async\" loading=\"lazy\" src=\"https:\/\/muraste.ee\/vana\/wp-content\/uploads\/2023\/02\/Maskid-langevad-724x1024.jpg\" alt=\"\" class=\"wp-image-9560\" width=\"573\" height=\"810\" srcset=\"https:\/\/muraste.ee\/vana\/wp-content\/uploads\/2023\/02\/Maskid-langevad-724x1024.jpg 724w, https:\/\/muraste.ee\/vana\/wp-content\/uploads\/2023\/02\/Maskid-langevad-212x300.jpg 212w, https:\/\/muraste.ee\/vana\/wp-content\/uploads\/2023\/02\/Maskid-langevad-768x1086.jpg 768w, https:\/\/muraste.ee\/vana\/wp-content\/uploads\/2023\/02\/Maskid-langevad-1086x1536.jpg 1086w, https:\/\/muraste.ee\/vana\/wp-content\/uploads\/2023\/02\/Maskid-langevad-624x883.jpg 624w, https:\/\/muraste.ee\/vana\/wp-content\/uploads\/2023\/02\/Maskid-langevad.jpg 1414w\" sizes=\"(max-width: 573px) 100vw, 573px\" \/><\/a><\/figure>\n\n\n\n<p>Esimeses osas kohtume armastatud&nbsp;<strong>n\u00e4itleja Anne Veesaarega<\/strong>. K\u00fcsida v\u00f5ib k\u00f5ike ja ka Anne esitab ise k\u00fcsimusi.<\/p>\n\n\n\n<p>Teieses osas: Improteatri v\u00f5lu peitub ootamatuses, situatsioonikoomikas ning artistide leidlikkuses. Keegi ei tea, mis juhtuma hakkab, k\u00f5ik on v\u00f5imalik ning see on meelierutavalt vaimukas!<\/p>\n\n\n\n<p>Improteater on \u00fcle maailma palavalt armastatud teatrivorm, kus k\u00f5ik s\u00fcnnib publiku silme all. Etendused on improviseeritud, mis t\u00e4hendab, et k\u00f5ik s\u00fcnnib siin ja praegu, midagi eelnevalt kokku leppimata \u2013 teksti ei ole p\u00e4he \u00f5pitud ja m\u00e4ngitavat lugu v\u00e4lja m\u00f5eldud.&nbsp;<\/p>\n\n\n\n<p>N\u00e4itlejad k\u00fcsivad publiku k\u00e4est m\u00e4rks\u00f5nu ja nendest inspireeritult hakkavad s\u00fcndima p\u00f5nevad stseenid, l\u00f5busad sket\u0161id, kaasahaaravad laulud ja vaimukad karakterid. L<\/p>\n\n\n\n<p>Ladinakeelne s\u00f5na \u2019imperium\u2019 t\u00e4hendab v\u00f5imu. Soovime vallutada k\u00f5ikide eestlaste s\u00fcdamed ja tekitada maailmakaardile veel \u00fcks impro r\u00f5\u00f5must tulvil maa, kus inimesed v\u00e4\u00e4rtustavad koost\u00f6\u00f6d ja loovust ning kus valitseb&nbsp;kujutluse v\u00f5im.<\/p>\n\n\n\n<p>Ja Murastesse tulevad:&nbsp;<strong>Tarvo Krall &amp; Maarius P\u00e4rn<\/strong>.<\/p>\n\n\n\n<p><strong>PROFITROOLI \u00d5PITUBA<\/strong><\/p>\n\n\n\n<p><strong>03. aprillil kell 18.00<\/strong><\/p>\n\n\n\n<p>Muraste k\u00fclaselts (Lee tee 9) spordihoone uksest<\/p>\n\n\n\n<p><strong>Osalustasu: 20.00 eur<\/strong><\/p>\n\n\n\n<p>eelregistr.; muraste@muraste.ee<\/p>\n\n\n\n<figure class=\"wp-block-image is-resized\"><a href=\"https:\/\/muraste.ee\/vana\/wp-content\/uploads\/2023\/03\/Profitroolid.jpg\"><img decoding=\"async\" loading=\"lazy\" src=\"https:\/\/muraste.ee\/vana\/wp-content\/uploads\/2023\/03\/Profitroolid-724x1024.jpg\" alt=\"\" class=\"wp-image-9604\" width=\"528\" height=\"746\" srcset=\"https:\/\/muraste.ee\/vana\/wp-content\/uploads\/2023\/03\/Profitroolid-724x1024.jpg 724w, https:\/\/muraste.ee\/vana\/wp-content\/uploads\/2023\/03\/Profitroolid-212x300.jpg 212w, https:\/\/muraste.ee\/vana\/wp-content\/uploads\/2023\/03\/Profitroolid-768x1086.jpg 768w, https:\/\/muraste.ee\/vana\/wp-content\/uploads\/2023\/03\/Profitroolid-1086x1536.jpg 1086w, https:\/\/muraste.ee\/vana\/wp-content\/uploads\/2023\/03\/Profitroolid-1448x2048.jpg 1448w, https:\/\/muraste.ee\/vana\/wp-content\/uploads\/2023\/03\/Profitroolid-624x883.jpg 624w, https:\/\/muraste.ee\/vana\/wp-content\/uploads\/2023\/03\/Profitroolid.jpg 1587w\" sizes=\"(max-width: 528px) 100vw, 528px\" \/><\/a><\/figure>\n\n\n\n<p>P\u00fchadeks k\u00fcpsetame vahvaid profitroole ehk eesti keeles tuuletaskuid.<br>Teeme nii soolaseid kui magusaid, saame ise teha, maitsta ja kui \u00fcle j\u00e4\u00e4b saab koju kaasa.<br>\u00d5pitoas saab alg\u00f5petuse k\u00fcpsetamiseks ja palju ideid t\u00e4idiste kohta.<br>\u00d5pitoa jaoks varu aega umbes 3 tundi. Niisiis\u2026 v\u00f5tame ette keedutaigna tegemise, mida paljud kardavad ja k\u00fcpsetame kolme erikujulist tuuletaskut ehk profidrooli. Profitrool on klassikaline kohupiima tasku ehk ekleer. T\u00e4idiseks \u00fcks soolane segu \u2013 suitsukana kreem ja kaks magusat \u2013 eriline kohupiima kreem ja keedukreem v\u00f5i sidruni toorjuustu kreem. Kaunistame ka oma k\u00fcpsetised.Tuleb tore \u00f5htu kus koos saab m\u00f5nusalt uusi teadmisi koguda<\/p>\n\n\n\n<p><strong>VEEL V\u00d5IMALIK LIITUDA ALGAJATE KURSUSEGA!<\/strong><\/p>\n\n\n\n<figure class=\"wp-block-image is-resized\"><a href=\"https:\/\/muraste.ee\/vana\/wp-content\/uploads\/2023\/02\/Revalia_1200x1200_muraste3187.png\"><img decoding=\"async\" loading=\"lazy\" src=\"https:\/\/muraste.ee\/vana\/wp-content\/uploads\/2023\/02\/Revalia_1200x1200_muraste3187-1024x1024.png\" alt=\"\" class=\"wp-image-9542\" width=\"520\" height=\"520\" srcset=\"https:\/\/muraste.ee\/vana\/wp-content\/uploads\/2023\/02\/Revalia_1200x1200_muraste3187-1024x1024.png 1024w, https:\/\/muraste.ee\/vana\/wp-content\/uploads\/2023\/02\/Revalia_1200x1200_muraste3187-300x300.png 300w, https:\/\/muraste.ee\/vana\/wp-content\/uploads\/2023\/02\/Revalia_1200x1200_muraste3187-150x150.png 150w, https:\/\/muraste.ee\/vana\/wp-content\/uploads\/2023\/02\/Revalia_1200x1200_muraste3187-768x768.png 768w, https:\/\/muraste.ee\/vana\/wp-content\/uploads\/2023\/02\/Revalia_1200x1200_muraste3187-624x624.png 624w, https:\/\/muraste.ee\/vana\/wp-content\/uploads\/2023\/02\/Revalia_1200x1200_muraste3187.png 1200w\" sizes=\"(max-width: 520px) 100vw, 520px\" \/><\/a><\/figure>\n","protected":false},"excerpt":{"rendered":"<p>N\u00e4dal 12 Tere, armas Muraste! T\u00e4na algab kevad! K\u00fclaseltsis on puhumas ka uued kevadtuuled. Kuna Muraste elanikele meeldib v\u00e4ga oma k\u00fcla kino ja teatrit k\u00fclastada, siis j\u00e4\u00e4b reede \u00f5htutest v\u00e4heks. KINOKLUBIS hakkame n\u00e4itama ka teistel n\u00e4dalap\u00e4evadel tunnustatud dokfilme, v\u00e4\u00e4rtfilme, auhinnatud filme ja kohtume n\u00e4itlejate ning re\u017aiss\u00f6\u00f6ridega. Esimene KINOKLUBI film on juba 5. aprillil \u2013 \u201cSavvusanna<a class=\"moretag\" href=\"https:\/\/muraste.ee\/vana\/?page_id=9632\"><br \/>&#8230;Loe edasi<\/a><\/p>\n","protected":false},"author":2,"featured_media":0,"parent":0,"menu_order":0,"comment_status":"closed","ping_status":"closed","template":"nadalakava.php","meta":{"_bbp_topic_count":0,"_bbp_reply_count":0,"_bbp_total_topic_count":0,"_bbp_total_reply_count":0,"_bbp_voice_count":0,"_bbp_anonymous_reply_count":0,"_bbp_topic_count_hidden":0,"_bbp_reply_count_hidden":0,"_bbp_forum_subforum_count":0,"_mc_calendar":[]},"_links":{"self":[{"href":"https:\/\/muraste.ee\/vana\/index.php?rest_route=\/wp\/v2\/pages\/9632"}],"collection":[{"href":"https:\/\/muraste.ee\/vana\/index.php?rest_route=\/wp\/v2\/pages"}],"about":[{"href":"https:\/\/muraste.ee\/vana\/index.php?rest_route=\/wp\/v2\/types\/page"}],"author":[{"embeddable":true,"href":"https:\/\/muraste.ee\/vana\/index.php?rest_route=\/wp\/v2\/users\/2"}],"replies":[{"embeddable":true,"href":"https:\/\/muraste.ee\/vana\/index.php?rest_route=%2Fwp%2Fv2%2Fcomments&post=9632"}],"version-history":[{"count":1,"href":"https:\/\/muraste.ee\/vana\/index.php?rest_route=\/wp\/v2\/pages\/9632\/revisions"}],"predecessor-version":[{"id":9634,"href":"https:\/\/muraste.ee\/vana\/index.php?rest_route=\/wp\/v2\/pages\/9632\/revisions\/9634"}],"wp:attachment":[{"href":"https:\/\/muraste.ee\/vana\/index.php?rest_route=%2Fwp%2Fv2%2Fmedia&parent=9632"}],"curies":[{"name":"wp","href":"https:\/\/api.w.org\/{rel}","templated":true}]}}